{"id":4300,"date":"2019-07-26T12:23:36","date_gmt":"2019-07-26T10:23:36","guid":{"rendered":"http:\/\/www.naturclic.com\/?post_type=product&#038;p=4300"},"modified":"2024-08-12T15:39:25","modified_gmt":"2024-08-12T13:39:25","slug":"prosta-60-perlas","status":"publish","type":"product","link":"https:\/\/www.naturclic.com\/?product=prosta-60-perlas","title":{"rendered":"Prosta (60 perlas) Sura Vitasan"},"content":{"rendered":"<p>Prosta es un complemento alimenticio a base de 18 ingredientes combinados sinergicamente para una formulaci\u00f3n completa y avanzada. Aporta extractos de plantas como son el Saw palmetto, Pygeum, Ortiga, Ar\u00e1ndano rojo, Extracto de polen, Extracto de semilla de calabaza, Extracto de Pau d&#8217;arco, \u00e1cidos grasos esenciales obtenidos a partir de aceites de m\u00e1xima calidad y de cultivo org\u00e1nico como el \u00e1ceite de oliva y borraja, esteroles vegetales, vitamina B6 y vitamina E, Zinc y Selenio, carotenoides como el licopeno y amino\u00e1cidos en su forma libre y natural.<\/p>\n<p><strong>Declaraciones saludables<\/strong><br \/>\n<strong>(Reglamento UE N\u00ba 432\/2012)<\/strong><\/p>\n<p><em>Serenoa repens, Urtica dioica, Pygeum africanum y Secale Cereale contribuyen a mantener una funci\u00f3n normal de la pr\u00f3stata.<\/em><\/p>\n<p>&nbsp;<\/p>\n<ul>\n<li><strong>C\u00f3digo<\/strong>: E1076<\/li>\n<li><strong>F\u00f3rmula<\/strong>:<\/li>\n<\/ul>\n<p style=\"padding-left: 40px;\">Ingredientes<b>:<\/b>extracto de aceite de saw palmetto (Serenoa repens), aceite de oliva virgen extra (Olea europaea), esteroles vegetales, extracto de polen de flores de <strong>centeno<\/strong> (Secale cereale), aceite de borraja (Borago officinalis), aceite de semilla de calabaza (Cucurbita pepo), citrato de zinc, corteza de pygeum (Prunus africana\/Pygeum africanum), concentrado de frutos de ar\u00e1ndano rojo (Vaccinium macrocarpon), L-Alanina, L-Glicina, clorhidrato de \u00e1cido L-glut\u00e1mico, gelificante (lecitina de girasol), tocoferoles mixtos (Vit. E), extracto de ortiga (Urtica dioica), corteza de pau d\u2019arco (Tabebuia avellanedae), clorhidrato de piridoxina (vit. B6), antiaglomerante (di\u00f3xido de silicio), espesante (cera de abejas), extracto de tomate (Solanum lycopersicum), colecalciferol (vit. D3), L-seleniometionina, extracto de annato (Bixa orellana), perla (agente de recubrimiento: gelatina; humectante: glicerina y agua purificada).<\/p>\n<ul>\n<li><strong>Advertencias<\/strong>: Consulte al profesional si est\u00e1 en tratamiento con anticoagulantes orales o padece trastornos de la coagulaci\u00f3n.<\/li>\n<li><strong>Dosis recomendada<\/strong>:Como complemento alimenticio se sugiere tomar de 1 a 2 perlas al d\u00eda con comida.<\/li>\n<\/ul>\n","protected":false},"excerpt":{"rendered":"<p>Prosta es un complemento alimenticio a base de 18 ingredientes combinados sinergicamente para una formulaci\u00f3n completa y avanzada. Aporta extractos de plantas como son el Saw palmetto, Pygeum, Ortiga, Ar\u00e1ndano rojo, Extracto de polen, Extracto de semilla de calabaza, Extracto de Pau d&#8217;arco, \u00e1cidos grasos esenciales obtenidos a partir de aceites de m\u00e1xima calidad y &hellip; <\/p>\n<p class=\"link-more\"><a href=\"https:\/\/www.naturclic.com\/?product=prosta-60-perlas\" class=\"more-link\">Continue reading<span class=\"screen-reader-text\"> &#8220;Prosta (60 perlas) Sura Vitasan&#8221;<\/span><\/a><\/p>\n","protected":false},"featured_media":4301,"comment_status":"open","ping_status":"closed","template":"","meta":{"_joinchat":[]},"product_brand":[],"product_cat":[127,126],"product_tag":[],"class_list":{"0":"post-4300","1":"product","2":"type-product","3":"status-publish","4":"has-post-thumbnail","6":"product_cat-nutricion-ortomolecular","7":"product_cat-suplementos-naturales","9":"first","10":"instock","11":"taxable","12":"shipping-taxable","13":"purchasable","14":"product-type-simple"},"_links":{"self":[{"href":"https:\/\/www.naturclic.com\/index.php?rest_route=\/wp\/v2\/product\/4300","targetHints":{"allow":["GET"]}}],"collection":[{"href":"https:\/\/www.naturclic.com\/index.php?rest_route=\/wp\/v2\/product"}],"about":[{"href":"https:\/\/www.naturclic.com\/index.php?rest_route=\/wp\/v2\/types\/product"}],"replies":[{"embeddable":true,"href":"https:\/\/www.naturclic.com\/index.php?rest_route=%2Fwp%2Fv2%2Fcomments&post=4300"}],"wp:featuredmedia":[{"embeddable":true,"href":"https:\/\/www.naturclic.com\/index.php?rest_route=\/wp\/v2\/media\/4301"}],"wp:attachment":[{"href":"https:\/\/www.naturclic.com\/index.php?rest_route=%2Fwp%2Fv2%2Fmedia&parent=4300"}],"wp:term":[{"taxonomy":"product_brand","embeddable":true,"href":"https:\/\/www.naturclic.com\/index.php?rest_route=%2Fwp%2Fv2%2Fproduct_brand&post=4300"},{"taxonomy":"product_cat","embeddable":true,"href":"https:\/\/www.naturclic.com\/index.php?rest_route=%2Fwp%2Fv2%2Fproduct_cat&post=4300"},{"taxonomy":"product_tag","embeddable":true,"href":"https:\/\/www.naturclic.com\/index.php?rest_route=%2Fwp%2Fv2%2Fproduct_tag&post=4300"}],"curies":[{"name":"wp","href":"https:\/\/api.w.org\/{rel}","templated":true}]}}