{"id":4380,"date":"2020-01-21T19:45:45","date_gmt":"2020-01-21T18:45:45","guid":{"rendered":"http:\/\/www.naturclic.com\/?post_type=product&#038;p=4380"},"modified":"2024-08-08T13:19:50","modified_gmt":"2024-08-08T11:19:50","slug":"acido-folico-activo-sura-vitasan","status":"publish","type":"product","link":"https:\/\/www.naturclic.com\/?product=acido-folico-activo-sura-vitasan","title":{"rendered":"\u00c1cido F\u00f3lico Activo Sura Vitasan"},"content":{"rendered":"<p>L-5-MTHF (L-5-metiltetrahidrofolato) ayuda a reducir el riesgo de defectos del tubo neural cuando se toma antes de la concepci\u00f3n y durante el embarazo prematuro. Permite que el cuerpo metabolice y asimile hidratos de carbono, grasas y prote\u00ednas, para utilizar la energ\u00eda de las mitocondrias.<\/p>\n<p>Los folatos contribuyen a la s\u00edntesis normal de amino\u00e1cidos y al crecimiento de los tejidos maternos durante el embarazo. Los folatos, las vitaminas B6 y B12 contribuyen al funcionamiento normal del sistema inmunitario, a la funci\u00f3n psicol\u00f3gica normal, al metabolismo normal de la homociste\u00edna y ayudan a disminuir el cansancio y la fatiga.<\/p>\n<p>Esta f\u00f3rmula incluye la vitamina B12 y B6 en formas bioactivas, metilcobalamina y piridoxilo-5\u2019-fosfato (P5P), que sirven como cofactores para las reacciones metab\u00f3licas de todo el cuerpo.<\/p>\n<p>La suplementaci\u00f3n con \u00e1cido f\u00f3lico activo ha demostrado reducir los niveles de homociste\u00edna, cuyos niveles altos de este amino\u00e1cido esta relacionado con aterosclerosis y reducci\u00f3n del flujo de sangre al cerebro, lo que puede contribuir a la depresi\u00f3n.<\/p>\n<p>\u00c1cido f\u00f3lico Activo es un complemento fundamental para un embarazo saludable, junto con muchas otras aplicaciones terap\u00e9uticas prometedoras.<\/p>\n<p>\u00c1CIDO F\u00d3LICO: Es una vitamina hidrosoluble del grupo B sintetizada por las bacterias de la flora intestinal y presente en peque\u00f1a cantidad en algunos alimentos. Es un nutriente fundamental para la prevenci\u00f3n de la anemia megalobl\u00e1stica, malformaciones del reci\u00e9n nacido y, adem\u00e1s, es un nutriente quimioprentivo y protector cardiovascular, ya que previene el desarrollo de enfermedad cardiovascular evitando el aumento en los niveles de homociste\u00edna y el desarrollo de algunos tipos de c\u00e1ncer. Por esta raz\u00f3n es importante el consumo adecuado de alimentos fuentes de folatos en la dieta(1).<\/p>\n<p>La funci\u00f3n principal de los folatos es actuar como coenzima en el transporte de fragmentos simples de carbono. El \u00e1cido tetrahidrof\u00f3lico (THFA) es un portador de formil de carb\u00f3n \u00fanico, hidroximetilo o grupos metilo. Tiene una acci\u00f3n importante en la s\u00edntesis de las purinas (guanina, adenina, pirimidina y timina), compuestos que se utilizan para la formaci\u00f3n de nucleoprote\u00ednas: \u00e1cido desoxirribonucleico (ADN) y \u00e1cido ribonucleico (ARN), esenciales para la divisi\u00f3n celular.<\/p>\n<p>El THFA participa en la interconversi\u00f3n de la serina y glicina, la oxidaci\u00f3n de la glicina, la metilaci\u00f3n de la homociste\u00edna a metionina con vitamina B12 como cofactor y la metilaci\u00f3n del precursor etanolamina a la vitamina colina.<\/p>\n<p>El folato es esencial para la formaci\u00f3n de eritrocitos y leucocitos en la m\u00e9dula y en su maduraci\u00f3n, por la acci\u00f3n que tiene como transportador de carbono \u00fanico en la formaci\u00f3n del grupo hemo. Su deficiencia es causa de anemia megalobl\u00e1stica y otros trastornos hematol\u00f3gicos (principalmente en reci\u00e9n nacidos)(1,2).<\/p>\n<p>La homociste\u00edna en sangre, hiperhomocisteinemia, puede ser causada por d\u00e9ficit de \u00e1cido f\u00f3lico, de vitaminas B6 y B12, de trimetilglicina y por falta de ejercicio, sin embargo, el folato parece ser el nutriente cr\u00edtico en la determinaci\u00f3n de estos niveles. Un meta-an\u00e1lisis demostr\u00f3 que los folatos reducen en un 25% los niveles de homociste\u00edna, mientras que la vitamina B12 solamente logra disminuirlos en un 7% y la B6 no produce disminuci\u00f3n(3,4).<\/p>\n<p>Los niveles altos de homociste\u00edna est\u00e1n relacionados con aterosclerosis, riesgo cardiovascular y reducci\u00f3n del flujo de sangre al cerebro, lo que puede contribuir a la depresi\u00f3n. Adem\u00e1s, diferentes investigaciones realizadas a gestantes, relacionan la elevaci\u00f3n de homociste\u00edna en plasma con abortos, malformaciones gen\u00e9ticas, preeclampsia, crecimiento intrauterino restringido y muertes fetales intra\u00fatero(12).<\/p>\n<p>Como se ha afirmado anteriormente, el \u00e1cido f\u00f3lico es importante en la s\u00edntesis de las purinas guanina, adenina, pirimidina y timina, compuestos que son necesarios en la formaci\u00f3n de \u00e1cidos nucleicos, esenciales para la divisi\u00f3n celular. El folato es fundamental para la formaci\u00f3n de eritrocitos y leucocitos en la m\u00e9dula \u00f3sea y para su maduraci\u00f3n. Por esto, se afirma que las deficiencias de folatos est\u00e1n directamente relacionadas con cambios en la morfolog\u00eda celular en especial en aquellas c\u00e9lulas que son de multiplicaci\u00f3n r\u00e1pida: como los leucocitos, las c\u00e9lulas epiteliales del est\u00f3mago, del intestino, la vagina y el cervix uterino(1). Se puede deducir su importancia en la embriog\u00e9nesis humana y en la carcinog\u00e9nesis. Las deficiencias de folatos est\u00e1n relacionadas directamente con malformaciones del tubo neural, del tracto urinario, del sistema cardiovascular, del paladar, de los miembros y espina b\u00edfida en los reci\u00e9n nacidos(5,6). Teniendo en cuenta que el cierre del tubo neural ocurre en la tercera semana de gestaci\u00f3n, se recomienda una suplementaci\u00f3n de folato a toda mujer que pudiera quedar embarazada, como forma de prevenir estos defectos(5,6,7).<\/p>\n<p>VITAMINA B6: Es una vitamina esencial para que funcionen bien las enzimas. La vitamina B6 tambi\u00e9n influye en el desarrollo cerebral durante el embarazo y la infancia, al igual que el sistema inmunitario. Ayuda al acido f\u00f3lico a que sea mejor absorbido por el organismo y as\u00ed mismo, aumenta su efectividad(9).<\/p>\n<p>VITAMINA B12: El \u00e1cido f\u00f3lico y la vitamina B12 o cobalamina son vitaminas con una estrecha interrelaci\u00f3n metab\u00f3lica en la s\u00edntesis de nucle\u00f3tidos pur\u00ednicos y pirimid\u00ednicos y en la metilaci\u00f3n de la homociste\u00edna donde se obtiene metionina. As\u00ed pues, en ausencia de B12, puede ocasionar deficiencia de \u00e1cido f\u00f3lico, al producir atrapamiento de la forma metab\u00f3licamente inactiva 5- metil tetrahidrofolato(10,11).<\/p>\n<p>Numerosos estudios han demostrado que tomar \u00e1cido f\u00f3lico conjuntamente con vitamina B6 y B12 reduce los niveles de homociste\u00edna en sangre y malformaciones cong\u00e9nitas en m\u00e1s de un 70%(8,9).<\/p>\n","protected":false},"excerpt":{"rendered":"<p>Los folatos contribuyen al crecimiento de los tejidos maternos durante el embarazo y a la s\u00edntesis normal de amino\u00e1cidos; y junto con las vitaminas B6 y B12 al metabolismo normal de la homociste\u00edna, a la funci\u00f3n psicol\u00f3gica normal, al funcionamiento normal del sistema inmunitario y ayudan a disminuir el cansancio y la fatiga<\/p>\n","protected":false},"featured_media":7877,"comment_status":"open","ping_status":"closed","template":"","meta":{"_joinchat":[]},"product_brand":[],"product_cat":[127],"product_tag":[],"class_list":{"0":"post-4380","1":"product","2":"type-product","3":"status-publish","4":"has-post-thumbnail","6":"product_cat-nutricion-ortomolecular","8":"first","9":"instock","10":"taxable","11":"shipping-taxable","12":"purchasable","13":"product-type-simple"},"_links":{"self":[{"href":"https:\/\/www.naturclic.com\/index.php?rest_route=\/wp\/v2\/product\/4380","targetHints":{"allow":["GET"]}}],"collection":[{"href":"https:\/\/www.naturclic.com\/index.php?rest_route=\/wp\/v2\/product"}],"about":[{"href":"https:\/\/www.naturclic.com\/index.php?rest_route=\/wp\/v2\/types\/product"}],"replies":[{"embeddable":true,"href":"https:\/\/www.naturclic.com\/index.php?rest_route=%2Fwp%2Fv2%2Fcomments&post=4380"}],"wp:featuredmedia":[{"embeddable":true,"href":"https:\/\/www.naturclic.com\/index.php?rest_route=\/wp\/v2\/media\/7877"}],"wp:attachment":[{"href":"https:\/\/www.naturclic.com\/index.php?rest_route=%2Fwp%2Fv2%2Fmedia&parent=4380"}],"wp:term":[{"taxonomy":"product_brand","embeddable":true,"href":"https:\/\/www.naturclic.com\/index.php?rest_route=%2Fwp%2Fv2%2Fproduct_brand&post=4380"},{"taxonomy":"product_cat","embeddable":true,"href":"https:\/\/www.naturclic.com\/index.php?rest_route=%2Fwp%2Fv2%2Fproduct_cat&post=4380"},{"taxonomy":"product_tag","embeddable":true,"href":"https:\/\/www.naturclic.com\/index.php?rest_route=%2Fwp%2Fv2%2Fproduct_tag&post=4380"}],"curies":[{"name":"wp","href":"https:\/\/api.w.org\/{rel}","templated":true}]}}