{"id":4527,"date":"2020-01-28T16:09:41","date_gmt":"2020-01-28T15:09:41","guid":{"rendered":"http:\/\/www.naturclic.com\/?post_type=product&#038;p=4527"},"modified":"2024-09-13T11:20:04","modified_gmt":"2024-09-13T09:20:04","slug":"prosta-30-perlas-sura-vitasan","status":"publish","type":"product","link":"https:\/\/www.naturclic.com\/?product=prosta-30-perlas-sura-vitasan","title":{"rendered":"Prosta 30 perlas Sura Vitasan"},"content":{"rendered":"<p>Prosta es un complemento alimenticio a base de 18 ingredientes combinados sinergicamente para una formulaci\u00f3n completa y avanzada. Aporta extractos de plantas como son el Saw palmetto, Pygeum, Ortiga, Ar\u00e1ndano rojo, Extracto de polen, Extracto de semilla de calabaza, Extracto de Pau d&#8217;arco, \u00e1cidos grasos esenciales obtenidos a partir de aceites de m\u00e1xima calidad y de cultivo org\u00e1nico como el \u00e1ceite de oliva y borraja, esteroles vegetales, vitamina B6 y vitamina E, Zinc y Selenio, carotenoides como el licopeno y amino\u00e1cidos en su forma libre y natural.<\/p>\n","protected":false},"excerpt":{"rendered":"<p>Ayuda a mantener la buena salud de la pr\u00f3stata. Prevenci\u00f3n de los problemas relacionados con la gl\u00e1ndula prost\u00e1tica. Tratamiento de los trastornos de la gl\u00e1ndula prost\u00e1tica. Alivio de los s\u00edntomas de Prostatitis (infecciones e inflamaci\u00f3n).Como alivio a los s\u00edntomas de Hiperplasia Prost\u00e1tica Benigna: Ganas de orinar muy frecuentes.- Urgencia.- Flujo de orina intermitente y con poca fuerza.- Incapacidad para vaciar la vejiga completamente.- Nocturia.<\/p>\n","protected":false},"featured_media":4528,"comment_status":"open","ping_status":"closed","template":"","meta":{"_joinchat":[]},"product_brand":[],"product_cat":[128,127,126],"product_tag":[],"class_list":{"0":"post-4527","1":"product","2":"type-product","3":"status-publish","4":"has-post-thumbnail","6":"product_cat-fitoterapia-capsulas-y-comprimidos","7":"product_cat-nutricion-ortomolecular","8":"product_cat-suplementos-naturales","10":"first","11":"outofstock","12":"taxable","13":"shipping-taxable","14":"purchasable","15":"product-type-simple"},"_links":{"self":[{"href":"https:\/\/www.naturclic.com\/index.php?rest_route=\/wp\/v2\/product\/4527","targetHints":{"allow":["GET"]}}],"collection":[{"href":"https:\/\/www.naturclic.com\/index.php?rest_route=\/wp\/v2\/product"}],"about":[{"href":"https:\/\/www.naturclic.com\/index.php?rest_route=\/wp\/v2\/types\/product"}],"replies":[{"embeddable":true,"href":"https:\/\/www.naturclic.com\/index.php?rest_route=%2Fwp%2Fv2%2Fcomments&post=4527"}],"wp:featuredmedia":[{"embeddable":true,"href":"https:\/\/www.naturclic.com\/index.php?rest_route=\/wp\/v2\/media\/4528"}],"wp:attachment":[{"href":"https:\/\/www.naturclic.com\/index.php?rest_route=%2Fwp%2Fv2%2Fmedia&parent=4527"}],"wp:term":[{"taxonomy":"product_brand","embeddable":true,"href":"https:\/\/www.naturclic.com\/index.php?rest_route=%2Fwp%2Fv2%2Fproduct_brand&post=4527"},{"taxonomy":"product_cat","embeddable":true,"href":"https:\/\/www.naturclic.com\/index.php?rest_route=%2Fwp%2Fv2%2Fproduct_cat&post=4527"},{"taxonomy":"product_tag","embeddable":true,"href":"https:\/\/www.naturclic.com\/index.php?rest_route=%2Fwp%2Fv2%2Fproduct_tag&post=4527"}],"curies":[{"name":"wp","href":"https:\/\/api.w.org\/{rel}","templated":true}]}}