{"id":4530,"date":"2020-01-28T16:13:25","date_gmt":"2020-01-28T15:13:25","guid":{"rendered":"http:\/\/www.naturclic.com\/?post_type=product&#038;p=4530"},"modified":"2024-08-12T15:38:26","modified_gmt":"2024-08-12T13:38:26","slug":"pro-recovery-30c-sura-vitasan","status":"publish","type":"product","link":"https:\/\/www.naturclic.com\/?product=pro-recovery-30c-sura-vitasan","title":{"rendered":"Pro-Recovery 30c Sura Vitasan"},"content":{"rendered":"<p>PRO-RECOVERY es nuestro probi\u00f3tico de mayor potencia, con 120.000 millones de UFC. Se caracteriza por contener 20 cepas probi\u00f3ticas de las cuales 11 son de origen humano, 2 de origen vegetal y 7 de origen l\u00e1cteo.<\/p>\n<p>PRO-RECOVERY es capaz de reestablecer el dominio de cepas beneficiosas a lo largo de todo el tracto intestinal que pueden estar diezmadas por el uso frecuente de antibi\u00f3ticos.<\/p>\n<p>Nuestra f\u00f3rmula \u00fanica restaura una microflora saludable y equilibrada, fundamental para la asimilaci\u00f3n de nutrientes y la s\u00edntesis de vitaminas. PRO-RECOVERY coloniza todo el tracto intestinal, donde sus m\u00faltiples cepas terap\u00e9uticas se insertan en el revestimiento de la mucosa para calmar los intestinos y mejorar el rendimiento inmune. Esto puede ser imprescindible en el proceso de recuperaci\u00f3n para las personas expuestas a tratamientos m\u00faltiples y prolongados de con antibi\u00f3ticos.<\/p>\n<p>La cobertura ent\u00e9rica de la c\u00e1psula protege el producto de los jugos g\u00e1stricos y asegura su potencia al 100%.<\/p>\n<p>LACTOBACILLUS RHAMNOSUS: contiene cuatro cepas beneficiosas que pertenecen a esta especie. 2 humanas: HA111 y HA114; y 2 l\u00e1cteas R0011 y R1039.<\/p>\n<p>Se considera una de las especies probi\u00f3ticas m\u00e1s investigadas por su tolerancia en condiciones \u00e1cidas. Este producto contiene m\u00e1s de 26.000 millones de unidades formadoras de colonias (UFC) provenientes de esta especie.<\/p>\n<p>Coloniza dentro de las membranas de los intestinos ejerciendo numerosos beneficios para la salud: aumenta la producci\u00f3n de \u00e1cido l\u00e1ctico, suprimiendo activamente el crecimiento de bacterias da\u00f1inas como la Salmonella (1); es efectivo en la prevenci\u00f3n de la diarrea asociada a antibi\u00f3ticos (2) y la diarrea asociada a Clostridium difficile (3). Fortalece el sistema inmune y es un buen coadyudante en la vacunaci\u00f3n frente a la gripe (4); mejora la funci\u00f3n de barrera intestinal para el alivio de enfermedades autoinmunes como la artritis (5) y las alergias (6). Mejora el perfil lip\u00eddico en sangre (7) y reduce el colesterol (8). Puede prevenir o mejorar los s\u00edntomas de la depresi\u00f3n y ansiedad postparto (9); regenera la flora vaginal en mujeres reduciendo su colonizaci\u00f3n por bacterias y hongos v\u00eda oral (10) y puede reducir la prevalencia de la diabetes mellitus gestacional (11). En ni\u00f1os reduce la frecuencia y duraci\u00f3n de la diarrea as\u00ed como los v\u00f3mitos (12), las diarreas producidas por rotavirus (13) y las diarreas asociadas a antibi\u00f3ticos (14). Reduce la incidencia de la dermatitis at\u00f3pica (15-16). La ingesta de leche suplementada con L. rhamnosus reduce el riesgo de caries en ni\u00f1os (17).<\/p>\n<p>Cepa L. rhamnosus HA111: junto con otros probi\u00f3ticos, previenen la diarrea inducida por qui\u00admioterapia (irinotecan) en el c\u00e1ncer colorrectal (18).<\/p>\n<p>Cepa L. rhamnosus R1039: mantiene el ecosistema intestinal y reduce la incidencia de trastor\u00adnos intestinales como la diarrea asociada a antibi\u00f3ticos (19).<\/p>\n<p>LACTOBACILLUS CASEI: reduce la duraci\u00f3n y la incidencia de infecciones como bronquitis, neumon\u00eda y rinofaringitis (20-22). En infecciones intestinales mejora la inmunidad contra infecciones bacterianas como E. coli e infecciones virales, como en la vacunaci\u00f3n frente a influenza (23-26).<\/p>\n<p>En ni\u00f1os, mejora los s\u00edntomas de la rinitis al\u00e9rgica (27), junto con terapia antibi\u00f3tica mejora la erradicaci\u00f3n de H. pylori (28), es eficaz en las diarreas virales (29) y mejora la incidencia general de infecciones (30).<\/p>\n<p>Cepa L. casei HA108: junto con otros probi\u00f3ticos, previenen la diarrea inducida por quimioterapia (irinotecan) en el c\u00e1ncer colorrectal (18).<\/p>\n<p>Cepa L. casei R0215: tiene efecto inmunomodulador en la prevenci\u00f3n de la alergia al cacahuete en modelo animal (31).<\/p>\n<p>BIFIDOBACTERIUM INFANTIS: es el probi\u00f3tico dominante que habita en la parte distal del intestino delgado y el colon. Es uno de los primeros en colonizar el tracto intestinal infantil (32) y es cr\u00edtico en el adulto para la salud intestinal y la funci\u00f3n del sistema inmune (33).<\/p>\n<p>Sobrevive muy bien a los \u00e1cidos del est\u00f3mago y biliares (34), y en general es capaz de adherirse a los tejidos intestinales (35). Produce \u00e1cido ac\u00e9tico e inhibe bacterias pat\u00f3genas (36).<\/p>\n<p>Produce bacteriocinas con actividad frente a Salmonella, Shigella y E. coli (37-38). Alivia muchos s\u00edntomas del S\u00edndrome de Colon Irritable (SCI), como el dolor, la hinchaz\u00f3n, normaliza el h\u00e1bito del tr\u00e1nsito intestinal y regula el ratio IL-10\/IL-12 (39-41).<\/p>\n<p>Reduce los biomarcadores proinflamatorios sist\u00e9micos en enfermedades cr\u00f3nicas inflamatorias como colitis ulcerosa, s\u00edndrome de fatiga cr\u00f3nica y psoriasis, indicando que los efectos inmunomoduladores de la microbiota no se limita a la mucosa sino que se extienden al sistema inmune sist\u00e9mico (42).<\/p>\n<p>Puede aliviar los s\u00edntomas de la enfermedad cel\u00edaca no tratada (43).<\/p>\n<p>Cepa B. infantis R0033: junto con otros probi\u00f3ticos puede reducir en ni\u00f1os el riesgo de infecciones comunes como resfriados, gripe e infecciones gastrointestinales (44). El uso de B. infantis R0033 es seguro y bien tolerado en ni\u00f1os sanos de entre 3 y 12 meses (45).<\/p>\n<p>Cepa B. infantis HA116: junto con otros probi\u00f3ticos, previenen la diarrea inducida por quimioterapia (irinotecan) en el c\u00e1ncer colorrectal (18).<\/p>\n<p>LACTOBACILLUS SALIVARIUS: este producto contiene la cepa humana HA118.<\/p>\n<p>Frena el crecimiento y la actividad de las bacterias pat\u00f3genas perjudiciales, incluyendo Helicobacter pylori (46-47) y Salmonella (48). Ayuda a descomponer las prote\u00ednas sin digerir y a desactivar las toxinas producidas por la putrefacci\u00f3n intestinal (49). Mejora el perfil lip\u00eddico (colesterol), reduce la inflamaci\u00f3n, el factor de necrosis tumoral y el recuento de Escherichia coli (50). Junto con prebi\u00f3ticos (fructooligosac\u00e1ridos) es efectivo reduciendo los s\u00edntomas de la dermatitis at\u00f3pica en ni\u00f1os (51) y en adultos (52).<\/p>\n<p>BIFIDOBACTERIUM BIFIDUM: se encuentran en el revestimiento de la mucosa de la \u00faltima parte del intestino delgado y son las cepas predominantes para colonizar el intestino grueso para apoyar la salud intestinal, la limpieza, y la funcionalidad. Reducen el colesterol s\u00e9rico y disuelven las sales biliares (53-54). Tambi\u00e9n se ha visto que B. bifidum posee actividad antibacteriana frente a Helicobacter pylori (55-56), reduce la apoptosis en el epitelio intestinal de ni\u00f1os con enterocolitis necrotizante (57), modula la respuesta del sistema inmunitario (58-60), reduce la duraci\u00f3n y la severidad de resfriados (59), posee actividad antiinflamatoria en disfunciones cr\u00f3nicas del intestino grueso como el colon irritable (61-62), reduce la incidencia de la diarrea asociada a radioterapia en pacientes con c\u00e1ncer cervical (63).<\/p>\n<p>Cepa B. bifidum HA132: junto con otros probi\u00f3ticos, previenen la diarrea inducida por quimioterapia (irinotecan) en el c\u00e1ncer colorrectal (18).<\/p>\n<p>LACTOBACILLUS REUTERI: este producto contiene la cepa humana HA188.<\/p>\n<p>Disminuye los efectos secundarios de la diarrea asociada a antibi\u00f3ticos (64), reduce el colesterol debido a su acci\u00f3n sobre la absorci\u00f3n intestinal (65), mejora el tr\u00e1nsito intestinal en adultos con estre\u00f1imiento (66) y es eficaz en enfermedades infamatorias como la gingivitis (67) y la periodontitis (68). Disminuye la actividad de bacterias pat\u00f3genas como Helicobacter pylori sin alterar el equilibrio de la microflora (69-70).<\/p>\n<p>LACTOBACILLUS ACIDOPHILUS: este producto contiene la cepa humana R0418.<\/p>\n<p>Mejorar la sintomatolog\u00eda global en pacientes con S\u00edndrome de Colon Irritable (71). Ayuda a mantener un ambiente \u00e1cido en el tracto intestinal previniendo el crecimiento de bacterias da\u00f1inas y mejora la Diarrea Asociada a Antibi\u00f3ticos (72). Reduce el colesterol total en plasma y las lipoprote\u00ednas de baja densidad (LDL) (73-74). Ayuda a mejorar la salud digestiva manteniendo la barrera intestinal, restaurando la flora intestinal, mejorando la digesti\u00f3n, reforzando el sistema inmunol\u00f3gico y ayudando a las bacterias beneficiosas que proliferan en el colon (75). Ayuda a mejorar los s\u00edntomas de la rinitis al\u00e9rgica (76), alergia al polen (77) y de la dermatitis at\u00f3pica (78). Junto con B. bifidum reduce la incidencia de la diarrea asociada a radioterapia en pacientes con c\u00e1ncer cervical (79).<\/p>\n<p>BIFIDOBACTERIUM LONGUM: un factor proteico producido por B. longum inhibe la adhesi\u00f3n de la cepa enterotoxig\u00e9nica de Escherichia coli (80).<\/p>\n<p>Tiene propiedades antiinflamatorias y est\u00e1 indicado para molestias gastrointestinales como la colitis ulcerosa (81), la diarrea asociada a antibi\u00f3ticos (82-83), S\u00edndrome de Colon Irritable (84) y alergias estacionales (85-86).<\/p>\n<p>Ayuda en la formaci\u00f3n de \u00e1cido l\u00e1ctico y \u00e1cido f\u00f3rmico, disminuyendo el pH de los intestinos evitando la proliferaci\u00f3n de bacterias da\u00f1inas (87). Tambi\u00e9n es un productor importante de vitaminas del grupo B (88).<\/p>\n<p>Cepa B. longum ssp. longum HA135: junto con otros probi\u00f3ticos, previenen la diarrea inducida por quimioterapia (irinotecan) en el c\u00e1ncer colorrectal (18).<\/p>\n<p>BIFIDOBACTERIUM BREVE: mantiene la homeostasis del colon reduciendo la inflamaci\u00f3n a trav\u00e9s de la inducci\u00f3n de c\u00e9lulas Tr1 productoras de IL-10 intestinal (89). Protege la funci\u00f3n del colon, alivia el estre\u00f1imiento, reduce los gases, la distensi\u00f3n abdominal y la diarrea (89-90). Mejora los s\u00edntomas de la colitis ulcerosa (91). Adem\u00e1s, estimula el sistema inmunol\u00f3gico (89,92), inhibe E. coli (93) y suprime el hongo C\u00e1ndida (94).<\/p>\n<p>Reduce la grasa, la funci\u00f3n hep\u00e1tica y la inflamaci\u00f3n sist\u00e9mica en personas con tendencia a la obesidad (95).<\/p>\n<p>En pacientes con quimioterapia mejora efectos adversos como la fiebre, infecciones y trastornos intestinales (96).<\/p>\n<p>LACTOBACILLUS PLANTARUM: act\u00faa contra las bacterias no deseadas mejorando los s\u00edntomas del S\u00edndrome de Colon Irritable como el exceso de gases, el hinchaz\u00f3n y el malestar abdominal (97-101), as\u00ed como en la colitis ulcerosa (102-103). Tiene efectos inmunoestimuladores en ancianos reduciendo el n\u00famero de infecciones (104). Mejora los s\u00edntomas gastrointestinales durante el tratamiento con antibi\u00f3ticos (105). En adultos con hipercolesterolemia reduce el colesterol y la tensi\u00f3n arterial alta, pudiendo reducir as\u00ed el riesgo de enfermedades cardiovasculares (106).<\/p>\n<p>Cepa L. plantarum R1012: posee actividad antiinflamatoria en c\u00e9lulas de adenocarcinoma de colon (HT-29) (107).<\/p>\n<p>LACTOBACILLUS PARACASEI: este producto contiene la cepa l\u00e1ctea HA196.<\/p>\n<p>Aumenta significativamente la respuesta inmune espec\u00edfica en personas sanas que han recibido la vacuna contra la gripe (108). Mejora la funci\u00f3n digestiva (109), mejora los s\u00edntomas (especialmente oculares) de pacientes con rinitis al\u00e9rgica tratados con antihistam\u00ednicos orales (110). Es \u00fatil tambi\u00e9n para combatir infecciones de Staphylococcus aureus, Escherichia coli y Salmonella (111-113). Alivia los s\u00edntomas como su frecuencia y duraci\u00f3n de la diarrea aguda infantil (114). En pacientes con s\u00edndrome de fatiga cr\u00f3nica, junto con otros probi\u00f3ticos, mejoraron la funci\u00f3n neurocognitiva (115).<\/p>\n<p>LACTOBACILLUS HELVETICUS R0052: reduce la intolerancia a la lactosa y la diarrea, controla el crecimiento de microorganismos no deseados y de bacterias intestinales, tambi\u00e9n limita la proliferaci\u00f3n de Candida albicans(116).<\/p>\n<p>LACTOBACILLUS DELBRUECKII spp. BULGARICUS: mejora la inmunidad, la digesti\u00f3n y la tolerancia a la lactosa, reduce el colesterol y ayuda en el control de infecciones intestinales (como la diarrea, la DDA y la enfermedad asociada a Clostridium difficile) (117). Tambi\u00e9n se puede encontrar en el queso y el yogurt.<\/p>\n<p>STREPTOCOCCUS SALIVARIUS spp. THERMOPHILUS: ayuda a controlar las bacterias da\u00f1inas, reduce la intolerancia a la lactosa, tiene efectos positivos sobre la diarrea en ni\u00f1os, enterocolitis en reci\u00e9n nacidos y en enfermedades inflamatorias intestinales. Mejora la eficacia si se mezcla con otros probi\u00f3ticos en casos de diarrea por rotavirus (118).<\/p>\n<p>INULINA: Es un fructooligosac\u00e1rido (FOS) de origen vegetal, extra\u00eddo de la ra\u00edz de la achicoria (Cichorium intybus). Act\u00faa como un prebi\u00f3tico, creando el entorno adecuado para que los probi\u00f3ticos o microorganismos beneficiosos se reproduzcan m\u00e1s r\u00e1pidamente y en mayores cantidades (119-121). Aumenta la poblaci\u00f3n de probi\u00f3ticos Bifidobacterium en el colon, reducen los metabolitos t\u00f3xicos y las enzimas perjudiciales. Previenen la diarrea pat\u00f3gena y aut\u00f3gena, evitan el estre\u00f1imiento y protegen la funci\u00f3n hep\u00e1tica (122).<\/p>\n<p>ARABINOGALACTANO: es un arabinooligosac\u00e1rido (AOS) de origen vegetal, del \u00e1rbol del alerce (Larix laricina). Es un excelente prebi\u00f3tico ya que incrementa la producci\u00f3n de \u00e1cidos grasos de cadena corta, principalmente butirato que act\u00faa como sustrato de energ\u00eda para las c\u00e9lulas epiteliales del colon y de protecci\u00f3n de la mucosa intestinal. Activa la respuesta inmunol\u00f3gica y estimula selectivamente el crecimiento y la actividad de las bacterias probi\u00f3ticas (123). Es \u00fatil para combatir infecciones por su capacidad para disminuir la adherencia de bacterias (124-125). Adem\u00e1s, reducen el pH intestinal y mejoran la absorci\u00f3n de minerales (126-128).<\/p>\n","protected":false},"excerpt":{"rendered":"<p>Pro-Recovery es nuestro probi\u00f3tico de mayor potencia, con 120.000 millones de UFC. Se caracteriza por sus 20 cepas probi\u00f3ticas de las cuales 11 son de origen humano, 2 de origen vegetal y 7 de origen l\u00e1cteo.<\/p>\n","protected":false},"featured_media":4531,"comment_status":"open","ping_status":"closed","template":"","meta":{"_joinchat":[]},"product_brand":[],"product_cat":[128,127,126],"product_tag":[],"class_list":{"0":"post-4530","1":"product","2":"type-product","3":"status-publish","4":"has-post-thumbnail","6":"product_cat-fitoterapia-capsulas-y-comprimidos","7":"product_cat-nutricion-ortomolecular","8":"product_cat-suplementos-naturales","10":"first","11":"instock","12":"taxable","13":"shipping-taxable","14":"purchasable","15":"product-type-simple"},"_links":{"self":[{"href":"https:\/\/www.naturclic.com\/index.php?rest_route=\/wp\/v2\/product\/4530","targetHints":{"allow":["GET"]}}],"collection":[{"href":"https:\/\/www.naturclic.com\/index.php?rest_route=\/wp\/v2\/product"}],"about":[{"href":"https:\/\/www.naturclic.com\/index.php?rest_route=\/wp\/v2\/types\/product"}],"replies":[{"embeddable":true,"href":"https:\/\/www.naturclic.com\/index.php?rest_route=%2Fwp%2Fv2%2Fcomments&post=4530"}],"wp:featuredmedia":[{"embeddable":true,"href":"https:\/\/www.naturclic.com\/index.php?rest_route=\/wp\/v2\/media\/4531"}],"wp:attachment":[{"href":"https:\/\/www.naturclic.com\/index.php?rest_route=%2Fwp%2Fv2%2Fmedia&parent=4530"}],"wp:term":[{"taxonomy":"product_brand","embeddable":true,"href":"https:\/\/www.naturclic.com\/index.php?rest_route=%2Fwp%2Fv2%2Fproduct_brand&post=4530"},{"taxonomy":"product_cat","embeddable":true,"href":"https:\/\/www.naturclic.com\/index.php?rest_route=%2Fwp%2Fv2%2Fproduct_cat&post=4530"},{"taxonomy":"product_tag","embeddable":true,"href":"https:\/\/www.naturclic.com\/index.php?rest_route=%2Fwp%2Fv2%2Fproduct_tag&post=4530"}],"curies":[{"name":"wp","href":"https:\/\/api.w.org\/{rel}","templated":true}]}}