{"id":5550,"date":"2020-03-13T20:55:18","date_gmt":"2020-03-13T19:55:18","guid":{"rendered":"http:\/\/www.naturclic.com\/?post_type=product&#038;p=5550"},"modified":"2024-08-12T15:54:45","modified_gmt":"2024-08-12T13:54:45","slug":"yoint-flex-30-capsulas-sura-vitasan","status":"publish","type":"product","link":"https:\/\/www.naturclic.com\/?product=yoint-flex-30-capsulas-sura-vitasan","title":{"rendered":"YointFlex 30 c\u00e1psulas Sura Vitasan"},"content":{"rendered":"<p>YointFlex puede ser el catalizador para la restauraci\u00f3n de un estilo de vida saludable y activo al realizar actividades cotidianas sin dolor.<\/p>\n<p>NEM\u00ae (Natural Eggshell Membrane\/membrana natural de c\u00e1scara de huevo): Es una potente fuente de glicosaminoglicanos (GAGs) de origen natural y prote\u00ednas esenciales para mantener sanos el cart\u00edlago y el l\u00edquido sinovial. NEM\u00ae es tambi\u00e9n una fuente natural de glucosamina, condroitina y \u00e1cido hialur\u00f3nico. El \u00e1cido hialur\u00f3nico es abundante en el l\u00edquido sinovial, el lubricante que llena la membrana y rodea las articulaciones para amortiguar los huesos, ligamentos, tendones y m\u00fasculos de la fricci\u00f3n que causa dolor y restringe la movilidad.<\/p>\n<p>NEM\u00ae es un ingrediente desarrollado a trav\u00e9s del proceso patentado por ESM Technologies que preserva la estructura natural de los componentes de la membrana de huevo tales como el \u00e1cido hialur\u00f3nico, glicosaminoglicanos, el col\u00e1geno y otras prote\u00ednas beneficiosas.<\/p>\n<p>Se han realizado estudios previos a ensayos en humanos sobre la seguridad del producto NEM\u00ae (1), su actividad antiinflamatoria (2) y el mecanismo de acci\u00f3n de esa actividad antiinflamatoria (3).<\/p>\n<p>En un estudio cl\u00ednico aleatorizado, de doble ciego y controlado con placebo para evaluar la seguridad y eficacia de Natural Eggshell Membrane\u00ae para el tratamiento del dolor y la rigidez relacionados con la osteoartritis de la rodilla, ha resultado una reducci\u00f3n del 15,9% en el dolor y un 12,8% en la rigidez despu\u00e9s de s\u00f3lo 10 d\u00edas con una dosis diaria de 500 mg. Espec\u00edficamente el dolor y la rigidez de las rodillas, es la queja m\u00e1s com\u00fan para aquellos que sufren de dolor articular relacionado con la artritis (4,5).<\/p>\n<p>BOSWELLIA (Boswellia serrata): La resina de Boswellia Serrata contiene \u00e1cido bosw\u00e9lico que es el principio activo principal. Este \u00e1cido tiene una gran actividad antiinflamatoria ya que inhibe una enzima que transforma el \u00e1cido araquid\u00f3nico en leucotrienos, los cuales median la inflamaci\u00f3n, y una actividad antiartr\u00edtica inducida por col\u00e1geno(6). Boswellia serrata reduce significativamente la degradaci\u00f3n de glucosaminoglicanos (componentes principales del tejido conectivo), por lo cual inhibe la transformaci\u00f3n degenerativa de las superficies articulares. Los \u00e1cidos bosw\u00e9licos tambi\u00e9n disminuyen la actividad de la elastasa leucocitaria, una enzima significativamente involucrada en la fisiopatolog\u00eda del enfisema pulmonar, bronquitis cr\u00f3nica y fibrosis qu\u00edstica (6,7).<\/p>\n<p>Los ensayos en animales han demostrado que el \u00e1cido bosw\u00e9lico funciona bien con la glucosamina (un componente de NEM\u00ae) para el alivio de la artritis, demostrando efectos positivos para el alivio del dolor y la rigidez de la rodilla (6,7).<\/p>\n<p>HARPAG\u00d3FITO (Harpagophytum procumbens): Posee propiedades analg\u00e9sicas y antiinflamatorias que se atribuyen a su alta concentraci\u00f3n de gluc\u00f3sidos de iridoides (harpag\u00f3sidos), cuya funci\u00f3n principal es inhibir la liberaci\u00f3n de prote\u00ednas de se\u00f1alizaci\u00f3n celular (citoquinas como la IL1-b, TNF-a) que contribuyen al proceso inflamatorio (8).<\/p>\n<p>El harpag\u00f3fito, al inhibir la liberaci\u00f3n de estos mediadores, inhibe los procesos catab\u00f3licos que producen la degradaci\u00f3n del cart\u00edlago articular, llegando a restablecer el equilibrio entre los procesos catab\u00f3licos y los procesos anab\u00f3licos de la matriz extracelular en la articulaci\u00f3n (8,9).<\/p>\n<p>CURCUMINA (95% curcuminoides): Es un compuesto polifen\u00f3lico, un curcuminoide, responsable del pigmento en la c\u00farcuma (Curcuma longa). Entre otras muchas propiedades, la curcumina es muy conocida por su efecto antiinflamatorio ya que ataca con seguridad las enzimas COX y COX-2 que se encuentran entre las causas subyacentes del dolor cr\u00f3nico y la inflamaci\u00f3n. Inhibe la liberaci\u00f3n de mediadores inflamatorios (prostaglandinas tipo 2, tromboxanos y eicosanoides) aportando beneficios similares a la cortisona, pero sin su toxicidad (10).<\/p>\n<p>PIMIENTA NEGRA (95% piperina): La piperina es el marcador cr\u00edtico en la pimienta negra que se ha demostrado en ensayos cl\u00ednicos para aumentar la biodisponibilidad de la curcumina hasta en un 2.000% (11).<\/p>\n","protected":false},"excerpt":{"rendered":"<p>YointFlex es una f\u00f3rmula sin\u00e9rgica con membrana interna de c\u00e1scara de huevo (NEM\u00ae) y extractos estandarizados de boswelia, harpagofito, c\u00farcuma y piperina.<\/p>\n<p>NEM\u00d2, Natural Eggshell Membrane (membrana natural de c\u00e1scara de huevo), es un ingrediente nutrac\u00e9utico desarrollado a trav\u00e9s del proceso patentado por ESM Technologies que preserva la estructura natural de los componentes de la membrana de huevo tales como el \u00e1cido hialur\u00f3nico, glicosaminoglicanos, el col\u00e1geno y otras prote\u00ednas beneficiosas.<\/p>\n","protected":false},"featured_media":5551,"comment_status":"open","ping_status":"closed","template":"","meta":{"_joinchat":[]},"product_brand":[],"product_cat":[136,128,127,126],"product_tag":[159,157,158,156],"class_list":{"0":"post-5550","1":"product","2":"type-product","3":"status-publish","4":"has-post-thumbnail","6":"product_cat-dolor-lesiones","7":"product_cat-fitoterapia-capsulas-y-comprimidos","8":"product_cat-nutricion-ortomolecular","9":"product_cat-suplementos-naturales","10":"product_tag-antinflamatorio","11":"product_tag-dolor","12":"product_tag-lesiones","13":"product_tag-tendintis","15":"first","16":"instock","17":"taxable","18":"shipping-taxable","19":"purchasable","20":"product-type-simple"},"_links":{"self":[{"href":"https:\/\/www.naturclic.com\/index.php?rest_route=\/wp\/v2\/product\/5550","targetHints":{"allow":["GET"]}}],"collection":[{"href":"https:\/\/www.naturclic.com\/index.php?rest_route=\/wp\/v2\/product"}],"about":[{"href":"https:\/\/www.naturclic.com\/index.php?rest_route=\/wp\/v2\/types\/product"}],"replies":[{"embeddable":true,"href":"https:\/\/www.naturclic.com\/index.php?rest_route=%2Fwp%2Fv2%2Fcomments&post=5550"}],"wp:featuredmedia":[{"embeddable":true,"href":"https:\/\/www.naturclic.com\/index.php?rest_route=\/wp\/v2\/media\/5551"}],"wp:attachment":[{"href":"https:\/\/www.naturclic.com\/index.php?rest_route=%2Fwp%2Fv2%2Fmedia&parent=5550"}],"wp:term":[{"taxonomy":"product_brand","embeddable":true,"href":"https:\/\/www.naturclic.com\/index.php?rest_route=%2Fwp%2Fv2%2Fproduct_brand&post=5550"},{"taxonomy":"product_cat","embeddable":true,"href":"https:\/\/www.naturclic.com\/index.php?rest_route=%2Fwp%2Fv2%2Fproduct_cat&post=5550"},{"taxonomy":"product_tag","embeddable":true,"href":"https:\/\/www.naturclic.com\/index.php?rest_route=%2Fwp%2Fv2%2Fproduct_tag&post=5550"}],"curies":[{"name":"wp","href":"https:\/\/api.w.org\/{rel}","templated":true}]}}