{"id":5619,"date":"2020-03-16T10:49:00","date_gmt":"2020-03-16T09:49:00","guid":{"rendered":"http:\/\/www.naturclic.com\/?post_type=product&#038;p=5619"},"modified":"2024-08-09T16:27:43","modified_gmt":"2024-08-09T14:27:43","slug":"human-biota-30-capsulas-sura-vitasan","status":"publish","type":"product","link":"https:\/\/www.naturclic.com\/?product=human-biota-30-capsulas-sura-vitasan","title":{"rendered":"Human Biota 30 c\u00e1psulas Sura Vitasan"},"content":{"rendered":"<p>HUMAN BIOTA se caracteriza por contener: una selecci\u00f3n de cepas probi\u00f3ticas de origen humano cient\u00edficamente probadas junto con prebi\u00f3ticos complementarios de origen natural. Representa la evoluci\u00f3n de la suplementaci\u00f3n con probi\u00f3ticos y es el producto ideal para el restablecimiento de una saludable flora intestinal tras una enfermedad o tras el uso de antibi\u00f3ticos.<\/p>\n<p>Cada c\u00e1psula de HUMAN BIOTA ofrece m\u00e1s de 42.000 millones de c\u00e9lulas vivas, con 12 cepas beneficiosas de origen humano. El origen de una cepa probi\u00f3tica no es el \u00fanico criterio para la eficacia, sin embargo, las cepas de origen humano exhiben la capacidad de colonizar en m\u00faltiples sitios del tracto gastrointestinal.<\/p>\n<p>La actividad de las cepas incluye un aumento de la funci\u00f3n inmunitaria, una resistencia a enfermedades, una \u00f3ptima digesti\u00f3n y absorci\u00f3n de nutrientes, una mejor s\u00edntesis de vitaminas y una mejor tolerancia a la lactosa, favoreciendo el tr\u00e1nsito gastrointestinal.<\/p>\n<p>La cobertura ent\u00e9rica de la c\u00e1psula protege el producto de los jugos g\u00e1stricos y asegura su potencia al 100%.<\/p>\n<p>Las siete especies de Lactobacillus de nuestra f\u00f3rmula impulsan el proceso digestivo, con un enfoque en la descomposici\u00f3n y asimilaci\u00f3n de nutrientes. Comer los alimentos correctos es importante, sin embargo, tener un n\u00famero adecuado y diverso de especies probi\u00f3ticas asegura muchos beneficios para la salud. Las especies de Lactobacillus liberan e intensifican los ingredientes funcionales y vitaminas de los alimentos, adem\u00e1s de sintetizar ellos mismos vitaminas del grupo B y vitamina K. Tambi\u00e9n, como su propio nombre indica, descomponen la lactosa que se encuentra en la leche, que est\u00e1 presente en muchos alimentos y puede provocar problemas desde una leve molestia intestinal hasta una intolerancia alimentaria.<\/p>\n<p>LACTOBACILLUS CASEI: reduce la duraci\u00f3n y la incidencia de infecciones como bronquitis, neumon\u00eda y rinofaringitis (1-3). En infecciones intestinales mejora la inmunidad contra infecciones bacterianas como E. coli e infecciones virales, como en la vacunaci\u00f3n frente a influenza (4-7).<\/p>\n<p>En ni\u00f1os, mejora los s\u00edntomas de la rinitis al\u00e9rgica (8), junto con terapia antibi\u00f3tica mejora la erradicaci\u00f3n de H. pylori (9), es eficaz en las diarreas virales (10) y mejora la incidencia general de infecciones (11).<\/p>\n<p>Cepa L. casei HA108: junto con otros probi\u00f3ticos, previenen la diarrea inducida por quimioterapia (irinotecan) en el c\u00e1ncer colorrectal (12).<\/p>\n<p>LACTOBACILLUS PARACASEI: este producto contiene la cepa humana HA274.<\/p>\n<p>Aumenta significativamente la respuesta inmune espec\u00edfica en personas sanas que han recibido la vacuna contra la gripe (13). Mejora la funci\u00f3n digestiva (14), mejora los s\u00edntomas (especialmente oculares) de pacientes con rinitis al\u00e9rgica tratados con antihistam\u00ednicos orales (15). Es \u00fatil tambi\u00e9n para combatir infecciones de Staphylococcus aureus, Escherichia coli y Salmonella (16-18). Alivia los s\u00edntomas como su frecuencia y duraci\u00f3n de la diarrea aguda infantil (19). En pacientes con s\u00edndrome de fatiga cr\u00f3nica, junto con otros probi\u00f3ticos, mejoraron la funci\u00f3n neurocognitiva (20).<\/p>\n<p>LACTOBACILLUS RHAMNOSUS: contiene dos cepas humanas beneficiosas que pertenecen a esta especie: HA111 y HA114.<\/p>\n<p>Se considera una de las especies probi\u00f3ticas m\u00e1s investigadas por su tolerancia en condiciones \u00e1cidas. Este producto contiene m\u00e1s de 9.000 millones de unidades formadoras de colonias (UFC) provenientes de esta especie.<\/p>\n<p>Coloniza dentro de las membranas de los intestinos ejerciendo numerosos beneficios para la salud: aumenta la producci\u00f3n de \u00e1cido l\u00e1ctico, suprimiendo activamente el crecimiento de bacterias da\u00f1inas como la Salmonella (21); es efectivo en la prevenci\u00f3n de la diarrea asociada a antibi\u00f3ticos (22) y la diarrea asociada a Clostridium difficile (23). Fortalece el sistema inmune y es un buen coadyudante en la vacunaci\u00f3n frente a la gripe (24); mejora la funci\u00f3n de barrera intestinal para el alivio de enfermedades autoinmunes como la artritis (25) y las alergias (26). Mejora el perfil lip\u00eddico en sangre (27) y reduce el colesterol (28). Puede prevenir o mejorar los s\u00edntomas de la depresi\u00f3n y ansiedad postparto (29); regenera la flora vaginal en mujeres reduciendo su colonizaci\u00f3n por bacterias y hongos v\u00eda oral (30) y puede reducir la prevalencia de la diabetes mellitus gestacional (31). En ni\u00f1os reduce la frecuencia y duraci\u00f3n de la diarrea as\u00ed como los v\u00f3mitos (32), las diarreas producidas por rotavirus (33) y las diarreas asociadas a antibi\u00f3ticos (34). Reduce la incidencia de la dermatitis at\u00f3pica (35-36). La ingesta de leche suplementada con L. rhamnosus reduce el riesgo de caries en ni\u00f1os (37).<\/p>\n<p>LACTOBACILLUS REUTERI: este producto contiene la cepa humana HA188.<\/p>\n<p>Disminuye los efectos secundarios de la diarrea asociada a antibi\u00f3ticos (38), reduce el colesterol debido a su acci\u00f3n sobre la absorci\u00f3n intestinal (39), mejora el tr\u00e1nsito intestinal en adultos con estre\u00f1imiento (40) y es eficaz en enfermedades infamatorias como la gingivitis (41) y la periodontitis (42). Disminuye la actividad de bacterias pat\u00f3genas como Helicobacter pylori sin alterar el equilibrio de la microflora (43-44).<\/p>\n<p>LACTOBACILLUS SALIVARIUS: este producto contiene la cepa humana HA118.<\/p>\n<p>Frena el crecimiento y la actividad de las bacterias pat\u00f3genas perjudiciales, incluyendo Helicobacter pylori (45-46) y Salmonella (47). Ayuda a descomponer las prote\u00ednas sin digerir y a desactivar las toxinas producidas por la putrefacci\u00f3n intestinal (48). Mejora el perfil lip\u00eddico (colesterol), reduce la inflamaci\u00f3n, el factor de necrosis tumoral y el recuento de Escherichia coli (49). Junto con prebi\u00f3ticos (fructooligosac\u00e1ridos) es efectivo reduciendo los s\u00edntomas de la dermatitis at\u00f3pica en ni\u00f1os (50) y en adultos (51).<\/p>\n<p>LACTOBACILLUS ACIDOPHILUS: este producto contiene la cepa humana HA122.<\/p>\n<p>Mejorar la sintomatolog\u00eda global en pacientes con S\u00edndrome de Colon Irritable (52). Ayuda a mantener un ambiente \u00e1cido en el tracto intestinal previniendo el crecimiento de bacterias da\u00f1inas y mejora la Diarrea Asociada a Antibi\u00f3ticos (53). Reduce el colesterol total en plasma y las lipoprote\u00ednas de baja densidad (LDL) (54-55). Ayuda a mejorar la salud digestiva manteniendo la barrera intestinal, restaurando la flora intestinal, mejorando la digesti\u00f3n, reforzando el sistema inmunol\u00f3gico y ayudando a las bacterias beneficiosas que proliferan en el colon (56). Ayuda a mejorar los s\u00edntomas de la rinitis al\u00e9rgica (57), alergia al polen (58) y de la dermatitis at\u00f3pica (59). Junto con B. bifidum reduce la incidencia de la diarrea asociada a radioterapia en pacientes con c\u00e1ncer cervical (60).<\/p>\n<p>Las cinco cepas de Bifidobacterium de HUMAN BIOTA son las especies dominantes dentro del intestino grueso (colon) de individuos sanos. Se encuentran entre los primeros probi\u00f3ticos a los que estamos expuestos desde que nacemos, y que se adhieren dentro del revestimiento de la mucosa del colon para establecer un sistema inmunitario fuerte. Fortalecer su n\u00famero mejora la resistencia a enfermedades en mayor medida, as\u00ed como la resistencia a los virus de la gripe com\u00fan y del resfriado.<\/p>\n<p>BIFIDOBACTERIUM LONGUM:<\/p>\n<p>Un factor proteico producido por B. longum inhibe la adhesi\u00f3n de la cepa enterotoxig\u00e9nica de Escherichia coli (61).<\/p>\n<p>Tiene propiedades antiinflamatorias y est\u00e1 indicado para molestias gastrointestinales como la colitis ulcerosa (62), la diarrea asociada a antibi\u00f3ticos (63-64), S\u00edndrome de Colon Irritable (65) y alergias estacionales (66-67).<\/p>\n<p>Ayuda en la formaci\u00f3n de \u00e1cido l\u00e1ctico y \u00e1cido f\u00f3rmico, disminuyendo el pH de los intestinos evitando la proliferaci\u00f3n de bacterias da\u00f1inas (68). Tambi\u00e9n es un productor importante de vitaminas del grupo B (69).<\/p>\n<p>Cepa B. longum ssp. longum HA135: junto con otros probi\u00f3ticos, previenen la diarrea inducida por quimioterapia (irinotecan) en el c\u00e1ncer colorrectal (12).<\/p>\n<p>BIFIDOBACTERIUM LONGUM ssp. INFANTIS<\/p>\n<p>Es el probi\u00f3tico dominante que habita en la parte distal del intestino delgado y el colon. Es uno de los primeros en colonizar el tracto intestinal infantil (70) y es cr\u00edtico en el adulto para la salud intestinal y la funci\u00f3n del sistema inmune (71).<\/p>\n<p>Sobrevive muy bien a los \u00e1cidos del est\u00f3mago y biliares (72), y en general es capaz de adherirse a los tejidos intestinales (73). Produce \u00e1cido ac\u00e9tico e inhibe bacterias pat\u00f3genas (74).<\/p>\n<p>Produce bacteriocinas con actividad frente a Salmonella, Shigella y E. coli (75-76). Alivia muchos s\u00edntomas del S\u00edndrome de Colon Irritable (SCI), como el dolor, la hinchaz\u00f3n, normaliza el h\u00e1bito del tr\u00e1nsito intestinal y regula el ratio IL-10\/IL-12 (77-79).<\/p>\n<p>Reduce los biomarcadores proinflamatorios sist\u00e9micos en enfermedades cr\u00f3nicas inflamatorias como colitis ulcerosa, s\u00edndrome de fatiga cr\u00f3nica y psoriasis, indicando que los efectos inmunomoduladores de la microbiota no se limita a la mucosa sino que se extienden al sistema inmune sist\u00e9mico (80).<\/p>\n<p>Puede aliviar los s\u00edntomas de la enfermedad cel\u00edaca no tratada (81).<\/p>\n<p>Cepa B. infantis R0033: junto con otros probi\u00f3ticos puede reducir en ni\u00f1os el riesgo de infecciones comunes como resfriados, gripe e infecciones gastrointestinales (82). El uso de B. infantis R0033 es seguro y bien tolerado en ni\u00f1os sanos de entre 3 y 12 meses (83).<\/p>\n<p>Cepa B. infantis HA116: junto con otros probi\u00f3ticos, previenen la diarrea inducida por quimioterapia (irinotecan) en el c\u00e1ncer colorrectal (12).<\/p>\n<p>BIFIDOBACTERIUM BIFIDUM: se encuentran en el revestimiento de la mucosa de la \u00faltima parte del intestino delgado y son las cepas predominantes para colonizar el intestino grueso para apoyar la salud intestinal, la limpieza, y la funcionalidad. Reducen el colesterol s\u00e9rico y disuelven las sales biliares (84-85). Tambi\u00e9n se ha visto que B. bifidum posee actividad antibacteriana frente a Helicobacter pylori (86-87), reduce la apoptosis en el epitelio intestinal de ni\u00f1os con enterocolitis necrotizante (88), modula la respuesta del sistema inmunitario (89-91), reduce la duraci\u00f3n y la severidad de resfriados (90), posee actividad antiinflamatoria en disfunciones cr\u00f3nicas del intestino grueso como el colon irritable (92-93), reduce la incidencia de la diarrea asociada a radioterapia en pacientes con c\u00e1ncer cervical (94).<\/p>\n<p>Cepa B. bifidum HA132: junto con otros probi\u00f3ticos, previenen la diarrea inducida por quimioterapia (irinotecan) en el c\u00e1ncer colorrectal (12).<\/p>\n<p>BIFIDOBACTERIUM BREVE: mantiene la homeostasis del colon reduciendo la inflamaci\u00f3n a trav\u00e9s de la inducci\u00f3n de c\u00e9lulas Tr1 productoras de IL-10 intestinal (95). Protege la funci\u00f3n del colon, alivia el estre\u00f1imiento, reduce los gases, la distensi\u00f3n abdominal y la diarrea (95-96). Mejora los s\u00edntomas de la colitis ulcerosa (97). Adem\u00e1s, estimula el sistema inmunol\u00f3gico (95,98), inhibe E. coli (99) y suprime el hongo C\u00e1ndida (100).<\/p>\n<p>Reduce la grasa, la funci\u00f3n hep\u00e1tica y la inflamaci\u00f3n sist\u00e9mica en personas con tendencia a la obesidad (101).<\/p>\n<p>En neonatos mejora los problemas gastrointestinales estabilizando la flora intestinal (102) y reduce la incidencia de enterocolitis necr\u00f3tica (103). En ni\u00f1os cel\u00edacos reduce la citocina pro-inflamatoria TNF-alfa (104).<\/p>\n<p>En pacientes con quimioterapia mejora efectos adversos como la fiebre, infecciones y trastornos intestinales (105).<\/p>\n<p>Cepa B. breve HA129: junto con otros probi\u00f3ticos, previenen la diarrea inducida por quimioterapia (irinotecan) en el c\u00e1ncer colorrectal (12).<\/p>\n<p>INULINA: Es un fructooligosac\u00e1rido (FOS) de origen vegetal, extra\u00eddo de la ra\u00edz de la achicoria (Cichorium intybus). Act\u00faa como un prebi\u00f3tico, creando el entorno adecuado para que los probi\u00f3ticos o microorganismos beneficiosos se reproduzcan m\u00e1s r\u00e1pidamente y en mayores cantidades (106-108). Aumenta la poblaci\u00f3n de probi\u00f3ticos Bifidobacterium en el colon, reducen los metabolitos t\u00f3xicos y las enzimas perjudiciales. Previenen la diarrea pat\u00f3gena y aut\u00f3gena, evitan el estre\u00f1imiento y protegen la funci\u00f3n hep\u00e1tica (109).<\/p>\n<p>ARABINOGALACTANO: es un arabinooligosac\u00e1rido (AOS) de origen vegetal, del \u00e1rbol del alerce (Larix laricina). Es un excelente prebi\u00f3tico ya que incrementa la producci\u00f3n de \u00e1cidos grasos de cadena corta, principalmente butirato que act\u00faa como sustrato de energ\u00eda para las c\u00e9lulas epiteliales del colon y de protecci\u00f3n de la mucosa intestinal. Activa la respuesta inmunol\u00f3gica y estimula selectivamente el crecimiento y la actividad de las bacterias probi\u00f3ticas (110). Es \u00fatil para combatir infecciones por su capacidad para disminuir la adherencia de bacterias (111-112). Adem\u00e1s, reducen el pH intestinal y mejoran la absorci\u00f3n de minerales (112-115).<\/p>\n","protected":false},"excerpt":{"rendered":"<p>Ingredientes: cultivo de bacterias (40.000 mill. de microorganismos viables por c\u00e1psula, ver informaci\u00f3n nutricional) (en contacto con leche y soja), inulina (de ra\u00edz de achicoria, Cichorium intybus), arabinogalactano (de Larix occidentalis), antiaglomerante (estearato de magnesio vegetal), almid\u00f3n de patata, antioxidante (\u00e1cido L-asc\u00f3rbico), c\u00e1psula vegetal ent\u00e9rica PH5D (agente de recubrimiento: hidroxipropilmetilcelulosa; soluci\u00f3n acuosa para la protecci\u00f3n ent\u00e9rica; agua purificada).<\/p>\n","protected":false},"featured_media":5620,"comment_status":"open","ping_status":"closed","template":"","meta":{"_joinchat":[]},"product_brand":[],"product_cat":[128,127,126],"product_tag":[],"class_list":{"0":"post-5619","1":"product","2":"type-product","3":"status-publish","4":"has-post-thumbnail","6":"product_cat-fitoterapia-capsulas-y-comprimidos","7":"product_cat-nutricion-ortomolecular","8":"product_cat-suplementos-naturales","10":"first","11":"instock","12":"taxable","13":"shipping-taxable","14":"purchasable","15":"product-type-simple"},"_links":{"self":[{"href":"https:\/\/www.naturclic.com\/index.php?rest_route=\/wp\/v2\/product\/5619","targetHints":{"allow":["GET"]}}],"collection":[{"href":"https:\/\/www.naturclic.com\/index.php?rest_route=\/wp\/v2\/product"}],"about":[{"href":"https:\/\/www.naturclic.com\/index.php?rest_route=\/wp\/v2\/types\/product"}],"replies":[{"embeddable":true,"href":"https:\/\/www.naturclic.com\/index.php?rest_route=%2Fwp%2Fv2%2Fcomments&post=5619"}],"wp:featuredmedia":[{"embeddable":true,"href":"https:\/\/www.naturclic.com\/index.php?rest_route=\/wp\/v2\/media\/5620"}],"wp:attachment":[{"href":"https:\/\/www.naturclic.com\/index.php?rest_route=%2Fwp%2Fv2%2Fmedia&parent=5619"}],"wp:term":[{"taxonomy":"product_brand","embeddable":true,"href":"https:\/\/www.naturclic.com\/index.php?rest_route=%2Fwp%2Fv2%2Fproduct_brand&post=5619"},{"taxonomy":"product_cat","embeddable":true,"href":"https:\/\/www.naturclic.com\/index.php?rest_route=%2Fwp%2Fv2%2Fproduct_cat&post=5619"},{"taxonomy":"product_tag","embeddable":true,"href":"https:\/\/www.naturclic.com\/index.php?rest_route=%2Fwp%2Fv2%2Fproduct_tag&post=5619"}],"curies":[{"name":"wp","href":"https:\/\/api.w.org\/{rel}","templated":true}]}}