{"id":5638,"date":"2020-03-16T16:08:19","date_gmt":"2020-03-16T15:08:19","guid":{"rendered":"http:\/\/www.naturclic.com\/?post_type=product&#038;p=5638"},"modified":"2024-08-12T15:43:05","modified_gmt":"2024-08-12T13:43:05","slug":"reprofertil-60-capsulas-sura-vitasan","status":"publish","type":"product","link":"https:\/\/www.naturclic.com\/?product=reprofertil-60-capsulas-sura-vitasan","title":{"rendered":"ReproFertil 60 c\u00e1psulas Sura Vitasan"},"content":{"rendered":"<p>Dado que el ciclo de maduraci\u00f3n de los espermatozoides es de aproximadamente tres meses, el tratamiento debe durar al menos este per\u00edodo de tiempo.<\/p>\n<p>L-CARNITINA: cumple una doble funci\u00f3n, ya que aumenta la energ\u00eda y la resistencia sexual adem\u00e1s de tener actividad antioxidante que protege a los espermatozoides de los radicales libres. Diversos estudios han demostrado su capacidad para mejorar la motilidad as\u00ed como su capacidad antioxidante en el semen (3-5).<\/p>\n<p>VITAMINA C: su deficiencia se asocia con un bajo recuento de espermatozoides y una motilidad deficiente; los niveles adecuados de este antioxidante son esenciales (6-7).<\/p>\n<p>N-ACETILCISTE\u00cdNA (NAC): es un potente antioxidante cl\u00ednicamente probado para mejorar la producci\u00f3n y la motilidad de los espermatozoides. Reduce la FSH y aumenta la testosterona s\u00e9rica (8-9).<\/p>\n<p>COENZIMA Q10: cumple una funci\u00f3n similar a la NAC, ya que proporciona protecci\u00f3n antioxidante a las c\u00e9lulas esperm\u00e1ticas mientras que da energ\u00eda a las mitocondrias para aumentar la motilidad. Mejora la densidad, la motilidad y la morfolog\u00eda del esperma (10-12).<\/p>\n<p>HAEMATOCOCCUS PLUVIALIS: contiene astaxantina, un potente carotenoide que protege a\u00fan m\u00e1s a los espermatozoides de la exposici\u00f3n a los radicales libres para una mejor movilidad y la energ\u00eda necesaria para la fertilizaci\u00f3n (13-14).<\/p>\n<p>ASHWAGANDHA: se ha probado en ensayos cl\u00ednicos su capacidad para elevar la producci\u00f3n de esperma hasta en un 167%, mejora su calidad, inhibe la peroxidaci\u00f3n lip\u00eddica y aumenta los niveles de testosterona (15-16).<\/p>\n<p>VITAMINA E: es un micronutriente reconocido por su papel en la espermatog\u00e9nesis, relacionado directamente en la cantidad y calidad de las c\u00e9lulas esperm\u00e1ticas (17-18).<\/p>\n<p>LICOPENO: aumenta la resistencia de las c\u00e9lulas esperm\u00e1ticas al estr\u00e9s oxidativo, aumentando su n\u00famero y la protecci\u00f3n de su delicado ADN, tambi\u00e9n mejora la concentraci\u00f3n del esperma, la motilidad y la morfolog\u00eda (19-20).<\/p>\n<p>ZINC: es cr\u00edtico para el desarrollo del esperma. Previene el estr\u00e9s oxidativo, la apoptosis, mejora la calidad del esperma y reduce la fragmentaci\u00f3n del ADN (21-22).<\/p>\n<p>SELENIO: es esencial para la funci\u00f3n testicular. Mejora la calidad y la fertilidad (23-24).<\/p>\n","protected":false},"excerpt":{"rendered":"<p>ReproFertil combina 10 nutrac\u00e9uticos espec\u00edficos incluyendo antioxidantes y fitonutrientes conocidos por mejorar los par\u00e1metros de la salud reproductiva del hombre y de los espermatozoides con el fin de maximizar la fertilidad masculina. Los par\u00e1metros sobre los que act\u00faa incluyen el recuento total, la morfolog\u00eda y la motilidad de espermatozoides.<\/p>\n<p>Los antioxidantes presentes en ReproFertil son la columna vertebral de nuestra f\u00f3rmula, trabajan al un\u00edsono para energizar las c\u00e9lulas esperm\u00e1ticas y proteger su delicado ADN de los radicales libres (1-2).<\/p>\n","protected":false},"featured_media":5639,"comment_status":"open","ping_status":"closed","template":"","meta":{"_joinchat":[]},"product_brand":[],"product_cat":[15],"product_tag":[],"class_list":{"0":"post-5638","1":"product","2":"type-product","3":"status-publish","4":"has-post-thumbnail","6":"product_cat-sin-categorizar","8":"first","9":"instock","10":"taxable","11":"shipping-taxable","12":"purchasable","13":"product-type-simple"},"_links":{"self":[{"href":"https:\/\/www.naturclic.com\/index.php?rest_route=\/wp\/v2\/product\/5638","targetHints":{"allow":["GET"]}}],"collection":[{"href":"https:\/\/www.naturclic.com\/index.php?rest_route=\/wp\/v2\/product"}],"about":[{"href":"https:\/\/www.naturclic.com\/index.php?rest_route=\/wp\/v2\/types\/product"}],"replies":[{"embeddable":true,"href":"https:\/\/www.naturclic.com\/index.php?rest_route=%2Fwp%2Fv2%2Fcomments&post=5638"}],"wp:featuredmedia":[{"embeddable":true,"href":"https:\/\/www.naturclic.com\/index.php?rest_route=\/wp\/v2\/media\/5639"}],"wp:attachment":[{"href":"https:\/\/www.naturclic.com\/index.php?rest_route=%2Fwp%2Fv2%2Fmedia&parent=5638"}],"wp:term":[{"taxonomy":"product_brand","embeddable":true,"href":"https:\/\/www.naturclic.com\/index.php?rest_route=%2Fwp%2Fv2%2Fproduct_brand&post=5638"},{"taxonomy":"product_cat","embeddable":true,"href":"https:\/\/www.naturclic.com\/index.php?rest_route=%2Fwp%2Fv2%2Fproduct_cat&post=5638"},{"taxonomy":"product_tag","embeddable":true,"href":"https:\/\/www.naturclic.com\/index.php?rest_route=%2Fwp%2Fv2%2Fproduct_tag&post=5638"}],"curies":[{"name":"wp","href":"https:\/\/api.w.org\/{rel}","templated":true}]}}