{"id":5921,"date":"2020-03-24T11:13:50","date_gmt":"2020-03-24T10:13:50","guid":{"rendered":"http:\/\/www.naturclic.com\/?post_type=product&#038;p=5921"},"modified":"2024-08-14T16:30:32","modified_gmt":"2024-08-14T14:30:32","slug":"omega-7-30-perlas-sura-vitasan","status":"publish","type":"product","link":"https:\/\/www.naturclic.com\/?product=omega-7-30-perlas-sura-vitasan","title":{"rendered":"Omega 7+ 30 perlas Sura Vitasan"},"content":{"rendered":"<div class=\"uk-child-width-1-1@m uk-grid-small uk-grid-match atributos-sin-columnas uk-grid uk-grid-stack\">\n<div class=\"uk-grid-margin uk-first-column\">\n<div class=\"uk-card uk-card-small\">\n<h3 class=\"uk-card-title\">Advertencias<\/h3>\n<div class=\"uk-card-body\">\n<p>Consulte al profesional de la salud antes de usar este producto en caso de embarazo o lactancia, si presenta trastornos de la coagulaci\u00f3n o alergia conocida a plantas como la belladona de la familia de las solan\u00e1ceas. Consulte a su m\u00e9dico o farmac\u00e9utico si est\u00e1 en tratamiento con anticoagulantes.<\/p>\n<\/div>\n<\/div>\n<\/div>\n<div class=\"uk-grid-margin uk-first-column\">\n<div class=\"uk-card uk-card-small\">\n<h3 class=\"uk-card-title\">Dosis recomendada<\/h3>\n<div class=\"uk-card-body\">\n<p>Como complemento alimenticio se sugiere tomar 1 perla al d\u00eda.<\/p>\n<\/div>\n<\/div>\n<\/div>\n<div class=\"uk-grid-margin uk-first-column\">\n<div class=\"uk-card uk-card-small\">\n<h3 class=\"uk-card-title\">Indicaciones y usos<\/h3>\n<div class=\"uk-card-body\">\n<p>Diferentes estudios han demostrado que los componentes de OMEGA7+ pueden ayudar en las siguientes condiciones:<\/p>\n<p>Cuidado de la piel seca y muy seca, envejecida y desvitalizada, mejorar de la regeneraci\u00f3n y la nutrici\u00f3n de la piel en casos de quemaduras, eccemas, dermatitis at\u00f3pica o psoriasis.<\/p>\n<p>Mantiene en buenas condiciones las mucosas (g\u00e1strica, oral, genitourinaria, ocular\u2026). Mejora los s\u00edntomas asociados a la \u00falcera gastroduodenal y a la estomatitis ulcerativa. Disminuye la sequedad de las mucosas asociada a la edad, al estr\u00e9s, a los cambios hormonales, a ciertas medicaciones o por S\u00edndrome de Sj\u00f6gren.<\/p>\n<p>Aporta omegas de amplio espectro que favorecen la salud cardiovascular (hipertensi\u00f3n, colesterol, diabetes).<\/p>\n<\/div>\n<\/div>\n<\/div>\n<div class=\"uk-grid-margin uk-first-column\">\n<div class=\"uk-card uk-card-small\">\n<h3 class=\"uk-card-title\">Lo m\u00e1s destacado<\/h3>\n<div class=\"uk-card-body\">\n<p>1 g de aceite de espino amarillo por perla. Adecuada combinaci\u00f3n de \u00e1cidos grasos omega 3-6-7-9. M\u00e1xima pureza y calidad de los aceites: Cultivo org\u00e1nico y t\u00e9cnica de extracci\u00f3n supercr\u00edtica con CO2. Con aceite de semilla de Goji: \u00danica presentaci\u00f3n en perla.<\/p>\n<\/div>\n<\/div>\n<\/div>\n<div class=\"uk-grid-margin uk-first-column\">\n<div class=\"uk-card uk-card-small\">\n<h3 class=\"uk-card-title\">Recomendaci\u00f3n importante<\/h3>\n<div class=\"uk-card-body\">No<\/div>\n<\/div>\n<\/div>\n<\/div>\n<div class=\"uk-child-width-1-1@m uk-grid-small uk-grid-match atributos-sin-columnas uk-grid uk-grid-stack\">\n<div class=\"uk-first-column\">\n<div class=\"uk-card uk-card-small\">\n<h3 class=\"uk-card-title\">Detalles<\/h3>\n<div class=\"uk-card-body\">\n<p>OMEGA-7+<strong>\u00a0<\/strong>es una exclusiva formulaci\u00f3n rica en \u00e1cidos grasos insaturados que combina aceite de espino amarillo y aceite de semilla de Goji. Aporta omega-7, un \u00e1cido graso monoinsaturado muy beneficioso para la salud de la piel y las mucosas. Adem\u00e1s proporciona una adecuada combinaci\u00f3n de \u00e1cidos grasos omega-3, omega-6 y omega-9 que completan el producto para ayudar a complementar el aporte de \u00e1cidos grasos esenciales de nuestra dieta. Los aceites incluidos en esta formulaci\u00f3n son de cultivo org\u00e1nico, obtenidos por tecnolog\u00eda de extracci\u00f3n supercr\u00edtica con CO<sub>2\u00a0<\/sub>que da como resultado un aceite 100% natural, libre de solventes y exento de oxidaci\u00f3n gracias a la actividad antioxidante de la vitamina E contenida en nuestra f\u00f3rmula.<\/p>\n<\/div>\n<\/div>\n<\/div>\n<\/div>\n","protected":false},"excerpt":{"rendered":"<p><strong>Omega 7+<\/strong>\u00a0es un complemento alimenticio a base de aceite de\u00a0<strong>espino amarillo<\/strong>\u00a0y aceite de\u00a0<strong>semilla de Goji<\/strong>\u00a0ambos de\u00a0<strong>cultivo org\u00e1nico<\/strong>\u00a0y obtenidos por tecnolog\u00eda de extracci\u00f3n supercr\u00edtica con CO2 que da como resultado un\u00a0aceite de alta calidad,\u00a0<strong>100% natural<\/strong>, libre de solventes y exento de oxidaci\u00f3n gracias a la actividad antioxidante de la vitamina E contenida en la formulaci\u00f3n. Cada perla aporta\u00a0<strong>1.000 mg<\/strong>\u00a0de aceite de espino amarillo que proporciona una combinaci\u00f3n adecuada y de amplio espectro de \u00e1cidos grasos esenciales (omega 3, 6, 7 y 9).<\/p>\n","protected":false},"featured_media":5923,"comment_status":"open","ping_status":"closed","template":"","meta":{"_joinchat":[]},"product_brand":[],"product_cat":[127,126],"product_tag":[],"class_list":{"0":"post-5921","1":"product","2":"type-product","3":"status-publish","4":"has-post-thumbnail","6":"product_cat-nutricion-ortomolecular","7":"product_cat-suplementos-naturales","9":"first","10":"outofstock","11":"taxable","12":"shipping-taxable","13":"purchasable","14":"product-type-simple"},"_links":{"self":[{"href":"https:\/\/www.naturclic.com\/index.php?rest_route=\/wp\/v2\/product\/5921","targetHints":{"allow":["GET"]}}],"collection":[{"href":"https:\/\/www.naturclic.com\/index.php?rest_route=\/wp\/v2\/product"}],"about":[{"href":"https:\/\/www.naturclic.com\/index.php?rest_route=\/wp\/v2\/types\/product"}],"replies":[{"embeddable":true,"href":"https:\/\/www.naturclic.com\/index.php?rest_route=%2Fwp%2Fv2%2Fcomments&post=5921"}],"wp:featuredmedia":[{"embeddable":true,"href":"https:\/\/www.naturclic.com\/index.php?rest_route=\/wp\/v2\/media\/5923"}],"wp:attachment":[{"href":"https:\/\/www.naturclic.com\/index.php?rest_route=%2Fwp%2Fv2%2Fmedia&parent=5921"}],"wp:term":[{"taxonomy":"product_brand","embeddable":true,"href":"https:\/\/www.naturclic.com\/index.php?rest_route=%2Fwp%2Fv2%2Fproduct_brand&post=5921"},{"taxonomy":"product_cat","embeddable":true,"href":"https:\/\/www.naturclic.com\/index.php?rest_route=%2Fwp%2Fv2%2Fproduct_cat&post=5921"},{"taxonomy":"product_tag","embeddable":true,"href":"https:\/\/www.naturclic.com\/index.php?rest_route=%2Fwp%2Fv2%2Fproduct_tag&post=5921"}],"curies":[{"name":"wp","href":"https:\/\/api.w.org\/{rel}","templated":true}]}}