{"id":5979,"date":"2020-03-25T10:00:51","date_gmt":"2020-03-25T09:00:51","guid":{"rendered":"http:\/\/www.naturclic.com\/?post_type=product&#038;p=5979"},"modified":"2024-08-08T13:27:48","modified_gmt":"2024-08-08T11:27:48","slug":"arandano-rojo-60-capsulas-sura-vitasan","status":"publish","type":"product","link":"https:\/\/www.naturclic.com\/?product=arandano-rojo-60-capsulas-sura-vitasan","title":{"rendered":"Ar\u00e1ndano Rojo 60 c\u00e1psulas Sura Vitasan"},"content":{"rendered":"<p>Advertencias<br \/>\nSi toma anticoagulantes orales o padece c\u00e1lculos renales, consulte al profesional de la salud antes de usar este producto.<\/p>\n<p>Dosis recomendada<br \/>\nEn caso de infecci\u00f3n, se sugiere tomar 2 c\u00e1psulas de una a dos veces al d\u00eda con agua antes de las comidas, por un periodo de 6 d\u00edas o seguir las indicaciones de un profesional de la salud. Se recomienda seguir tomando 1 c\u00e1psula al d\u00eda durante al menos una semana para as\u00ed asegurarnos un pH apropiado en las v\u00edas urinarias o seguir las indicaciones de un especialista.<\/p>\n<p>En el \u00e1mbito profil\u00e1ctico y en caso de querer mantener un pH apropiado en las v\u00edas urinarias y evitar el riesgo de infecci\u00f3n, tomar 2 c\u00e1psulas al d\u00eda durante un m\u00ednimo de 4 semanas o seguir las indicaciones de un profesional de la salud.<\/p>\n<p>No superar la dosis diaria recomendada.<\/p>\n<p>Indicaciones y usos<br \/>\nSe utiliza principalmente en casos de infecciones urinarias, bien para tratarlas o prevenirlas.En casos de incontinencia urinaria ayuda a reducir el olor.<\/p>\n<p>Detalles<br \/>\nEl Ar\u00e1ndano Rojo es un concentrado de los frutos de ar\u00e1ndano rojo con un alto contenido en proantocianidinos especiales. El extracto especial de proantocianidina de Sura Vitasan ofrece los beneficios de 64.200 mg de ar\u00e1ndanos frescos, enteros y maduros en cada c\u00e1psula, que favorece una actuaci\u00f3n r\u00e1pida con resultados consistentes.<\/p>\n<p>Los frutos de ar\u00e1ndano rojo son muy ricos en diferentes micronutrientes, \u00e1cido hip\u00farico y vitamina C, lo que justifica su efecto antis\u00e9ptico, antibacteriano y desinfectante. Estos frutos se vienen utilizando desde la antig\u00fcedad por sus efectos positivos en los tratamientos de infecciones urinarias, as\u00ed como por sus efectos profil\u00e1cticos sobre las mismas.<\/p>\n<p>Uno de los mecanismos de acci\u00f3n del Ar\u00e1ndano Rojo es que, por su contenido en \u00e1cido hip\u00farico, acidifica la orina y tiene efectos antibacterianos. Recientes estudios muestran que otros componentes del concentrado de Ar\u00e1ndano, como los proantocianidinos, reducen la habilidad de las bacterias para adherirse a las mucosas de la vejiga y la uretra, especialmente la bacteria E. Coli que es la que est\u00e1 m\u00e1s frecuentemente asociada a los problemas del tracto urinario. Al interferir en la adherencia, se reduce el riesgo de infecci\u00f3n y por sus propiedades antibacterianas, el ar\u00e1ndano rojo ayuda al organismo a combatir la infecci\u00f3n.<\/p>\n<p>Puede reducir tambi\u00e9n los niveles de calcio en la orina evitando as\u00ed la posible formaci\u00f3n de c\u00e1lculos renales<\/p>\n","protected":false},"excerpt":{"rendered":"<p>Ar\u00e1ndano Rojo es un concentrado de los frutos de ar\u00e1ndano rojo con un alto contenido en proantocianidinas (PACs), \u00e1cidos org\u00e1nicos (\u00e1cido hip\u00farico) y vitamina C que apoya el normal funcionamiento del sistema inmunitario y contribuye a la protecci\u00f3n de las c\u00e9lulas frente al da\u00f1o oxidativo. El Ar\u00e1ndano Rojo de Sura Vitasan contiene el extracto m\u00e1s potente del mercado con 600 mg de extracto de ar\u00e1ndano por c\u00e1psula equivalente a 64.2 g de baya fresca.<\/p>\n<p>Declaraciones saludables (Reglamento UE N\u00ba 432\/2012): La Vitamina C apoya el normal funcionamiento del sistema inmunitario y contribuye a la protecci\u00f3n de las c\u00e9lulas frente al da\u00f1o oxidativo.<br \/>\nIngredientes: extracto de frutos enteros y maduros de ar\u00e1ndano rojo concentrado (Vaccinium macrocarpon), c\u00e1psula vegetal (agente de recubrimiento: hidroxipropilmetilcelulosa; humectante: agua purificada).<\/p>\n","protected":false},"featured_media":5980,"comment_status":"open","ping_status":"closed","template":"","meta":{"_joinchat":[]},"product_brand":[],"product_cat":[128,127,126],"product_tag":[199,166],"class_list":{"0":"post-5979","1":"product","2":"type-product","3":"status-publish","4":"has-post-thumbnail","6":"product_cat-fitoterapia-capsulas-y-comprimidos","7":"product_cat-nutricion-ortomolecular","8":"product_cat-suplementos-naturales","9":"product_tag-arandanorojo","10":"product_tag-infeccionorina","12":"first","13":"instock","14":"taxable","15":"shipping-taxable","16":"purchasable","17":"product-type-simple"},"_links":{"self":[{"href":"https:\/\/www.naturclic.com\/index.php?rest_route=\/wp\/v2\/product\/5979","targetHints":{"allow":["GET"]}}],"collection":[{"href":"https:\/\/www.naturclic.com\/index.php?rest_route=\/wp\/v2\/product"}],"about":[{"href":"https:\/\/www.naturclic.com\/index.php?rest_route=\/wp\/v2\/types\/product"}],"replies":[{"embeddable":true,"href":"https:\/\/www.naturclic.com\/index.php?rest_route=%2Fwp%2Fv2%2Fcomments&post=5979"}],"wp:featuredmedia":[{"embeddable":true,"href":"https:\/\/www.naturclic.com\/index.php?rest_route=\/wp\/v2\/media\/5980"}],"wp:attachment":[{"href":"https:\/\/www.naturclic.com\/index.php?rest_route=%2Fwp%2Fv2%2Fmedia&parent=5979"}],"wp:term":[{"taxonomy":"product_brand","embeddable":true,"href":"https:\/\/www.naturclic.com\/index.php?rest_route=%2Fwp%2Fv2%2Fproduct_brand&post=5979"},{"taxonomy":"product_cat","embeddable":true,"href":"https:\/\/www.naturclic.com\/index.php?rest_route=%2Fwp%2Fv2%2Fproduct_cat&post=5979"},{"taxonomy":"product_tag","embeddable":true,"href":"https:\/\/www.naturclic.com\/index.php?rest_route=%2Fwp%2Fv2%2Fproduct_tag&post=5979"}],"curies":[{"name":"wp","href":"https:\/\/api.w.org\/{rel}","templated":true}]}}