{"id":6831,"date":"2020-05-14T18:34:58","date_gmt":"2020-05-14T16:34:58","guid":{"rendered":"http:\/\/www.naturclic.com\/?post_type=product&#038;p=6831"},"modified":"2023-04-27T06:34:53","modified_gmt":"2023-04-27T04:34:53","slug":"tri-inmune-60-comprimidos-naturesplus","status":"publish","type":"product","link":"https:\/\/www.naturclic.com\/?product=tri-inmune-60-comprimidos-naturesplus","title":{"rendered":"Tri-Inmune 60 comprimidos Natures Plus"},"content":{"rendered":"<div id=\"product-description\" class=\"product-description\">\n<h3><span id=\"product-description\" class=\"heading\" style=\"color: #000000;\">DESCRIPCI\u00d3N<\/span><\/h3>\n<div class=\"product-description_text\">\n<p><span style=\"color: #000000;\">Tri-Inmune de Natures Plus es una mezcla de liberaci\u00f3n prolongada, equilibrada con precisi\u00f3n, lo que brinda una f\u00f3rmula de soporte sin\u00e9rgico que ofrece la mejor defensa natural a la vez que contribuye al confort respiratorio.<\/span><\/p>\n<div class=\"tab\" data-target=\"product\">\n<h2><span style=\"color: #000000;\">Modo de empleo:\u00a0Se recomienda tomar con un vaso de agua o zumo de frutas<\/span><\/h2>\n<div class=\"infoblock\">\n<h3><span style=\"color: #000000;\">Por 2 comprimido: \u00a0Ara-larix (500 mg), Olivo (250 mg), Andrographis (150 mg), Vitamina C (30 mg), Zinc (7.5 mg).<\/span><\/h3>\n<\/div>\n<\/div>\n<\/div>\n<\/div>\n<div class=\"product-tables\">\n<p>&nbsp;<\/p>\n<\/div>\n","protected":false},"excerpt":{"rendered":"<p>DESCRIPCI\u00d3N Tri-Inmune de Natures Plus es una mezcla de liberaci\u00f3n prolongada, equilibrada con precisi\u00f3n, lo que brinda una f\u00f3rmula de soporte sin\u00e9rgico que ofrece la mejor defensa natural a la vez que contribuye al confort respiratorio. Modo de empleo:\u00a0Se recomienda tomar con un vaso de agua o zumo de frutas Por 2 comprimido: \u00a0Ara-larix (500 &hellip; <\/p>\n<p class=\"link-more\"><a href=\"https:\/\/www.naturclic.com\/?product=tri-inmune-60-comprimidos-naturesplus\" class=\"more-link\">Continue reading<span class=\"screen-reader-text\"> &#8220;Tri-Inmune 60 comprimidos Natures Plus&#8221;<\/span><\/a><\/p>\n","protected":false},"featured_media":6832,"comment_status":"open","ping_status":"closed","template":"","meta":{"_joinchat":[]},"product_brand":[],"product_cat":[127,126],"product_tag":[],"class_list":{"0":"post-6831","1":"product","2":"type-product","3":"status-publish","4":"has-post-thumbnail","6":"product_cat-nutricion-ortomolecular","7":"product_cat-suplementos-naturales","9":"first","10":"outofstock","11":"taxable","12":"shipping-taxable","13":"purchasable","14":"product-type-simple"},"_links":{"self":[{"href":"https:\/\/www.naturclic.com\/index.php?rest_route=\/wp\/v2\/product\/6831","targetHints":{"allow":["GET"]}}],"collection":[{"href":"https:\/\/www.naturclic.com\/index.php?rest_route=\/wp\/v2\/product"}],"about":[{"href":"https:\/\/www.naturclic.com\/index.php?rest_route=\/wp\/v2\/types\/product"}],"replies":[{"embeddable":true,"href":"https:\/\/www.naturclic.com\/index.php?rest_route=%2Fwp%2Fv2%2Fcomments&post=6831"}],"wp:featuredmedia":[{"embeddable":true,"href":"https:\/\/www.naturclic.com\/index.php?rest_route=\/wp\/v2\/media\/6832"}],"wp:attachment":[{"href":"https:\/\/www.naturclic.com\/index.php?rest_route=%2Fwp%2Fv2%2Fmedia&parent=6831"}],"wp:term":[{"taxonomy":"product_brand","embeddable":true,"href":"https:\/\/www.naturclic.com\/index.php?rest_route=%2Fwp%2Fv2%2Fproduct_brand&post=6831"},{"taxonomy":"product_cat","embeddable":true,"href":"https:\/\/www.naturclic.com\/index.php?rest_route=%2Fwp%2Fv2%2Fproduct_cat&post=6831"},{"taxonomy":"product_tag","embeddable":true,"href":"https:\/\/www.naturclic.com\/index.php?rest_route=%2Fwp%2Fv2%2Fproduct_tag&post=6831"}],"curies":[{"name":"wp","href":"https:\/\/api.w.org\/{rel}","templated":true}]}}