{"id":6840,"date":"2020-05-15T19:50:27","date_gmt":"2020-05-15T17:50:27","guid":{"rendered":"http:\/\/www.naturclic.com\/?post_type=product&#038;p=6840"},"modified":"2022-02-03T19:06:19","modified_gmt":"2022-02-03T18:06:19","slug":"ergystress-60-capsulas-nutergia","status":"publish","type":"product","link":"https:\/\/www.naturclic.com\/?product=ergystress-60-capsulas-nutergia","title":{"rendered":"ERGYSTRESS 60 c\u00e1psulas Nutergia"},"content":{"rendered":"<p><span id=\"product-description\" class=\"heading\">DESCRIPCI\u00d3N:<\/span><span style=\"font-size: 1rem;\">Ergystress De Nuetergia es un complemento alimenticio dise\u00f1ado mantener en equilibrio el sistema nervioso, ayuda en casos de ansiedad, nerviosismo y otras afecciones nerviosas.<\/span><\/p>\n<div class=\"product-description_text\">\n<div class=\"tab\" data-target=\"product\">\n<div class=\"infoblock\">\n<h2>Indicaci\u00f3n: Est\u00e1 hecho a base de Bacopa, L-tirosina y Vitaminas B (Nueva f\u00f3rmula optimizada), asocia la bacopa, que ayuda el organismo a hacer frente al estr\u00e9s pasajero, a la vitamina B5 que favorece el rendimiento mental as\u00ed como la concentraci\u00f3n, el aprendizaje, la memoria y el razonamiento. La f\u00f3rmula contiene tambi\u00e9n dos amino\u00e1cidos, la taurina y la L-tirosina. La dopamina, sintetizada a partir de ella, aporta dinamismo y motivaci\u00f3n. Recomendada para la apat\u00eda, desmotivaci\u00f3n, Para mejorar la resistencia a situaciones estresantes (trabajo excesivo, examenes escolares&#8230;), para aumentar la motivaci\u00f3n, las ganas de emprender, el entusiasmo, la toma de decisiones, para reducir las manifestaciones relacionadas a una mala gesti\u00f3n del estr\u00e9s (nerviosismo, fatiga, anergia, trastornos del sue\u00f1o&#8230;). En caso de necesidad excesiva de estimulantes (caf\u00e9, tabaco, alcohol&#8230;).Necesarios para mantener en equilibrio el sistema nervioso, ayuda en casos de ansiedad, nerviosismo y otras afecciones nerviosas.<\/h2>\n<\/div>\n<p><span style=\"color: #666666; font-size: 1.25rem;\">Modo de empleo <\/span><span style=\"color: #666666; font-size: 1.25rem;\">Se recomienda tomar de 1 a 3 c\u00e1psula(s) al d\u00eda.<\/span><br \/>\n<span style=\"color: #666666; font-size: 1.25rem;\">Composici\u00f3n:\u00a0<\/span><span style=\"color: #666666; font-size: 1.25rem;\">Por 3 c\u00e1psulas:<\/span><\/p>\n<div class=\"infoblock\">\n<h2>L-tirosina (300 mg), Inositol (150 mg), Extracto de bacopa (120 mg), Magnesio (120 mg), Zinc (6 mg), Manganeso (1,2 mg), Cobre (0,6 mg), Taurina (50 mg), Vitamina C (80 mg), Vitamina B1 (1,1 mg), Vitamina B2 (1,4 mg), Vitamina B3 (16 mg), Vitamina B5 (6 mg), Vitamina B6 (1,4 mg), Vitamina B8 (50 microgramos), Vitamina B9 (200 microgramos).<\/h2>\n<\/div>\n<\/div>\n<\/div>\n","protected":false},"excerpt":{"rendered":"<p>DESCRIPCI\u00d3N:Ergystress De Nuetergia es un complemento alimenticio dise\u00f1ado mantener en equilibrio el sistema nervioso, ayuda en casos de ansiedad, nerviosismo y otras afecciones nerviosas. Indicaci\u00f3n: Est\u00e1 hecho a base de Bacopa, L-tirosina y Vitaminas B (Nueva f\u00f3rmula optimizada), asocia la bacopa, que ayuda el organismo a hacer frente al estr\u00e9s pasajero, a la vitamina B5 &hellip; <\/p>\n<p class=\"link-more\"><a href=\"https:\/\/www.naturclic.com\/?product=ergystress-60-capsulas-nutergia\" class=\"more-link\">Continue reading<span class=\"screen-reader-text\"> &#8220;ERGYSTRESS 60 c\u00e1psulas Nutergia&#8221;<\/span><\/a><\/p>\n","protected":false},"featured_media":6841,"comment_status":"open","ping_status":"closed","template":"","meta":{"_joinchat":[]},"product_brand":[],"product_cat":[128,127,126],"product_tag":[],"class_list":{"0":"post-6840","1":"product","2":"type-product","3":"status-publish","4":"has-post-thumbnail","6":"product_cat-fitoterapia-capsulas-y-comprimidos","7":"product_cat-nutricion-ortomolecular","8":"product_cat-suplementos-naturales","10":"first","11":"instock","12":"taxable","13":"shipping-taxable","14":"purchasable","15":"product-type-simple"},"_links":{"self":[{"href":"https:\/\/www.naturclic.com\/index.php?rest_route=\/wp\/v2\/product\/6840","targetHints":{"allow":["GET"]}}],"collection":[{"href":"https:\/\/www.naturclic.com\/index.php?rest_route=\/wp\/v2\/product"}],"about":[{"href":"https:\/\/www.naturclic.com\/index.php?rest_route=\/wp\/v2\/types\/product"}],"replies":[{"embeddable":true,"href":"https:\/\/www.naturclic.com\/index.php?rest_route=%2Fwp%2Fv2%2Fcomments&post=6840"}],"wp:featuredmedia":[{"embeddable":true,"href":"https:\/\/www.naturclic.com\/index.php?rest_route=\/wp\/v2\/media\/6841"}],"wp:attachment":[{"href":"https:\/\/www.naturclic.com\/index.php?rest_route=%2Fwp%2Fv2%2Fmedia&parent=6840"}],"wp:term":[{"taxonomy":"product_brand","embeddable":true,"href":"https:\/\/www.naturclic.com\/index.php?rest_route=%2Fwp%2Fv2%2Fproduct_brand&post=6840"},{"taxonomy":"product_cat","embeddable":true,"href":"https:\/\/www.naturclic.com\/index.php?rest_route=%2Fwp%2Fv2%2Fproduct_cat&post=6840"},{"taxonomy":"product_tag","embeddable":true,"href":"https:\/\/www.naturclic.com\/index.php?rest_route=%2Fwp%2Fv2%2Fproduct_tag&post=6840"}],"curies":[{"name":"wp","href":"https:\/\/api.w.org\/{rel}","templated":true}]}}