{"id":6850,"date":"2020-05-18T15:53:50","date_gmt":"2020-05-18T13:53:50","guid":{"rendered":"http:\/\/www.naturclic.com\/?post_type=product&#038;p=6850"},"modified":"2022-02-03T19:02:23","modified_gmt":"2022-02-03T18:02:23","slug":"ergyclean-120g-polvo-nutergia","status":"publish","type":"product","link":"https:\/\/www.naturclic.com\/?product=ergyclean-120g-polvo-nutergia","title":{"rendered":"Ergyclean 120g polvo Nutergia"},"content":{"rendered":"<h2 class=\"product-description\"><span id=\"product-description\" class=\"heading\">DESCRIPCI\u00d3N<\/span><\/h2>\n<div class=\"product-description_text\">\n<div class=\"std\">\n<p>Ergyclean de Nutergia es un complemento que est\u00e1 compuesto por sales de magnesio en sus diferentes formas, junto con arcilla y \u00e1cido m\u00e1lico. Todos los ingredientes son conocidos por sus\u00a0<strong>efectos suaves como laxante<\/strong>.<\/p>\n<h2><strong>Propiedades<\/strong><\/h2>\n<h2>Ergyclean de Nutergia contiene ingredientes fundamentales como el\u00a0<strong>sulfato de magnesio<\/strong>\u00a0(apoya la detoxificaci\u00f3n de los intestinos),\u00a0<strong>carbonato de magnesio<\/strong>\u00a0(suave efecto laxante y detoxificante),\u00a0<strong>citrato de magnesio<\/strong>\u00a0(gran aporte de magnesio y desacidificante),\u00a0<strong>arcilla verde francesa<\/strong>\u00a0(absorbe las toxinas del tracto gastrointestinal) y el\u00a0<strong>\u00e1cido m\u00e1lico<\/strong>\u00a0(detoxificante y alcalinizante).<\/h2>\n<h2><strong>Beneficios<\/strong><\/h2>\n<p>Ergyclean de Nutergia es un gran apoyo para los per\u00edodos de control de peso y cuando se desea una limpieza profunda de los intestinos. Adem\u00e1s, es una\u00a0<strong>ayuda en casos de estre\u00f1imiento<\/strong>.<\/p>\n<h2><strong>Advertencias\u00a0<\/strong><\/h2>\n<p>Este producto no tiene contraindicaciones, sin embargo, conviene no superar la dosis diaria recomendada y el envase debe estar siempre fuera del alcance de los ni\u00f1os.<\/p>\n<h2><strong>Posologia<\/strong><\/h2>\n<p>Se recomienda tomar de\u00a0<strong>1 a 3 dosificadores al d\u00eda<\/strong>\u00a0en un vaso de agua templada con el est\u00f3mago vac\u00edo.<\/p>\n<\/div>\n<div class=\"tab\" data-target=\"product\">\n<div class=\"infoblock\">\n<h2>Composici\u00f3n<\/h2>\n<p>Por 2 g:<\/p>\n<p>Magnesio (375 mg).<\/p>\n<\/div>\n<\/div>\n<\/div>\n<h2 class=\"product-tables\"><\/h2>\n","protected":false},"excerpt":{"rendered":"<p>DESCRIPCI\u00d3N Ergyclean de Nutergia es un complemento que est\u00e1 compuesto por sales de magnesio en sus diferentes formas, junto con arcilla y \u00e1cido m\u00e1lico. Todos los ingredientes son conocidos por sus\u00a0efectos suaves como laxante. Propiedades Ergyclean de Nutergia contiene ingredientes fundamentales como el\u00a0sulfato de magnesio\u00a0(apoya la detoxificaci\u00f3n de los intestinos),\u00a0carbonato de magnesio\u00a0(suave efecto laxante y &hellip; <\/p>\n<p class=\"link-more\"><a href=\"https:\/\/www.naturclic.com\/?product=ergyclean-120g-polvo-nutergia\" class=\"more-link\">Continue reading<span class=\"screen-reader-text\"> &#8220;Ergyclean 120g polvo Nutergia&#8221;<\/span><\/a><\/p>\n","protected":false},"featured_media":6851,"comment_status":"open","ping_status":"closed","template":"","meta":{"_joinchat":[]},"product_brand":[],"product_cat":[127,126],"product_tag":[],"class_list":{"0":"post-6850","1":"product","2":"type-product","3":"status-publish","4":"has-post-thumbnail","6":"product_cat-nutricion-ortomolecular","7":"product_cat-suplementos-naturales","9":"first","10":"instock","11":"taxable","12":"shipping-taxable","13":"purchasable","14":"product-type-simple"},"_links":{"self":[{"href":"https:\/\/www.naturclic.com\/index.php?rest_route=\/wp\/v2\/product\/6850","targetHints":{"allow":["GET"]}}],"collection":[{"href":"https:\/\/www.naturclic.com\/index.php?rest_route=\/wp\/v2\/product"}],"about":[{"href":"https:\/\/www.naturclic.com\/index.php?rest_route=\/wp\/v2\/types\/product"}],"replies":[{"embeddable":true,"href":"https:\/\/www.naturclic.com\/index.php?rest_route=%2Fwp%2Fv2%2Fcomments&post=6850"}],"wp:featuredmedia":[{"embeddable":true,"href":"https:\/\/www.naturclic.com\/index.php?rest_route=\/wp\/v2\/media\/6851"}],"wp:attachment":[{"href":"https:\/\/www.naturclic.com\/index.php?rest_route=%2Fwp%2Fv2%2Fmedia&parent=6850"}],"wp:term":[{"taxonomy":"product_brand","embeddable":true,"href":"https:\/\/www.naturclic.com\/index.php?rest_route=%2Fwp%2Fv2%2Fproduct_brand&post=6850"},{"taxonomy":"product_cat","embeddable":true,"href":"https:\/\/www.naturclic.com\/index.php?rest_route=%2Fwp%2Fv2%2Fproduct_cat&post=6850"},{"taxonomy":"product_tag","embeddable":true,"href":"https:\/\/www.naturclic.com\/index.php?rest_route=%2Fwp%2Fv2%2Fproduct_tag&post=6850"}],"curies":[{"name":"wp","href":"https:\/\/api.w.org\/{rel}","templated":true}]}}