{"id":6854,"date":"2020-05-18T17:27:38","date_gmt":"2020-05-18T15:27:38","guid":{"rendered":"http:\/\/www.naturclic.com\/?post_type=product&#038;p=6854"},"modified":"2022-02-03T19:00:20","modified_gmt":"2022-02-03T18:00:20","slug":"ergypar-250-ml-liquido-nutergia","status":"publish","type":"product","link":"https:\/\/www.naturclic.com\/?product=ergypar-250-ml-liquido-nutergia","title":{"rendered":"Ergypar 250 ml l\u00edquido Nutergia"},"content":{"rendered":"<p><span id=\"product-description\" class=\"heading\">DESCRIPCI\u00d3N<\/span><\/p>\n<div class=\"product-description_text\">\n<div class=\"std\">\n<p>Ergypar de Nutergia es un complemento alimentario compuesto por jengibre, nogal, genciana, helenio, tomillo, malva y oligoelementos.<\/p>\n<\/div>\n<div class=\"tab\" data-target=\"product\">\n<div class=\"infoblock\">\n<h2>Indicaci\u00f3n<\/h2>\n<p>Contiene oligoelementos de origen marino, en particular el selenio, que ayuda a proteger las c\u00e9lulas contra el estr\u00e9s oxidativo.<\/p>\n<p>Este compuesto l\u00edquido es un protector gastrointestinal formulado con extractos vegetales. Indicado para casos como desintoxicaci\u00f3n de par\u00e1sitos y oxiuros, disbiosis intestinal o bacteriosis, terreno fr\u00e1gil o vulnerable a los microorganismos y curas estacionales.<\/p>\n<p>Se recomienda para:<\/p>\n<ul>\n<li>Curas estacionales para mejorar el ecosistema gastrointestinal.<\/li>\n<li>Trastornos gastointestinales asociados a disbiosis intestinal o bacteriosis.<\/li>\n<li>Sospecha de par\u00e1sitos u oxiuros.<\/li>\n<li>Terreno fr\u00e1gil o vulnerable a los microorganismos<\/li>\n<\/ul>\n<\/div>\n<div class=\"infoblock\">\n<h2>Modo de empleo<\/h2>\n<p>Se recomienda tomar de 1 a 3 dosis (tap\u00f3n) al d\u00eda en 1\/2 vaso de agua fuera de las comidas.<\/p>\n<p>Curas de 20 a 30 d\u00edas, 2 a 3 veces al a\u00f1o.<\/p>\n<\/div>\n<div class=\"infoblock\">\n<h2>Composici\u00f3n<\/h2>\n<p>Filtrado de agua arcillosa y contrado de agua de mar, estabilizantes: glicerina natural: extracto de jenjibre (Zingiber officinale), nogal (Juglans regia), genciana (Gentuana lutea); helenio (Inula helenium), tomillo (Thymus vulgaris) y malva (Malva sylvestris), aroma natural, conservante: sorbato de potasio; acidificante: \u00e1cido l\u00e1ctico, selenita de sodio.<\/p>\n<p><strong>Por 20 ml:<\/strong><\/p>\n<p>Jengibre (380 mg), Nogal bio (360 mg), Genciana (240 mg), Tomillo (120 mg), Malva (120 mg), Helenio (120 g), Selenio (17 g), Molibdeno (15 g), Cromo (6 g).<\/p>\n<\/div>\n<\/div>\n<\/div>\n","protected":false},"excerpt":{"rendered":"<p>DESCRIPCI\u00d3N Ergypar de Nutergia es un complemento alimentario compuesto por jengibre, nogal, genciana, helenio, tomillo, malva y oligoelementos. Indicaci\u00f3n Contiene oligoelementos de origen marino, en particular el selenio, que ayuda a proteger las c\u00e9lulas contra el estr\u00e9s oxidativo. Este compuesto l\u00edquido es un protector gastrointestinal formulado con extractos vegetales. Indicado para casos como desintoxicaci\u00f3n de &hellip; <\/p>\n<p class=\"link-more\"><a href=\"https:\/\/www.naturclic.com\/?product=ergypar-250-ml-liquido-nutergia\" class=\"more-link\">Continue reading<span class=\"screen-reader-text\"> &#8220;Ergypar 250 ml l\u00edquido Nutergia&#8221;<\/span><\/a><\/p>\n","protected":false},"featured_media":6855,"comment_status":"open","ping_status":"closed","template":"","meta":{"_joinchat":[]},"product_brand":[],"product_cat":[129,127,126],"product_tag":[],"class_list":{"0":"post-6854","1":"product","2":"type-product","3":"status-publish","4":"has-post-thumbnail","6":"product_cat-fitoterapia-extracto-liquido","7":"product_cat-nutricion-ortomolecular","8":"product_cat-suplementos-naturales","10":"first","11":"instock","12":"taxable","13":"shipping-taxable","14":"purchasable","15":"product-type-simple"},"_links":{"self":[{"href":"https:\/\/www.naturclic.com\/index.php?rest_route=\/wp\/v2\/product\/6854","targetHints":{"allow":["GET"]}}],"collection":[{"href":"https:\/\/www.naturclic.com\/index.php?rest_route=\/wp\/v2\/product"}],"about":[{"href":"https:\/\/www.naturclic.com\/index.php?rest_route=\/wp\/v2\/types\/product"}],"replies":[{"embeddable":true,"href":"https:\/\/www.naturclic.com\/index.php?rest_route=%2Fwp%2Fv2%2Fcomments&post=6854"}],"wp:featuredmedia":[{"embeddable":true,"href":"https:\/\/www.naturclic.com\/index.php?rest_route=\/wp\/v2\/media\/6855"}],"wp:attachment":[{"href":"https:\/\/www.naturclic.com\/index.php?rest_route=%2Fwp%2Fv2%2Fmedia&parent=6854"}],"wp:term":[{"taxonomy":"product_brand","embeddable":true,"href":"https:\/\/www.naturclic.com\/index.php?rest_route=%2Fwp%2Fv2%2Fproduct_brand&post=6854"},{"taxonomy":"product_cat","embeddable":true,"href":"https:\/\/www.naturclic.com\/index.php?rest_route=%2Fwp%2Fv2%2Fproduct_cat&post=6854"},{"taxonomy":"product_tag","embeddable":true,"href":"https:\/\/www.naturclic.com\/index.php?rest_route=%2Fwp%2Fv2%2Fproduct_tag&post=6854"}],"curies":[{"name":"wp","href":"https:\/\/api.w.org\/{rel}","templated":true}]}}