{"id":6886,"date":"2020-05-18T18:03:39","date_gmt":"2020-05-18T16:03:39","guid":{"rendered":"http:\/\/www.naturclic.com\/?post_type=product&#038;p=6886"},"modified":"2022-02-03T09:18:11","modified_gmt":"2022-02-03T08:18:11","slug":"reishi-bio-60-capsulas-microgranulo-neo","status":"publish","type":"product","link":"https:\/\/www.naturclic.com\/?product=reishi-bio-60-capsulas-microgranulo-neo","title":{"rendered":"Reishi Bio 60 c\u00e1psulas microgranulo Neo"},"content":{"rendered":"<p><span id=\"product-description\" class=\"heading\">DESCRIPCI\u00d3N<\/span><\/p>\n<div class=\"product-description_text\">\n<div class=\"std\">\n<p>Reishi de Neo es un complemento alimenticio de reishi obtenido a partir de extractos puros de hongos de producci\u00f3n ecol\u00f3gica, libres de maltodextrinas y al\u00e9rgenos.<\/p>\n<p>Las c\u00e1psulas son gastrorresistentes y permiten proteger los activos del hongo del medio \u00e1cido, adem\u00e1s de mejorar su biodisponibilidad gracias a la gal\u00e9nica en microgr\u00e1nulo, una avanzada tecnolog\u00eda que optimiza, protege y modula la liberaci\u00f3n de los principios activos.<\/p>\n<\/div>\n<div class=\"tab\" data-target=\"product\">\n<div class=\"infoblock\">\n<h2>Indicaci\u00f3n<\/h2>\n<p>El Reishi (Ganoderma lucidum) es un hongo considerado en Oriente como \u201chongo de la inmortalidad\u201d y su uso ha sido documentado en China desde varios siglos antes de Cristo.<\/p>\n<p>Ha sido reconocido entre las 10 sustancias terap\u00e9uticas naturales m\u00e1s eficaces. Act\u00faa a nivel global protegiendo el organismo a nivel celular o de ADN. Refuerza el sistema inmunol\u00f3gico, lucha contra los radicales libres, regula el sistema digestivo, lucha contra enfermedades al\u00e9rgicas y ayuda a mantener el equilibrio mental, entre otros beneficios.<\/p>\n<\/div>\n<div class=\"infoblock\">\n<h2>Modo de empleo<\/h2>\n<p>Tomar 1 o 2 c\u00e1psulas al d\u00eda, preferiblemente en ayunas.<\/p>\n<\/div>\n<div class=\"infoblock\">\n<h2>Composici\u00f3n<\/h2>\n<p>Por 1 c\u00e1psula:<\/p>\n<p>Extracto seco de Reishi Bio (Ganoderma lucidum) estandarizado al 30% en polisac\u00e1ridos, 20% en betaglucanos y 5% en triterpenos (expresados en \u00e1cido ganod\u00e9rico): 300 mg<\/p>\n<p>Extracto de Camu-Camu (Myrciaria dubia) estandarizado al 50% en Vitamina C: 24 mg<\/p>\n<\/div>\n<\/div>\n<\/div>\n","protected":false},"excerpt":{"rendered":"<p>DESCRIPCI\u00d3N Reishi de Neo es un complemento alimenticio de reishi obtenido a partir de extractos puros de hongos de producci\u00f3n ecol\u00f3gica, libres de maltodextrinas y al\u00e9rgenos. Las c\u00e1psulas son gastrorresistentes y permiten proteger los activos del hongo del medio \u00e1cido, adem\u00e1s de mejorar su biodisponibilidad gracias a la gal\u00e9nica en microgr\u00e1nulo, una avanzada tecnolog\u00eda que &hellip; <\/p>\n<p class=\"link-more\"><a href=\"https:\/\/www.naturclic.com\/?product=reishi-bio-60-capsulas-microgranulo-neo\" class=\"more-link\">Continue reading<span class=\"screen-reader-text\"> &#8220;Reishi Bio 60 c\u00e1psulas microgranulo Neo&#8221;<\/span><\/a><\/p>\n","protected":false},"featured_media":6887,"comment_status":"open","ping_status":"closed","template":"","meta":{"_joinchat":[]},"product_brand":[],"product_cat":[128,130,126],"product_tag":[],"class_list":{"0":"post-6886","1":"product","2":"type-product","3":"status-publish","4":"has-post-thumbnail","6":"product_cat-fitoterapia-capsulas-y-comprimidos","7":"product_cat-hongos-medicinales","8":"product_cat-suplementos-naturales","10":"first","11":"instock","12":"taxable","13":"shipping-taxable","14":"purchasable","15":"product-type-simple"},"_links":{"self":[{"href":"https:\/\/www.naturclic.com\/index.php?rest_route=\/wp\/v2\/product\/6886","targetHints":{"allow":["GET"]}}],"collection":[{"href":"https:\/\/www.naturclic.com\/index.php?rest_route=\/wp\/v2\/product"}],"about":[{"href":"https:\/\/www.naturclic.com\/index.php?rest_route=\/wp\/v2\/types\/product"}],"replies":[{"embeddable":true,"href":"https:\/\/www.naturclic.com\/index.php?rest_route=%2Fwp%2Fv2%2Fcomments&post=6886"}],"wp:featuredmedia":[{"embeddable":true,"href":"https:\/\/www.naturclic.com\/index.php?rest_route=\/wp\/v2\/media\/6887"}],"wp:attachment":[{"href":"https:\/\/www.naturclic.com\/index.php?rest_route=%2Fwp%2Fv2%2Fmedia&parent=6886"}],"wp:term":[{"taxonomy":"product_brand","embeddable":true,"href":"https:\/\/www.naturclic.com\/index.php?rest_route=%2Fwp%2Fv2%2Fproduct_brand&post=6886"},{"taxonomy":"product_cat","embeddable":true,"href":"https:\/\/www.naturclic.com\/index.php?rest_route=%2Fwp%2Fv2%2Fproduct_cat&post=6886"},{"taxonomy":"product_tag","embeddable":true,"href":"https:\/\/www.naturclic.com\/index.php?rest_route=%2Fwp%2Fv2%2Fproduct_tag&post=6886"}],"curies":[{"name":"wp","href":"https:\/\/api.w.org\/{rel}","templated":true}]}}