{"id":6941,"date":"2020-06-05T07:33:12","date_gmt":"2020-06-05T05:33:12","guid":{"rendered":"http:\/\/www.naturclic.com\/?post_type=product&#038;p=6941"},"modified":"2024-08-09T16:15:57","modified_gmt":"2024-08-09T14:15:57","slug":"clavo","status":"publish","type":"product","link":"https:\/\/www.naturclic.com\/?product=clavo","title":{"rendered":"Clavo"},"content":{"rendered":"<p><strong>F\u00f3rmula<\/strong><br \/>\nIngredientes: clavo fresco molido (Syzygium aromaticum), antiaglomerante (estearato de magnesio vegetal), c\u00e1psula vegetal (agente de recubrimiento: pululano; humectante: agua purificada)<br \/>\nInformaci\u00f3n nutricional:<br \/>\n1 c\u00e1p<br \/>\n(601 mg)<br \/>\nClavo fresco molido (Syzygium aromaticum) 500mg<br \/>\n<strong>Advertencias<\/strong><br \/>\nEvitar su uso si est\u00e1 en tratamiento cr\u00f3nico con paracetamol o anticoagulantes. Consultar al profesional en caso de embarazo o lactancia o si presenta unas condiciones m\u00e9dicas especiales.<br \/>\n<strong>Dosis recomendada<\/strong><br \/>\nComo complemento alimenticio se sugiere tomar 1 c\u00e1psula al d\u00eda o seguir las indicaciones de un especialista.<br \/>\n<strong>Indicaciones y usos<\/strong><br \/>\nPROBLEMAS DIGESTIVOS: combate las n\u00e1useas, estimula la producci\u00f3n de jugos g\u00e1stricos, es un buen carminativo, ayuda en la digesti\u00f3n, mejora el apetito y se usa para los c\u00f3licos, diarrea, dispepsia y v\u00f3mitos. Tambi\u00e9n se reconoce su efectividad en el tratamiento de par\u00e1sitos.<br \/>\nM\u00daSCULOS Y TEJIDOS: alivia los dolores musculares, artritis, reumatismo, esguinces y desgarros.<br \/>\nPIEL: antis\u00e9ptico. Utilizado para tratar el acn\u00e9, pie de atleta, granos y \u00falceras.<br \/>\nSISTEMA RESPIRATORIO: antis\u00e9ptico, antiespasm\u00f3dico y expectorante. Se usa para tratar el asma y bronquitis. Muchos estudios indican que es muy efectivo para combatir la neumon\u00eda.<br \/>\nLo m\u00e1s destacado<br \/>\nNo<br \/>\nRecomendaci\u00f3n importante<br \/>\nNo<br \/>\n<strong>Detalles<\/strong><br \/>\nEl clavo es una especia que adem\u00e1s de ser utilizada culinariamente ha demostrado tener propiedades medicinales. Tiene grandes propiedades c\u00f3mo antis\u00e9ptico y analg\u00e9sico.<br \/>\nCLAVO: Originario de Filipinas, Islas Maluca y Este y Oeste de India, se utilizaba ya en la \u00e9poca romana. En el siglo XVIII se cultivaron las primeras plantaciones en Zanz\u00edbar y Madagascar siendo actualmente los principales pa\u00edses productores.<br \/>\nCuando los capullos son recogidos son de color rosa y cuando se secan se pueden utilizar en polvo o se puede extraer un aceite esencial, de cualquier manera, el clavo es muy rico en eugenol, su principio activo, el cual tiene un gran poder antis\u00e9ptico (1,4).<br \/>\nEl clavo es muy rico en eugenol (80-85%), acetileugenol, cariofileno, pineno, cariofilina, salicilato de metilo, taninos (10-13%), muc\u00edlago, heter\u00f3sidos de sitosterol, estigmasterol y campestrol. El principio activo eugenol es bien conocido por su efecto positivo para eliminar bacterias, par\u00e1sitos y virus. Al matar las bacterias, eugenol ayuda a prevenir el malestar estomacal, la diarrea del viajero y las infecciones de heridas. Es muy eficaz como antis\u00e9ptico y como analg\u00e9sico (1-3).<\/p>\n","protected":false},"excerpt":{"rendered":"<p>El clavo es una especia que adem\u00e1s de ser utilizada culinariamente ha demostrado tener propiedades medicinales. Tiene grandes propiedades c\u00f3mo antis\u00e9ptico y analg\u00e9sico.<\/p>\n","protected":false},"featured_media":6942,"comment_status":"open","ping_status":"closed","template":"","meta":{"_joinchat":[]},"product_brand":[],"product_cat":[128,127,126],"product_tag":[],"class_list":{"0":"post-6941","1":"product","2":"type-product","3":"status-publish","4":"has-post-thumbnail","6":"product_cat-fitoterapia-capsulas-y-comprimidos","7":"product_cat-nutricion-ortomolecular","8":"product_cat-suplementos-naturales","10":"first","11":"instock","12":"taxable","13":"shipping-taxable","14":"purchasable","15":"product-type-simple"},"_links":{"self":[{"href":"https:\/\/www.naturclic.com\/index.php?rest_route=\/wp\/v2\/product\/6941","targetHints":{"allow":["GET"]}}],"collection":[{"href":"https:\/\/www.naturclic.com\/index.php?rest_route=\/wp\/v2\/product"}],"about":[{"href":"https:\/\/www.naturclic.com\/index.php?rest_route=\/wp\/v2\/types\/product"}],"replies":[{"embeddable":true,"href":"https:\/\/www.naturclic.com\/index.php?rest_route=%2Fwp%2Fv2%2Fcomments&post=6941"}],"wp:featuredmedia":[{"embeddable":true,"href":"https:\/\/www.naturclic.com\/index.php?rest_route=\/wp\/v2\/media\/6942"}],"wp:attachment":[{"href":"https:\/\/www.naturclic.com\/index.php?rest_route=%2Fwp%2Fv2%2Fmedia&parent=6941"}],"wp:term":[{"taxonomy":"product_brand","embeddable":true,"href":"https:\/\/www.naturclic.com\/index.php?rest_route=%2Fwp%2Fv2%2Fproduct_brand&post=6941"},{"taxonomy":"product_cat","embeddable":true,"href":"https:\/\/www.naturclic.com\/index.php?rest_route=%2Fwp%2Fv2%2Fproduct_cat&post=6941"},{"taxonomy":"product_tag","embeddable":true,"href":"https:\/\/www.naturclic.com\/index.php?rest_route=%2Fwp%2Fv2%2Fproduct_tag&post=6941"}],"curies":[{"name":"wp","href":"https:\/\/api.w.org\/{rel}","templated":true}]}}