{"id":7016,"date":"2020-08-05T16:49:25","date_gmt":"2020-08-05T14:49:25","guid":{"rendered":"https:\/\/www.naturclic.com\/?post_type=product&#038;p=7016"},"modified":"2024-08-12T15:43:47","modified_gmt":"2024-08-12T13:43:47","slug":"s-o-d-complex-30-capsulas-suravitasan","status":"publish","type":"product","link":"https:\/\/www.naturclic.com\/?product=s-o-d-complex-30-capsulas-suravitasan","title":{"rendered":"S.O.D. Complex 30 c\u00e1psulas SuraVitasan"},"content":{"rendered":"<hr \/>\n<div class=\"uk-child-width-1-1@m uk-grid-small uk-grid-match atributos-sin-columnas uk-grid uk-grid-stack\">\n<div class=\"uk-first-column\">\n<div class=\"uk-card uk-card-small\">\n<h3 class=\"uk-card-title\">F\u00f3rmula<\/h3>\n<div class=\"uk-card-body\">\n<div class=\"uk-overflow-auto\">\n<div class=\"WordSection1\">\n<div class=\"WordSection1\">\n<p>&lt;td &#8220;=&#8221;&#8221;&gt;<strong>Informaci\u00f3n nutricional:<\/strong>&lt;td &#8220;=&#8221;&#8221;&gt;<strong>1<\/strong>&lt;td &#8220;=&#8221;&#8221;&gt;Super\u00f3xido dismutasa (de\u00a0<em>Rosa roxburghii<\/em>)&lt;td &#8220;=&#8221;&#8221;&gt;7.250&lt;td &#8220;=&#8221;&#8221;&gt;Catalasa&lt;td &#8220;=&#8221;&#8221;&gt;112,5\u00a0&lt;td &#8220;=&#8221;&#8221;&gt;Goji (<em>Lycium barbarum<\/em>) (30% polisac\u00e1ridos)&lt;td &#8220;=&#8221;&#8221;&gt;40&lt;td &#8220;=&#8221;&#8221;&gt;N-acetil-L-ciste\u00edna&lt;td &#8220;=&#8221;&#8221;&gt;25&lt;td &#8220;=&#8221;&#8221;&gt;Riboflavina (vit. B2)&lt;td &#8220;=&#8221;&#8221;&gt;5&lt;td &#8220;=&#8221;&#8221;&gt;Vit. E (acetato de DL- alfa-tocoferilo) (5 UI)&lt;td &#8220;=&#8221;&#8221;&gt;3,35&lt;td &#8220;=&#8221;&#8221;&gt;Folato\u00a0(l\u2011metilfolato c\u00e1lcico)&lt;td &#8220;=&#8221;&#8221;&gt;60&lt;td &#8220;=&#8221;&#8221;&gt;Selenio (de L\u2011seleniometionina)&lt;td &#8220;=&#8221;&#8221;&gt;11&lt;td &#8220;=&#8221;&#8221;&gt;L\u2011Ciste\u00edna (clorhidrato)&lt;td &#8220;=&#8221;&#8221;&gt;10 mg&lt;td &#8220;=&#8221;&#8221;&gt;\u00c1cido DL\u2011alfa-lipoico&lt;td &#8220;=&#8221;&#8221;&gt;25&lt;td &#8220;=&#8221;&#8221;&gt;L\u2011Glutati\u00f3n&lt;td &#8220;=&#8221;&#8221;&gt;10&lt;td &#8220;=&#8221;&#8221;&gt;Prote\u00edna de\u00a0<strong>trigo<\/strong>\u00a0hidrolizada&lt;td &#8220;=&#8221;&#8221;&gt;50<\/p>\n<table class=\"uk-table uk-table-divider\" border=\"0\" cellspacing=\"0\" cellpadding=\"0\">\n<tbody>\n<tr>\n<td colspan=\"3\">&lt;p &#8220;=&#8221;&#8221;&gt;<strong>Ingredientes:\u00a0<\/strong>super\u00f3xido dismutasa (de Ci Li,\u00a0<em>Rosa roxburghii<\/em>), extracto de bayas de goji (<em>Lycium barbarum<\/em>), N\u2011acetil-l\u2011ciste\u00edna, \u00e1cido alfa lipoico, prote\u00edna de\u00a0<strong>trigo<\/strong>\u00a0hidrolizada (<em>Triticum aestivum<\/em>), clorhidrato de L-ciste\u00edna, L-glutati\u00f3n, acetato de DL-alfa-tocoferilo (vit. E), antiaglomerantes (estearato de magnesio vegetal y di\u00f3xido de silicio), riboflavina (vit. B2), L-seleniometionina, c\u00e1psula vegetal ent\u00e9rica (agente de recubrimiento: hidroxipropilmetilcelulosa; humectante: agua purificada).<\/td>\n<\/tr>\n<tr>\n<td valign=\"bottom\" nowrap=\"nowrap\"><strong>c\u00e1p<\/strong><\/td>\n<\/tr>\n<tr>\n<td valign=\"bottom\" nowrap=\"nowrap\">UI SOD<\/td>\n<\/tr>\n<tr>\n<td valign=\"bottom\" nowrap=\"nowrap\">Uds. Baker<\/td>\n<\/tr>\n<tr>\n<td valign=\"bottom\" nowrap=\"nowrap\">mg<\/td>\n<\/tr>\n<tr>\n<td valign=\"bottom\" nowrap=\"nowrap\">mg<\/td>\n<\/tr>\n<tr>\n<td valign=\"bottom\" nowrap=\"nowrap\">mg (357%*)<\/td>\n<\/tr>\n<tr>\n<td valign=\"bottom\" nowrap=\"nowrap\">mg \u03b1-TE (28%*)<\/td>\n<\/tr>\n<tr>\n<td valign=\"bottom\" nowrap=\"nowrap\">\u03bcg (30%*)<\/td>\n<\/tr>\n<tr>\n<td valign=\"bottom\" nowrap=\"nowrap\">\u03bcg (20%*)<\/td>\n<\/tr>\n<tr>\n<td valign=\"bottom\" nowrap=\"nowrap\">mg<\/td>\n<\/tr>\n<tr>\n<td valign=\"bottom\" nowrap=\"nowrap\">mg<\/td>\n<\/tr>\n<tr>\n<td valign=\"bottom\" nowrap=\"nowrap\">mg<\/td>\n<\/tr>\n<tr>\n<td valign=\"bottom\" nowrap=\"nowrap\">mg<\/td>\n<\/tr>\n<tr>\n<td nowrap=\"nowrap\">*VRN: valor de referencia de nutrientes en %.<\/td>\n<td valign=\"bottom\" nowrap=\"nowrap\"><\/td>\n<td valign=\"bottom\" nowrap=\"nowrap\"><\/td>\n<\/tr>\n<tr>\n<td nowrap=\"nowrap\"><strong>Este producto contiene gluten.<\/strong><\/td>\n<td valign=\"bottom\" nowrap=\"nowrap\"><\/td>\n<td valign=\"bottom\" nowrap=\"nowrap\"><\/td>\n<\/tr>\n<\/tbody>\n<\/table>\n<p>&nbsp;<\/p>\n<\/div>\n<p>&nbsp;<\/p>\n<\/div>\n<\/div>\n<\/div>\n<\/div>\n<\/div>\n<div class=\"uk-grid-margin uk-first-column\">\n<div class=\"uk-card uk-card-small\">\n<h3 class=\"uk-card-title\">Advertencias<\/h3>\n<div class=\"uk-card-body\">\n<p class=\"Default\">consultar con el profesional antes de tomar este producto en caso de embarazo o lactancia, si presenta unas condiciones m\u00e9dicas especiales (como asma o diabetes) o est\u00e1 en tratamiento con medicaci\u00f3n (como antibi\u00f3ticos). \u00a0Si usted est\u00e1 recibiendo tratamiento con f\u00e1rmacos hipoglucemiantes ante la posibilidad de utilizar el producto, acuda al m\u00e9dico. No administrar a ni\u00f1os menores de 3 a\u00f1os de edad.<\/p>\n<p class=\"Default\"><strong>Reacciones adversas conocidas:<\/strong>\u00a0este producto puede causar reacciones al\u00e9rgicas. Deje de tomar este producto y consulte al profesional de la salud en caso de alergia, n\u00e1useas o v\u00f3mitos.<\/p>\n<\/div>\n<\/div>\n<\/div>\n<div class=\"uk-grid-margin uk-first-column\">\n<div class=\"uk-card uk-card-small\">\n<h3 class=\"uk-card-title\">Dosis recomendada<\/h3>\n<div class=\"uk-card-body\">\n<p>1 c\u00e1psula al d\u00eda con comida.<\/p>\n<p>Consultar con el profesional para un uso mayor a 6 meses.<\/p>\n<p>&nbsp;<\/p>\n<\/div>\n<\/div>\n<\/div>\n<div class=\"uk-grid-margin uk-first-column\">\n<div class=\"uk-card uk-card-small\">\n<h3 class=\"uk-card-title\">Indicaciones y usos<\/h3>\n<div class=\"uk-card-body\">\n<p>S.O.D. contribuye a:<\/p>\n<p>Acelerar el uso de nutrientes por las c\u00e9lulas para aumentar energ\u00eda, fortalecer las membranas celulares para mejorar la resistencia a toxinas y enfermedades ambientales, extender la longevidad celular para ralentizar los signos del envejecimiento, mejorar la producci\u00f3n de energ\u00eda mediante la eliminaci\u00f3n de los subproductos (per\u00f3xido de hidr\u00f3geno) del metabolismo celular, proteger el ADN celular del da\u00f1o de los radicales libres y de las posibles mutaciones causantes de la enfermedad y neutralizar la acumulaci\u00f3n de \u00e1cido l\u00e1ctico para mejorar la resistencia y reducir el dolor muscular de los que sufren estr\u00e9s f\u00edsico.<\/p>\n<\/div>\n<\/div>\n<\/div>\n<div class=\"uk-grid-margin uk-first-column\">\n<div class=\"uk-card uk-card-small\">\n<h3 class=\"uk-card-title\">Lo m\u00e1s destacado<\/h3>\n<div class=\"uk-card-body\">No<\/div>\n<\/div>\n<\/div>\n<div class=\"uk-grid-margin uk-first-column\">\n<div class=\"uk-card uk-card-small\">\n<h3 class=\"uk-card-title\">Recomendaci\u00f3n importante<\/h3>\n<div class=\"uk-card-body\">No<\/div>\n<\/div>\n<\/div>\n<\/div>\n<div class=\"uk-child-width-1-1@m uk-grid-small uk-grid-match atributos-sin-columnas uk-grid uk-grid-stack\">\n<div class=\"uk-first-column\">\n<div class=\"uk-card uk-card-small\">\n<h3 class=\"uk-card-title\">Detalles<\/h3>\n<div class=\"uk-card-body\">\n<p>S.O.D. es una f\u00f3rmula que fortalece las c\u00e9lulas para mejorar la producci\u00f3n de energ\u00eda y resistencia al estr\u00e9s oxidativo. Las c\u00e9lulas sanas y eficientes prolongar\u00e1n colectivamente la vida celular para frenar el proceso de envejecimiento y protegerlo de los efectos devastadores de la amplia gama de enfermedades degenerativas relacionadas con la edad.<\/p>\n<p>SOD ha sido formulado con ingredientes complementarios que fortalecen las membranas celulares para resistir las toxinas ambientales, mejorar la absorci\u00f3n de nutrientes, aumentar la producci\u00f3n de energ\u00eda celular y proteger el ADN que puede resultar da\u00f1ado durante la replicaci\u00f3n celular.<\/p>\n<p>Nuestra f\u00f3rmula S.O.D. est\u00e1 protegida gracias al revestimiento ent\u00e9rico especial PH<sub>5<\/sub>D preservando la potencia y eficacia de las enzimas y del resto de ingredientes, protegi\u00e9ndolos de los \u00e1cidos estomacales.<\/p>\n<p>SUPER\u00d3XIDO DISMUTASA\u00a0(de\u00a0<em>Rosa roxburghii<\/em>): La super\u00f3xido dismutasa de origen vegetal de 160.000 IU de actividad enzim\u00e1tica, protege a las c\u00e9lulas de la exposici\u00f3n nociva de radicales libres y de la abundancia de toxinas presentes en nuestro cuerpo que pueden causar la muerte celular que conducen a la aparici\u00f3n prematura de muchas enfermedades degenerativas relacionadas con la edad. La protecci\u00f3n proporcionada compensa la disminuci\u00f3n de los niveles de este poderoso antioxidante que resulta del envejecimiento. Tambi\u00e9n mejora la absorci\u00f3n celular de los oligometales que protegen activamente las mitocondrias de da\u00f1os de los radicales libres para evitar la disminuci\u00f3n de los niveles de energ\u00eda comunes con la edad\u00a0<sup>(1,5,6)<\/sup>.<\/p>\n<\/div>\n<\/div>\n<\/div>\n<\/div>\n","protected":false},"excerpt":{"rendered":"<p>F\u00f3rmula &lt;td &#8220;=&#8221;&#8221;&gt;Informaci\u00f3n nutricional:&lt;td &#8220;=&#8221;&#8221;&gt;1&lt;td &#8220;=&#8221;&#8221;&gt;Super\u00f3xido dismutasa (de\u00a0Rosa roxburghii)&lt;td &#8220;=&#8221;&#8221;&gt;7.250&lt;td &#8220;=&#8221;&#8221;&gt;Catalasa&lt;td &#8220;=&#8221;&#8221;&gt;112,5\u00a0&lt;td &#8220;=&#8221;&#8221;&gt;Goji (Lycium barbarum) (30% polisac\u00e1ridos)&lt;td &#8220;=&#8221;&#8221;&gt;40&lt;td &#8220;=&#8221;&#8221;&gt;N-acetil-L-ciste\u00edna&lt;td &#8220;=&#8221;&#8221;&gt;25&lt;td &#8220;=&#8221;&#8221;&gt;Riboflavina (vit. B2)&lt;td &#8220;=&#8221;&#8221;&gt;5&lt;td &#8220;=&#8221;&#8221;&gt;Vit. E (acetato de DL- alfa-tocoferilo) (5 UI)&lt;td &#8220;=&#8221;&#8221;&gt;3,35&lt;td &#8220;=&#8221;&#8221;&gt;Folato\u00a0(l\u2011metilfolato c\u00e1lcico)&lt;td &#8220;=&#8221;&#8221;&gt;60&lt;td &#8220;=&#8221;&#8221;&gt;Selenio (de L\u2011seleniometionina)&lt;td &#8220;=&#8221;&#8221;&gt;11&lt;td &#8220;=&#8221;&#8221;&gt;L\u2011Ciste\u00edna (clorhidrato)&lt;td &#8220;=&#8221;&#8221;&gt;10 mg&lt;td &#8220;=&#8221;&#8221;&gt;\u00c1cido DL\u2011alfa-lipoico&lt;td &#8220;=&#8221;&#8221;&gt;25&lt;td &#8220;=&#8221;&#8221;&gt;L\u2011Glutati\u00f3n&lt;td &#8220;=&#8221;&#8221;&gt;10&lt;td &#8220;=&#8221;&#8221;&gt;Prote\u00edna de\u00a0trigo\u00a0hidrolizada&lt;td &#8220;=&#8221;&#8221;&gt;50 &lt;p &#8220;=&#8221;&#8221;&gt;Ingredientes:\u00a0super\u00f3xido dismutasa &hellip; <\/p>\n<p class=\"link-more\"><a href=\"https:\/\/www.naturclic.com\/?product=s-o-d-complex-30-capsulas-suravitasan\" class=\"more-link\">Continue reading<span class=\"screen-reader-text\"> &#8220;S.O.D. Complex 30 c\u00e1psulas SuraVitasan&#8221;<\/span><\/a><\/p>\n","protected":false},"featured_media":7017,"comment_status":"open","ping_status":"closed","template":"","meta":{"_joinchat":[]},"product_brand":[],"product_cat":[127],"product_tag":[],"class_list":{"0":"post-7016","1":"product","2":"type-product","3":"status-publish","4":"has-post-thumbnail","6":"product_cat-nutricion-ortomolecular","8":"first","9":"instock","10":"taxable","11":"shipping-taxable","12":"purchasable","13":"product-type-simple"},"_links":{"self":[{"href":"https:\/\/www.naturclic.com\/index.php?rest_route=\/wp\/v2\/product\/7016","targetHints":{"allow":["GET"]}}],"collection":[{"href":"https:\/\/www.naturclic.com\/index.php?rest_route=\/wp\/v2\/product"}],"about":[{"href":"https:\/\/www.naturclic.com\/index.php?rest_route=\/wp\/v2\/types\/product"}],"replies":[{"embeddable":true,"href":"https:\/\/www.naturclic.com\/index.php?rest_route=%2Fwp%2Fv2%2Fcomments&post=7016"}],"wp:featuredmedia":[{"embeddable":true,"href":"https:\/\/www.naturclic.com\/index.php?rest_route=\/wp\/v2\/media\/7017"}],"wp:attachment":[{"href":"https:\/\/www.naturclic.com\/index.php?rest_route=%2Fwp%2Fv2%2Fmedia&parent=7016"}],"wp:term":[{"taxonomy":"product_brand","embeddable":true,"href":"https:\/\/www.naturclic.com\/index.php?rest_route=%2Fwp%2Fv2%2Fproduct_brand&post=7016"},{"taxonomy":"product_cat","embeddable":true,"href":"https:\/\/www.naturclic.com\/index.php?rest_route=%2Fwp%2Fv2%2Fproduct_cat&post=7016"},{"taxonomy":"product_tag","embeddable":true,"href":"https:\/\/www.naturclic.com\/index.php?rest_route=%2Fwp%2Fv2%2Fproduct_tag&post=7016"}],"curies":[{"name":"wp","href":"https:\/\/api.w.org\/{rel}","templated":true}]}}