{"id":7043,"date":"2020-09-09T17:23:20","date_gmt":"2020-09-09T15:23:20","guid":{"rendered":"https:\/\/www.naturclic.com\/?post_type=product&#038;p=7043"},"modified":"2022-02-03T18:09:38","modified_gmt":"2022-02-03T17:09:38","slug":"ergyflavona-nutergia-60-capsulas","status":"publish","type":"product","link":"https:\/\/www.naturclic.com\/?product=ergyflavona-nutergia-60-capsulas","title":{"rendered":"Ergyflavona Nutergia 60 c\u00e1psulas"},"content":{"rendered":"<p>DESCRIPCI\u00d3N<br \/>\nErgyflavona de Nutergia es una asociaci\u00f3n de plantas que contribuyen al confort femenino durante la menopausia.<\/p>\n<p>Indicaci\u00f3n<br \/>\nContiene salvia, l\u00fapulo, soja y calcio, es una asociaci\u00f3n de plantas que contribuyen al confort femenino durante la menopausia. El zinc participa en el mantenimiento de la calidad de la piel. El selenio permite proteger las c\u00e9lulas contra el stress oxidativo. El calcio permite preservar el capital \u00f3seo. El cromo contribuye en el mantenimiento de la glicemia y al equilibrio hormonal femenino y de minerales que participan en la vitalidad y la belleza de la piel y contribuyen a preservar el capital \u00f3seo la salvia, el l\u00fapulo y los minerales completan esta acci\u00f3n.<\/p>\n<p>Modo de empleo<br \/>\nSe recomienda tomar con las comidas.<\/p>\n<p>Composici\u00f3n<br \/>\nPor 1 c\u00e1psula:<\/p>\n<p>Soja (125 mg), Calcio (65 mg), Salvia (30 mg), Extracto de L\u00fapulo (30 mg), Magnesio (15 mg), Selenio (12.5 g), Cromo (5 g), Zinc (2.4 mg).<\/p>\n<p>Advertencias<br \/>\nNo hay descritas<\/p>\n","protected":false},"excerpt":{"rendered":"<p><strong>DESCRIPCI\u00d3N<\/strong><br \/>\nErgyflavona de Nutergia es una asociaci\u00f3n de plantas que contribuyen al confort femenino durante la menopausia.<\/p>\n<p><strong>Indicaci\u00f3n<\/strong><br \/>\nContiene salvia, l\u00fapulo, soja y calcio, es una asociaci\u00f3n de plantas que contribuyen al confort femenino durante la menopausia. El zinc participa en el mantenimiento de la calidad de la piel. El selenio permite proteger las c\u00e9lulas contra el stress oxidativo. El calcio permite preservar el capital \u00f3seo. El cromo contribuye en el mantenimiento de la glicemia y al equilibrio hormonal femenino y de minerales que participan en la vitalidad y la belleza de la piel y contribuyen a preservar el capital \u00f3seo la salvia, el l\u00fapulo y los minerales completan esta acci\u00f3n.<\/p>\n<p><strong>Modo de empleo<\/strong><br \/>\nSe recomienda tomar con las comidas.<\/p>\n<p><strong>Composici\u00f3n<\/strong><br \/>\nPor 1 c\u00e1psula:<\/p>\n<p>Soja (125 mg), Calcio (65 mg), Salvia (30 mg), Extracto de L\u00fapulo (30 mg), Magnesio (15 mg), Selenio (12.5 g), Cromo (5 g), Zinc (2.4 mg).<\/p>\n<p><strong>Advertencias<\/strong><br \/>\nNo hay descritas<\/p>\n","protected":false},"featured_media":7044,"comment_status":"open","ping_status":"closed","template":"","meta":{"_joinchat":[]},"product_brand":[],"product_cat":[127],"product_tag":[],"class_list":{"0":"post-7043","1":"product","2":"type-product","3":"status-publish","4":"has-post-thumbnail","6":"product_cat-nutricion-ortomolecular","8":"first","9":"instock","10":"taxable","11":"shipping-taxable","12":"purchasable","13":"product-type-simple"},"_links":{"self":[{"href":"https:\/\/www.naturclic.com\/index.php?rest_route=\/wp\/v2\/product\/7043","targetHints":{"allow":["GET"]}}],"collection":[{"href":"https:\/\/www.naturclic.com\/index.php?rest_route=\/wp\/v2\/product"}],"about":[{"href":"https:\/\/www.naturclic.com\/index.php?rest_route=\/wp\/v2\/types\/product"}],"replies":[{"embeddable":true,"href":"https:\/\/www.naturclic.com\/index.php?rest_route=%2Fwp%2Fv2%2Fcomments&post=7043"}],"wp:featuredmedia":[{"embeddable":true,"href":"https:\/\/www.naturclic.com\/index.php?rest_route=\/wp\/v2\/media\/7044"}],"wp:attachment":[{"href":"https:\/\/www.naturclic.com\/index.php?rest_route=%2Fwp%2Fv2%2Fmedia&parent=7043"}],"wp:term":[{"taxonomy":"product_brand","embeddable":true,"href":"https:\/\/www.naturclic.com\/index.php?rest_route=%2Fwp%2Fv2%2Fproduct_brand&post=7043"},{"taxonomy":"product_cat","embeddable":true,"href":"https:\/\/www.naturclic.com\/index.php?rest_route=%2Fwp%2Fv2%2Fproduct_cat&post=7043"},{"taxonomy":"product_tag","embeddable":true,"href":"https:\/\/www.naturclic.com\/index.php?rest_route=%2Fwp%2Fv2%2Fproduct_tag&post=7043"}],"curies":[{"name":"wp","href":"https:\/\/api.w.org\/{rel}","templated":true}]}}