{"id":7081,"date":"2020-09-10T18:21:00","date_gmt":"2020-09-10T16:21:00","guid":{"rendered":"https:\/\/www.naturclic.com\/?post_type=product&#038;p=7081"},"modified":"2022-02-02T19:15:43","modified_gmt":"2022-02-02T18:15:43","slug":"ergyphilus-confort","status":"publish","type":"product","link":"https:\/\/www.naturclic.com\/?product=ergyphilus-confort","title":{"rendered":"Ergyphilus Confort"},"content":{"rendered":"<p>DESCRIPCI\u00d3N<br \/>\nErgyphilus Conf de Nutergia es un complemento alimentario que mantiene el equilibrio de la flora intestinal y favorece el confort digestivo.<\/p>\n<p>Indicaci\u00f3n<br \/>\nContiene fermentos l\u00e1cticos L.plantarum y B.longum. Es una asociaci\u00f3n de lactobacillus y bifidobacterias seleccionadas, en particular L. plantarum y B. longum que mantienen el equilibrio de la flora intestinal y favorecen el confort digestivo. Est\u00e1 particularmente recomendado para las siguientes acciones de terreno: molestias intestinales (gases, hinchazones\u2026), desequilibrio de la flora intestinal, regula el tr\u00e1nsito intestinal, facilitar la digesti\u00f3n de la lactosa, mejora la digestibilidad y la asimilaci\u00f3n de nutrientes y minerales, hinchazones, pesadez. Es una asociaci\u00f3n de cepas probi\u00f3ticas para contribuir a mantener el equilibrio en el aparato digestivo.<\/p>\n<p>Modo de empleo<br \/>\nSe recomienda tomar 2-4 c\u00e1psulas fuera de las comidas o por la ma\u00f1ana en ayunas.<\/p>\n<p>Composici\u00f3n<br \/>\nAlmid\u00f3n de patata, Fructo-oligosac\u00e1ridos, Lactobacillus y bifidobacterias liofilizadas, Estearato de magnesio vegetal, Vitamina C, Gelatina de pescado.<\/p>\n","protected":false},"excerpt":{"rendered":"<p>Composici\u00f3n<br \/>\nAlmid\u00f3n de patata, Fructo-oligosac\u00e1ridos, Lactobacillus y bifidobacterias liofilizadas, Estearato de magnesio vegetal, Vitamina C, Gelatina de pescado.<\/p>\n","protected":false},"featured_media":7082,"comment_status":"open","ping_status":"closed","template":"","meta":{"_joinchat":[]},"product_brand":[],"product_cat":[127],"product_tag":[],"class_list":{"0":"post-7081","1":"product","2":"type-product","3":"status-publish","4":"has-post-thumbnail","6":"product_cat-nutricion-ortomolecular","8":"first","9":"instock","10":"taxable","11":"shipping-taxable","12":"purchasable","13":"product-type-simple"},"_links":{"self":[{"href":"https:\/\/www.naturclic.com\/index.php?rest_route=\/wp\/v2\/product\/7081","targetHints":{"allow":["GET"]}}],"collection":[{"href":"https:\/\/www.naturclic.com\/index.php?rest_route=\/wp\/v2\/product"}],"about":[{"href":"https:\/\/www.naturclic.com\/index.php?rest_route=\/wp\/v2\/types\/product"}],"replies":[{"embeddable":true,"href":"https:\/\/www.naturclic.com\/index.php?rest_route=%2Fwp%2Fv2%2Fcomments&post=7081"}],"wp:featuredmedia":[{"embeddable":true,"href":"https:\/\/www.naturclic.com\/index.php?rest_route=\/wp\/v2\/media\/7082"}],"wp:attachment":[{"href":"https:\/\/www.naturclic.com\/index.php?rest_route=%2Fwp%2Fv2%2Fmedia&parent=7081"}],"wp:term":[{"taxonomy":"product_brand","embeddable":true,"href":"https:\/\/www.naturclic.com\/index.php?rest_route=%2Fwp%2Fv2%2Fproduct_brand&post=7081"},{"taxonomy":"product_cat","embeddable":true,"href":"https:\/\/www.naturclic.com\/index.php?rest_route=%2Fwp%2Fv2%2Fproduct_cat&post=7081"},{"taxonomy":"product_tag","embeddable":true,"href":"https:\/\/www.naturclic.com\/index.php?rest_route=%2Fwp%2Fv2%2Fproduct_tag&post=7081"}],"curies":[{"name":"wp","href":"https:\/\/api.w.org\/{rel}","templated":true}]}}