{"id":7203,"date":"2021-01-30T18:09:30","date_gmt":"2021-01-30T17:09:30","guid":{"rendered":"https:\/\/www.naturclic.com\/?post_type=product&#038;p=7203"},"modified":"2022-03-29T15:06:54","modified_gmt":"2022-03-29T13:06:54","slug":"curarti-forte-30-comprimidos-plameca","status":"publish","type":"product","link":"https:\/\/www.naturclic.com\/?product=curarti-forte-30-comprimidos-plameca","title":{"rendered":"Curarti Forte 30 comprimidos Plameca"},"content":{"rendered":"<p>Propiedades de Curarti Forte<br \/>\nCurarti Forte 4 de Plameca es un complemento diet\u00e9tico indicado como tratamiento de los problemas de inflamaci\u00f3n, rigidez articular y dolor asociado a dolencias articulares. Tambi\u00e9n indicado para per\u00edodos en que se agravan los s\u00edntomas, como por ejemplo: en \u00e9poca de fr\u00edo y humedad. Es antiinflamatorio, analg\u00e9sico, protector g\u00e1strico y antioxidante natural m\u00e1s potente.<\/p>\n<p>Curarti Forte 4 de Plameca tiene una formulaci\u00f3n innovadora de Curcumina Complexada Curati que permite una concentraci\u00f3n 45 veces m\u00e1s concentrada que otros productos similares del mercado. Forma un complejo hidrosoluble y f\u00e1cil de asimilar entre: B-ciclodextrina que es una mol\u00e9cula hueca que dirige el principio activo insoluble, permitiendo su f\u00e1cil asimilaci\u00f3n. Tambi\u00e9n curcumina que inhibe la liberaci\u00f3n de los agentes inflamatorios, permitiendo una r\u00e1pida mejor\u00eda de los s\u00edntomas y la recuperaci\u00f3n de la actividad reparadora del cart\u00edlago por parte de los condrocitos.<\/p>\n<p>Beneficios de Curarti Forte<br \/>\nCurarti Forte contribuye al buen funcionamiento de los cart\u00edlagos y de los huesos. Adem\u00e1s, ayuda a la formaci\u00f3n normal de col\u00e1geno, y a disminuir el cansancio y la fatiga.<\/p>\n<p>Curarti Forte contraindicaciones<br \/>\nAl estimular la producci\u00f3n de bilis, se desaconseja el consumo de c\u00farcuma en cuadros de obstrucci\u00f3n de las v\u00edas biliares.<\/p>\n<p>\u00bfC\u00f3mo tomar Curarti Forte?<br \/>\nSe recomienda tomar 1 comprimido al d\u00eda con un vaso de agua.<\/p>\n<p>Almacenamiento<br \/>\nNo superar la dosis diaria recomendada. Mant\u00e9ngase fuera del alcance de los ni\u00f1os m\u00e1s peque\u00f1os.Conservar en lugar fresco y seco.<\/p>\n<p>Composici\u00f3n<br \/>\nPor 1 c\u00e1psula:<\/p>\n<p>Curcumina complexada Curarti (78 mg), Molibdeno (65 mg), Vitamina C (18 mg).<\/p>\n","protected":false},"excerpt":{"rendered":"<p>Propiedades de Curarti Forte Curarti Forte 4 de Plameca es un complemento diet\u00e9tico indicado como tratamiento de los problemas de inflamaci\u00f3n, rigidez articular y dolor asociado a dolencias articulares. Tambi\u00e9n indicado para per\u00edodos en que se agravan los s\u00edntomas, como por ejemplo: en \u00e9poca de fr\u00edo y humedad. Es antiinflamatorio, analg\u00e9sico, protector g\u00e1strico y antioxidante &hellip; <\/p>\n<p class=\"link-more\"><a href=\"https:\/\/www.naturclic.com\/?product=curarti-forte-30-comprimidos-plameca\" class=\"more-link\">Continue reading<span class=\"screen-reader-text\"> &#8220;Curarti Forte 30 comprimidos Plameca&#8221;<\/span><\/a><\/p>\n","protected":false},"featured_media":7204,"comment_status":"open","ping_status":"closed","template":"","meta":{"_joinchat":[]},"product_brand":[],"product_cat":[128],"product_tag":[],"class_list":{"0":"post-7203","1":"product","2":"type-product","3":"status-publish","4":"has-post-thumbnail","6":"product_cat-fitoterapia-capsulas-y-comprimidos","8":"first","9":"instock","10":"taxable","11":"shipping-taxable","12":"purchasable","13":"product-type-simple"},"_links":{"self":[{"href":"https:\/\/www.naturclic.com\/index.php?rest_route=\/wp\/v2\/product\/7203","targetHints":{"allow":["GET"]}}],"collection":[{"href":"https:\/\/www.naturclic.com\/index.php?rest_route=\/wp\/v2\/product"}],"about":[{"href":"https:\/\/www.naturclic.com\/index.php?rest_route=\/wp\/v2\/types\/product"}],"replies":[{"embeddable":true,"href":"https:\/\/www.naturclic.com\/index.php?rest_route=%2Fwp%2Fv2%2Fcomments&post=7203"}],"wp:featuredmedia":[{"embeddable":true,"href":"https:\/\/www.naturclic.com\/index.php?rest_route=\/wp\/v2\/media\/7204"}],"wp:attachment":[{"href":"https:\/\/www.naturclic.com\/index.php?rest_route=%2Fwp%2Fv2%2Fmedia&parent=7203"}],"wp:term":[{"taxonomy":"product_brand","embeddable":true,"href":"https:\/\/www.naturclic.com\/index.php?rest_route=%2Fwp%2Fv2%2Fproduct_brand&post=7203"},{"taxonomy":"product_cat","embeddable":true,"href":"https:\/\/www.naturclic.com\/index.php?rest_route=%2Fwp%2Fv2%2Fproduct_cat&post=7203"},{"taxonomy":"product_tag","embeddable":true,"href":"https:\/\/www.naturclic.com\/index.php?rest_route=%2Fwp%2Fv2%2Fproduct_tag&post=7203"}],"curies":[{"name":"wp","href":"https:\/\/api.w.org\/{rel}","templated":true}]}}