{"id":7206,"date":"2021-02-01T16:46:30","date_gmt":"2021-02-01T15:46:30","guid":{"rendered":"https:\/\/www.naturclic.com\/?post_type=product&#038;p=7206"},"modified":"2023-04-21T16:29:10","modified_gmt":"2023-04-21T14:29:10","slug":"keto-pack-sura-vitasan","status":"publish","type":"product","link":"https:\/\/www.naturclic.com\/?product=keto-pack-sura-vitasan","title":{"rendered":"KETO PACK SURA VITASAN"},"content":{"rendered":"<p>Las prote\u00ednas vegetales de SuraVitasan son aptas para veganos y vegetarianos. Nuestros fermentados son fitonutrientes altamente biodisponibles y f\u00e1ciles de incorporar a la dieta.<\/p>\n<p>Prote\u00edna de Caldo de Hueso: Nuestro caldo de hueso de res se elabora de manera tradicional a fuego lento. Se obtiene a partir de los huesos y los tejidos conectivos de bovino alimentado libremente en pastos. El caldo de hueso tiene un alto contenido en prote\u00ednas y es una fuente rica en amino\u00e1cidos. Con un contenido de prote\u00edna natural del 99%. Es una fuente de prote\u00edna altamente biodisponible que proporciona los amino\u00e1cidos esenciales que su cuerpo necesita, en proporciones que estimulan su metabolismo y el proceso de renovaci\u00f3n celular. Nuestra Prote\u00edna de Cado de Hueso est\u00e1 testado en laboratorio con ISO 17025 asegurando as\u00ed que est\u00e1 libre de antibi\u00f3ticos, de Encefalopat\u00eda Espongiforme Bovina (EEB) de hormonas. Ideal para aumentar el valor proteico de sopas, guisos o salsas; tambi\u00e9n puede usarlo solo como un caldo listo para beber. Declaraciones saludables (Reglamento UE N\u00ba 432\/2012): Las vitaminas B6 y B12 contribuyen a la funci\u00f3n psicol\u00f3gica normal y al funcionamiento normal del sistema nervioso.<\/p>\n<p>Prote\u00edna de Semilla de Calabaza: Nuestra Prote\u00edna de Semilla de Calabaza es un s\u00faper alimento din\u00e1mico y vers\u00e1til que contiene prote\u00ednas y fibra. Esta es una buena alternativa para veganos, vegetarianos y aquellos que buscan limitar su consumo de carne se beneficien de los beneficios de estas prote\u00ednas. Adem\u00e1s de ser una excelente fuente de prote\u00ednas las semillas de calabaza tambi\u00e9n se encuentran entre los principales alimentos por su contenido de fitoesteroles. Tambi\u00e9n contiene tript\u00f3fano natural, precursor de la serotonina neurotransmisor implicado en el estado de \u00e1nimo. Su ligero y sutil sabor a nuez lo convierte en un excelente complemento para ensaladas, sopas, batidos de prote\u00ednas y productos horneados.<\/p>\n<p>MCT de Coco en polvo: Nuestro MTC (triglic\u00e9ridos de cadena media) en polvo se obtiene exclusivamente de cocos cultivados de manera controlada. La acacia es una fuente premium de fibra soluble, que le aporta al producto una textura suave y agradable. F\u00e1cil de digerir y metabolizar, Ideal para una dieta ceto.<\/p>\n<p>Remolacha Roja Fermentada: El proceso de fermentaci\u00f3n consume parte del az\u00facar naturalmente presente en la remolacha mientras aumenta la biodisponibilidad de sus nutrientes. La Remolacha Roja Fermentada es una excelente forma de aprovechar sus beneficios nutricionales. A\u00f1\u00e1dalo a sus batidos, zumos, yogures, productos horneados o infusiones.<\/p>\n<p>Jengibre Fermentado: La fermentaci\u00f3n del jengibre transforma el 6-shogaol en 6-paradol, su forma bioactiva, imitando la fermentaci\u00f3n natural del intestino. A\u00f1\u00e1dalo a sus batidos, infusiones, sopas, guisos o productos de reposter\u00eda, amplificar\u00e1 su sabor y sus beneficios nutricionales. Declaraciones saludables (Reglamento UE N\u00ba432\/2012): El jengibre ayuda a la digesti\u00f3n y contribuye a una funci\u00f3n intestinal normal. Contribuye a las defensas naturales del cuerpo y ayuda al sistema inmunol\u00f3gico. Tiene propiedades estimulantes y t\u00f3nicas que contribuyen a la resistencia a la fatiga.<\/p>\n<p>C\u00farcuma Fermentada: La C\u00farcuma cuando se fermenta se digiere y se asimila m\u00e1s f\u00e1cilmente. A\u00f1\u00e1dala a sus zumos, batidos, bebidas, infusiones o para cocinar salteados y guisos. Nuestra c\u00farcuma se fermenta de forma natural mejorando as\u00ed su perfil de sabor. Declaraciones saludables (Reglamento UE N\u00ba432\/2012): La c\u00farcuma es una planta que favorece el normal funcionamiento del h\u00edgado y contribuye a la protecci\u00f3n de las c\u00e9lulas frente al da\u00f1o oxidativo. Los curcuminoides, como la curcumina presentes en la planta se asocian al confort digestivo y participan en la normal respuesta inflamatoria.<\/p>\n<p>Maca Fermentada: La fermentaci\u00f3n de la maca aumenta su valor nutricional incrementando la biodisponibilidad de sus nutrientes. Nuestro polvo de ra\u00edz de maca de origen peruano, fermentado de forma natural es un producto interesante gracias a su rico perfil nutricional, especialmente por su contenido en hierro. A\u00f1\u00e1dalo a sus batidos, zumos, yogures, productos horneados o infusiones. Declaraciones saludables (Reglamento UE N\u00ba432\/2012): La maca es fuente de energ\u00eda, apoya el rendimiento f\u00edsico y mental, ayudando a mantener unos niveles \u00f3ptimos de resistencia y vitalidad.<\/p>\n","protected":false},"excerpt":{"rendered":"<p>Especial Pack Familiar Dieta Keto<br \/>\nLas prote\u00ednas vegetales de SuraVitasan son aptas para veganos y vegetarianos. Nuestros fermentados son fitonutrientes altamente biodisponibles y f\u00e1ciles de incorporar a la dieta.<\/p>\n","protected":false},"featured_media":7207,"comment_status":"open","ping_status":"closed","template":"","meta":{"_joinchat":[]},"product_brand":[],"product_cat":[133,132,126],"product_tag":[],"class_list":{"0":"post-7206","1":"product","2":"type-product","3":"status-publish","4":"has-post-thumbnail","6":"product_cat-proteinas","7":"product_cat-suplementos-deportivos","8":"product_cat-suplementos-naturales","10":"first","11":"onbackorder","12":"sale","13":"taxable","14":"shipping-taxable","15":"purchasable","16":"product-type-simple"},"_links":{"self":[{"href":"https:\/\/www.naturclic.com\/index.php?rest_route=\/wp\/v2\/product\/7206","targetHints":{"allow":["GET"]}}],"collection":[{"href":"https:\/\/www.naturclic.com\/index.php?rest_route=\/wp\/v2\/product"}],"about":[{"href":"https:\/\/www.naturclic.com\/index.php?rest_route=\/wp\/v2\/types\/product"}],"replies":[{"embeddable":true,"href":"https:\/\/www.naturclic.com\/index.php?rest_route=%2Fwp%2Fv2%2Fcomments&post=7206"}],"wp:featuredmedia":[{"embeddable":true,"href":"https:\/\/www.naturclic.com\/index.php?rest_route=\/wp\/v2\/media\/7207"}],"wp:attachment":[{"href":"https:\/\/www.naturclic.com\/index.php?rest_route=%2Fwp%2Fv2%2Fmedia&parent=7206"}],"wp:term":[{"taxonomy":"product_brand","embeddable":true,"href":"https:\/\/www.naturclic.com\/index.php?rest_route=%2Fwp%2Fv2%2Fproduct_brand&post=7206"},{"taxonomy":"product_cat","embeddable":true,"href":"https:\/\/www.naturclic.com\/index.php?rest_route=%2Fwp%2Fv2%2Fproduct_cat&post=7206"},{"taxonomy":"product_tag","embeddable":true,"href":"https:\/\/www.naturclic.com\/index.php?rest_route=%2Fwp%2Fv2%2Fproduct_tag&post=7206"}],"curies":[{"name":"wp","href":"https:\/\/api.w.org\/{rel}","templated":true}]}}