{"id":7250,"date":"2021-04-21T17:37:48","date_gmt":"2021-04-21T15:37:48","guid":{"rendered":"https:\/\/www.naturclic.com\/?post_type=product&#038;p=7250"},"modified":"2022-03-31T18:32:38","modified_gmt":"2022-03-31T16:32:38","slug":"onaprim-200-perlas-plameca","status":"publish","type":"product","link":"https:\/\/www.naturclic.com\/?product=onaprim-200-perlas-plameca","title":{"rendered":"Onaprim 200 perlas Plameca"},"content":{"rendered":"<div class=\"col-xl-6\">\n<div id=\"product-rich-descriptive-content\" class=\"product-rich-descriptive-content\">\n<h2 class=\"product-rich-descriptive-content-title\">Indicaci\u00f3n<\/h2>\n<p>Onaprim Onagra de Plameca es un suplemento alimenticio indicado especialmente en mujeres, regula la menstruaci\u00f3n, menstruaciones dolorosas, sintomas de la menopausia Onaprim tiene como propiedades: Ayuda a paliar los s\u00edntomas de menstruaciones irregulares y dolorosas. Alivia los s\u00edntomas caracter\u00edsticos de la menopausia. Preventivo y paliativo de transtornos neurol\u00f3gicos, cardiacos y vasculares, artrosis reumatoide, fibrosis c\u00edstica, asma y alergias, as\u00ed como la hiperactividad infantil. Tambi\u00e9n utilizado en est\u00e9tica, en aplicaci\u00f3n t\u00f3pica del contenido de las c\u00e1psulas: el \u00e1cido gamma-lonl\u00e9nico es responsable del buen estado de la piel, pelo y u\u00f1as, evita la aparic\u00f3n de la piel reseca.<\/p>\n<h2 class=\"product-rich-descriptive-content-title\">Modo de empleo<\/h2>\n<p>Se recomienda tomar 2 a 6 perlas al d\u00eda junto con las comidas, con un vaso de agua, preferentemente con la cena.<\/p>\n<h2 class=\"product-rich-descriptive-content-title\">Advertencias<\/h2>\n<p>Los complementos alimenticios no deben utilizarse como sustituto de una dieta equilibrada. No se debe superar la dosis diaria recomendada. Este producto no es un medicamento, es un complemento alimenticio.La informaci\u00f3n o descripci\u00f3n contenida en todos nuestros art\u00edculos, es de car\u00e1cter meramente orientativo y no sustituye a la prescripci\u00f3n o tratamiento m\u00e9dico. para grupos de poblaci\u00f3n de riesgo consulte a su m\u00e9dico o profesional de la salud. Mant\u00e9ngase fuera del alcance de los ni\u00f1os m\u00e1s peque\u00f1os. Conservar en lugar fresco y seco.<\/p>\n<h2 class=\"product-rich-descriptive-content-title\">Composici\u00f3n<\/h2>\n<p>Onaprim Onagra de Plameca CONTIENE Aceite de onagra (Oenothera biennis) semillas primera presi\u00f3n en fr\u00edo 10% GLA, Antioxidante (D-alfa-tocoferol (Vitamina E)). Cubierta: Gelatina y Humectante (glicerina).<\/p>\n<\/div>\n<\/div>\n<div class=\"col-xl-6\">\n<div class=\"product-rich-structured-content\" role=\"tablist\">\n<h4 class=\"product-table-title\" tabindex=\"0\" role=\"tab\" data-role=\"collapsible\" aria-expanded=\"true\" data-collapsible=\"true\" aria-controls=\"product-table-specs\" aria-selected=\"false\"><a href=\"https:\/\/www.naturitas.es\/p\/suplementos\/acidos-grasos-y-omegas\/aceite-de-onagra\/onaprim-onagra-200-perlas-plameca?gclid=CjwKCAjwmv-DBhAMEiwA7xYrd-mo1NSz0WWBv67JFvm13YiFOCajyb53MCeye7AJiwgqwPPHZ__gqhoCGU4QAvD_BwE#product-table-specs\">Especificaciones<\/a><\/h4>\n<div id=\"product-table-specs\" class=\"product-table product-table-specs\" role=\"tabpanel\" data-role=\"content\" aria-hidden=\"false\">\n<div class=\"product-table-items-container\">\n<ul class=\"product-table-items\">\n<li class=\"product-table-item\"><\/li>\n<\/ul>\n<\/div>\n<\/div>\n<\/div>\n<\/div>\n","protected":false},"excerpt":{"rendered":"<p>Indicaci\u00f3n Onaprim Onagra de Plameca es un suplemento alimenticio indicado especialmente en mujeres, regula la menstruaci\u00f3n, menstruaciones dolorosas, sintomas de la menopausia Onaprim tiene como propiedades: Ayuda a paliar los s\u00edntomas de menstruaciones irregulares y dolorosas. Alivia los s\u00edntomas caracter\u00edsticos de la menopausia. Preventivo y paliativo de transtornos neurol\u00f3gicos, cardiacos y vasculares, artrosis reumatoide, fibrosis &hellip; <\/p>\n<p class=\"link-more\"><a href=\"https:\/\/www.naturclic.com\/?product=onaprim-200-perlas-plameca\" class=\"more-link\">Continue reading<span class=\"screen-reader-text\"> &#8220;Onaprim 200 perlas Plameca&#8221;<\/span><\/a><\/p>\n","protected":false},"featured_media":7251,"comment_status":"open","ping_status":"closed","template":"","meta":{"_joinchat":[]},"product_brand":[],"product_cat":[128,126],"product_tag":[],"class_list":{"0":"post-7250","1":"product","2":"type-product","3":"status-publish","4":"has-post-thumbnail","6":"product_cat-fitoterapia-capsulas-y-comprimidos","7":"product_cat-suplementos-naturales","9":"first","10":"instock","11":"taxable","12":"shipping-taxable","13":"purchasable","14":"product-type-simple"},"_links":{"self":[{"href":"https:\/\/www.naturclic.com\/index.php?rest_route=\/wp\/v2\/product\/7250","targetHints":{"allow":["GET"]}}],"collection":[{"href":"https:\/\/www.naturclic.com\/index.php?rest_route=\/wp\/v2\/product"}],"about":[{"href":"https:\/\/www.naturclic.com\/index.php?rest_route=\/wp\/v2\/types\/product"}],"replies":[{"embeddable":true,"href":"https:\/\/www.naturclic.com\/index.php?rest_route=%2Fwp%2Fv2%2Fcomments&post=7250"}],"wp:featuredmedia":[{"embeddable":true,"href":"https:\/\/www.naturclic.com\/index.php?rest_route=\/wp\/v2\/media\/7251"}],"wp:attachment":[{"href":"https:\/\/www.naturclic.com\/index.php?rest_route=%2Fwp%2Fv2%2Fmedia&parent=7250"}],"wp:term":[{"taxonomy":"product_brand","embeddable":true,"href":"https:\/\/www.naturclic.com\/index.php?rest_route=%2Fwp%2Fv2%2Fproduct_brand&post=7250"},{"taxonomy":"product_cat","embeddable":true,"href":"https:\/\/www.naturclic.com\/index.php?rest_route=%2Fwp%2Fv2%2Fproduct_cat&post=7250"},{"taxonomy":"product_tag","embeddable":true,"href":"https:\/\/www.naturclic.com\/index.php?rest_route=%2Fwp%2Fv2%2Fproduct_tag&post=7250"}],"curies":[{"name":"wp","href":"https:\/\/api.w.org\/{rel}","templated":true}]}}