{"id":7269,"date":"2021-05-07T10:38:00","date_gmt":"2021-05-07T08:38:00","guid":{"rendered":"https:\/\/www.naturclic.com\/?post_type=product&#038;p=7269"},"modified":"2022-02-02T18:51:05","modified_gmt":"2022-02-02T17:51:05","slug":"selenium-selenio-plus-100-tablets-lamberts","status":"publish","type":"product","link":"https:\/\/www.naturclic.com\/?product=selenium-selenio-plus-100-tablets-lamberts","title":{"rendered":"Selenium selenio plus 100 tablets Lamberts"},"content":{"rendered":"<blockquote><p>Descripci\u00f3n<br \/>\nEl selenio m\u00e1s vitaminas A, C y E de Lamberts aporta un balance ideal de Selenio, combinado con concentraciones relevantes de vitamina A, C y E, con una c\u00f3moda ingesta de Una tableta al D\u00eda. Al igual que el selenio, las vitaminas A, C y E, son conocidas por desempe\u00f1ar un importante papel antioxidante en el organismo. Los antioxidantes son sustancias que ayudan al organismo a destruir o contrarrestar los radicales libres da\u00f1inos que se producen de forma natural en el organismo humano y que, si act\u00faan sin restricciones, pueden da\u00f1ar tejidos y \u00f3rganos.<\/p><\/blockquote>\n<p>Propiedades y beneficios de Selenio con vitaminas A, C y E<br \/>\nAdem\u00e1s es un mineral esencial con varias funciones importantes en el cuerpo. Forma parte integral de las enzimas captadoras de radicales libres Glutathione Peroxidase que tienen un significativo papel como antioxidante natural en el cuerpo. El contenido de selenio de los alimentos depende de los niveles presentes en los suelos.<\/p>\n<p>Selenio tambi\u00e9n contribuye al mantenimiento normal del cabello y las u\u00f1as, as\u00ed como la funci\u00f3n normal del sistema inmune. Tambi\u00e9n est\u00e1 implicado en la protecci\u00f3n de las c\u00e9lulas del estr\u00e9s oxidativo (por los radicales libres) y juega un papel en la fertilidad masculina ya que contribuye a la espermatog\u00e9nesis normal.<\/p>\n<p>Vitamina A: Contribuye al mantenimiento en condiciones normales de las mucosas, la piel y la visi\u00f3n. Contribuye al funcionamiento normal del sistema inmunitario y al metabolismo normal del hierro. Contribuye al proceso de diferenciaci\u00f3n celular.<\/p>\n<p>Vitamina C: Contribuye al funcionamiento normal del sistema inmunitario y sistema nervioso. Colabora en la formaci\u00f3n normal del col\u00e1geno para el funcionamiento normal de los vasos sangu\u00edneos, cart\u00edlagos, huesos, enc\u00edas, dientes y piel. Favorece al metabolismo energ\u00e9tico y mejora la absorci\u00f3n del hierro. Contribuye en la funci\u00f3n normal psicol\u00f3gica y en la protecci\u00f3n de las c\u00e9lulas del da\u00f1o oxidativo. Ayuda a disminuir el cansancio y la fatiga, y regenera la forma reducida de la vitamina E.<\/p>\n<p>Vitamina E: Contribuye a la protecci\u00f3n de las c\u00e9lulas frente al da\u00f1o oxidativo.<\/p>\n<p>\u00bfC\u00f3mo tomar Selenio con vitaminas A, C y E?<br \/>\nTomar 1 tableta al d\u00eda con la comida.<\/p>\n<p>Advertencias<br \/>\nNinguna conocida a la dosis recomendada.<\/p>\n<p>Almacenamiento<br \/>\nAlmacenar en un lugar fresco, seco, protegido de la luz y lejos del alcance de los ni\u00f1os m\u00e1s peque\u00f1os.<\/p>\n<p>Composici\u00f3n<br \/>\nPor 1 comprimido:<\/p>\n<p>Vitamina A (400 \u03bcg), Selenio (200 \u03bcg), Vitamina C (80 mg), Vitamina E (24 mg).<\/p>\n","protected":false},"excerpt":{"rendered":"<p>Descripci\u00f3n El selenio m\u00e1s vitaminas A, C y E de Lamberts aporta un balance ideal de Selenio, combinado con concentraciones relevantes de vitamina A, C y E, con una c\u00f3moda ingesta de Una tableta al D\u00eda. Al igual que el selenio, las vitaminas A, C y E, son conocidas por desempe\u00f1ar un importante papel antioxidante &hellip; <\/p>\n<p class=\"link-more\"><a href=\"https:\/\/www.naturclic.com\/?product=selenium-selenio-plus-100-tablets-lamberts\" class=\"more-link\">Continue reading<span class=\"screen-reader-text\"> &#8220;Selenium selenio plus 100 tablets Lamberts&#8221;<\/span><\/a><\/p>\n","protected":false},"featured_media":7271,"comment_status":"open","ping_status":"closed","template":"","meta":{"_joinchat":[]},"product_brand":[],"product_cat":[127],"product_tag":[],"class_list":{"0":"post-7269","1":"product","2":"type-product","3":"status-publish","4":"has-post-thumbnail","6":"product_cat-nutricion-ortomolecular","8":"first","9":"instock","10":"taxable","11":"shipping-taxable","12":"purchasable","13":"product-type-simple"},"_links":{"self":[{"href":"https:\/\/www.naturclic.com\/index.php?rest_route=\/wp\/v2\/product\/7269","targetHints":{"allow":["GET"]}}],"collection":[{"href":"https:\/\/www.naturclic.com\/index.php?rest_route=\/wp\/v2\/product"}],"about":[{"href":"https:\/\/www.naturclic.com\/index.php?rest_route=\/wp\/v2\/types\/product"}],"replies":[{"embeddable":true,"href":"https:\/\/www.naturclic.com\/index.php?rest_route=%2Fwp%2Fv2%2Fcomments&post=7269"}],"wp:featuredmedia":[{"embeddable":true,"href":"https:\/\/www.naturclic.com\/index.php?rest_route=\/wp\/v2\/media\/7271"}],"wp:attachment":[{"href":"https:\/\/www.naturclic.com\/index.php?rest_route=%2Fwp%2Fv2%2Fmedia&parent=7269"}],"wp:term":[{"taxonomy":"product_brand","embeddable":true,"href":"https:\/\/www.naturclic.com\/index.php?rest_route=%2Fwp%2Fv2%2Fproduct_brand&post=7269"},{"taxonomy":"product_cat","embeddable":true,"href":"https:\/\/www.naturclic.com\/index.php?rest_route=%2Fwp%2Fv2%2Fproduct_cat&post=7269"},{"taxonomy":"product_tag","embeddable":true,"href":"https:\/\/www.naturclic.com\/index.php?rest_route=%2Fwp%2Fv2%2Fproduct_tag&post=7269"}],"curies":[{"name":"wp","href":"https:\/\/api.w.org\/{rel}","templated":true}]}}