{"id":7309,"date":"2021-06-09T19:41:36","date_gmt":"2021-06-09T17:41:36","guid":{"rendered":"https:\/\/www.naturclic.com\/?post_type=product&#038;p=7309"},"modified":"2022-02-02T18:42:40","modified_gmt":"2022-02-02T17:42:40","slug":"zinc-con-cobre-50-capsulas-neo","status":"publish","type":"product","link":"https:\/\/www.naturclic.com\/?product=zinc-con-cobre-50-capsulas-neo","title":{"rendered":"Zinc con Cobre 50 c\u00e1psulas NEO"},"content":{"rendered":"<h2 class=\"product-rich-descriptive-content-title\">Descripci\u00f3n<\/h2>\n<p>Zinc con Cobre de Neo en la fabricaci\u00f3n de los microgr\u00e1nulos neo\u00ae, se utilizan ingredientes activos de m\u00e1xima calidad, lo que garantiza un aporte preciso de la dosificaci\u00f3n. En el caso de extractos estandarizados, la reproductibilidad se traduce lote a lote. La calidad de los microgr\u00e1nulos neo\u00ae se confirma por la ausencia de colorante. Debido a que el pol\u00edmero utilizado como recubrimiento es totalmente transparente, se permite visualizar el color exacto del ingrediente activo.<\/p>\n<h2 class=\"product-rich-descriptive-content-title\">Propiedades y beneficios de Zinc con Cobre<\/h2>\n<p>Mejoran la eficacia y la biodisponibilidad. El proceso gal\u00e9nico permite ajustar la dosificaci\u00f3n de cada sustancia activa y permite una liberaci\u00f3n estable, completa y prolongada en el tiempo. El organismo absorbe la m\u00e1xima cantidad de sustancies activas y mantiene concentraciones estables all\u00e0 donde lo necesita. La biodisponibilidad de los ingredientes activos contenidos en los microgr\u00e1nulos es un 30% superior a la obtenida con c\u00e1psulas convencionales.<\/p>\n<h2 class=\"product-rich-descriptive-content-title\">Composici\u00f3n<\/h2>\n<p>Por 1 c\u00e1psula:<\/p>\n<p>Cobre, Zinc.<\/p>\n","protected":false},"excerpt":{"rendered":"<p>Descripci\u00f3n Zinc con Cobre de Neo en la fabricaci\u00f3n de los microgr\u00e1nulos neo\u00ae, se utilizan ingredientes activos de m\u00e1xima calidad, lo que garantiza un aporte preciso de la dosificaci\u00f3n. En el caso de extractos estandarizados, la reproductibilidad se traduce lote a lote. La calidad de los microgr\u00e1nulos neo\u00ae se confirma por la ausencia de colorante. &hellip; <\/p>\n<p class=\"link-more\"><a href=\"https:\/\/www.naturclic.com\/?product=zinc-con-cobre-50-capsulas-neo\" class=\"more-link\">Continue reading<span class=\"screen-reader-text\"> &#8220;Zinc con Cobre 50 c\u00e1psulas NEO&#8221;<\/span><\/a><\/p>\n","protected":false},"featured_media":7312,"comment_status":"open","ping_status":"closed","template":"","meta":{"_joinchat":[]},"product_brand":[],"product_cat":[15],"product_tag":[],"class_list":{"0":"post-7309","1":"product","2":"type-product","3":"status-publish","4":"has-post-thumbnail","6":"product_cat-sin-categorizar","8":"first","9":"instock","10":"taxable","11":"shipping-taxable","12":"purchasable","13":"product-type-simple"},"_links":{"self":[{"href":"https:\/\/www.naturclic.com\/index.php?rest_route=\/wp\/v2\/product\/7309","targetHints":{"allow":["GET"]}}],"collection":[{"href":"https:\/\/www.naturclic.com\/index.php?rest_route=\/wp\/v2\/product"}],"about":[{"href":"https:\/\/www.naturclic.com\/index.php?rest_route=\/wp\/v2\/types\/product"}],"replies":[{"embeddable":true,"href":"https:\/\/www.naturclic.com\/index.php?rest_route=%2Fwp%2Fv2%2Fcomments&post=7309"}],"wp:featuredmedia":[{"embeddable":true,"href":"https:\/\/www.naturclic.com\/index.php?rest_route=\/wp\/v2\/media\/7312"}],"wp:attachment":[{"href":"https:\/\/www.naturclic.com\/index.php?rest_route=%2Fwp%2Fv2%2Fmedia&parent=7309"}],"wp:term":[{"taxonomy":"product_brand","embeddable":true,"href":"https:\/\/www.naturclic.com\/index.php?rest_route=%2Fwp%2Fv2%2Fproduct_brand&post=7309"},{"taxonomy":"product_cat","embeddable":true,"href":"https:\/\/www.naturclic.com\/index.php?rest_route=%2Fwp%2Fv2%2Fproduct_cat&post=7309"},{"taxonomy":"product_tag","embeddable":true,"href":"https:\/\/www.naturclic.com\/index.php?rest_route=%2Fwp%2Fv2%2Fproduct_tag&post=7309"}],"curies":[{"name":"wp","href":"https:\/\/api.w.org\/{rel}","templated":true}]}}