{"id":7899,"date":"2024-02-21T23:20:09","date_gmt":"2024-02-21T22:20:09","guid":{"rendered":"https:\/\/www.naturclic.com\/?post_type=product&#038;p=7899"},"modified":"2024-02-21T23:20:09","modified_gmt":"2024-02-21T22:20:09","slug":"colageno-max-skin-30sobres-suravitasan","status":"publish","type":"product","link":"https:\/\/www.naturclic.com\/?product=colageno-max-skin-30sobres-suravitasan","title":{"rendered":"Col\u00e1geno Max Skin 30sobres SuraVitasan"},"content":{"rendered":"<div class=\"product-name\">\n<h1>Col\u00e1geno Max Skin<\/h1>\n<\/div>\n<div class=\"short-description\">\n<div class=\"std justified\">\n<div>\n<p>La nueva f\u00f3rmula de Col\u00e1geno Max Skin de SuraVitasan contiene p\u00e9ptidos de col\u00e1geno bioactivos reforzados con \u00e1cido hialur\u00f3nico, coenzima Q10, vitamina C, biotina, cobre silicio, zinc y selenio.<\/p>\n<p><em><strong>DECLARACIONES SALUDABLES (Reglamento UE N\u00ba 432\/2012):<\/strong><\/em><\/p>\n<p><em>La biotina y el zinc contribuyen al mantenimiento de la piel y el cabello en condiciones normales. La vitamina C contribuye a la formaci\u00f3n normal de col\u00e1geno para el funcionamiento normal de la piel, vasos sangu\u00edneos, huesos y cart\u00edlagos. El cobre contribuye al mantenimiento del tejido conectivo en condiciones normales y a la pigmentaci\u00f3n normal de la piel y el cabello. El selenio y el zinc contribuyen al mantenimiento de las u\u00f1as en condiciones normales.<\/em><\/p>\n<\/div>\n<\/div>\n<\/div>\n","protected":false},"excerpt":{"rendered":"<p>Col\u00e1geno Max Skin La nueva f\u00f3rmula de Col\u00e1geno Max Skin de SuraVitasan contiene p\u00e9ptidos de col\u00e1geno bioactivos reforzados con \u00e1cido hialur\u00f3nico, coenzima Q10, vitamina C, biotina, cobre silicio, zinc y selenio. DECLARACIONES SALUDABLES (Reglamento UE N\u00ba 432\/2012): La biotina y el zinc contribuyen al mantenimiento de la piel y el cabello en condiciones normales. La &hellip; <\/p>\n<p class=\"link-more\"><a href=\"https:\/\/www.naturclic.com\/?product=colageno-max-skin-30sobres-suravitasan\" class=\"more-link\">Continue reading<span class=\"screen-reader-text\"> &#8220;Col\u00e1geno Max Skin 30sobres SuraVitasan&#8221;<\/span><\/a><\/p>\n","protected":false},"featured_media":7900,"comment_status":"open","ping_status":"closed","template":"","meta":{"_joinchat":[]},"product_brand":[],"product_cat":[127],"product_tag":[],"class_list":{"0":"post-7899","1":"product","2":"type-product","3":"status-publish","4":"has-post-thumbnail","6":"product_cat-nutricion-ortomolecular","8":"first","9":"instock","10":"taxable","11":"shipping-taxable","12":"purchasable","13":"product-type-simple"},"_links":{"self":[{"href":"https:\/\/www.naturclic.com\/index.php?rest_route=\/wp\/v2\/product\/7899","targetHints":{"allow":["GET"]}}],"collection":[{"href":"https:\/\/www.naturclic.com\/index.php?rest_route=\/wp\/v2\/product"}],"about":[{"href":"https:\/\/www.naturclic.com\/index.php?rest_route=\/wp\/v2\/types\/product"}],"replies":[{"embeddable":true,"href":"https:\/\/www.naturclic.com\/index.php?rest_route=%2Fwp%2Fv2%2Fcomments&post=7899"}],"wp:featuredmedia":[{"embeddable":true,"href":"https:\/\/www.naturclic.com\/index.php?rest_route=\/wp\/v2\/media\/7900"}],"wp:attachment":[{"href":"https:\/\/www.naturclic.com\/index.php?rest_route=%2Fwp%2Fv2%2Fmedia&parent=7899"}],"wp:term":[{"taxonomy":"product_brand","embeddable":true,"href":"https:\/\/www.naturclic.com\/index.php?rest_route=%2Fwp%2Fv2%2Fproduct_brand&post=7899"},{"taxonomy":"product_cat","embeddable":true,"href":"https:\/\/www.naturclic.com\/index.php?rest_route=%2Fwp%2Fv2%2Fproduct_cat&post=7899"},{"taxonomy":"product_tag","embeddable":true,"href":"https:\/\/www.naturclic.com\/index.php?rest_route=%2Fwp%2Fv2%2Fproduct_tag&post=7899"}],"curies":[{"name":"wp","href":"https:\/\/api.w.org\/{rel}","templated":true}]}}