{"id":7901,"date":"2024-02-21T23:22:58","date_gmt":"2024-02-21T22:22:58","guid":{"rendered":"https:\/\/www.naturclic.com\/?post_type=product&#038;p=7901"},"modified":"2024-02-21T23:23:54","modified_gmt":"2024-02-21T22:23:54","slug":"pea-60c-suravitasan","status":"publish","type":"product","link":"https:\/\/www.naturclic.com\/?product=pea-60c-suravitasan","title":{"rendered":"PEA 60c SuraVitasan"},"content":{"rendered":"<div class=\"product-name\">\n<h1>PEA<\/h1>\n<\/div>\n<div class=\"short-description\">\n<div class=\"std justified\">\n<div>\n<div>\n<p>Cada c\u00e1psula de\u00a0<strong>PEA de SuraVitasan<\/strong>\u00a0contiene\u00a0<strong>600 mg de\u00a0<\/strong><strong>palmitoiletanolamida (PEA)<\/strong>. La PEA es micronizada para mejorar su absorci\u00f3n y biodisponibilidad. La palmitoiletanolamida (PEA) es una amida de \u00e1cido graso que est\u00e1 presente en todo el cuerpo y se produce de forma end\u00f3gena en respuesta a la lesi\u00f3n celular como respuesta protectora. Se identific\u00f3 por primera vez en la yema de huevo, la soja y el aceite de cacahuete en la d\u00e9cada de 1950, y m\u00e1s tarde se descubri\u00f3 que tambi\u00e9n estaba presente en los mam\u00edferos. No posee efectos adversos y no se han descrito interacciones con ning\u00fan medicamento.<\/p>\n<\/div>\n<\/div>\n<\/div>\n<\/div>\n","protected":false},"excerpt":{"rendered":"<p>PEA Cada c\u00e1psula de\u00a0PEA de SuraVitasan\u00a0contiene\u00a0600 mg de\u00a0palmitoiletanolamida (PEA). La PEA es micronizada para mejorar su absorci\u00f3n y biodisponibilidad. La palmitoiletanolamida (PEA) es una amida de \u00e1cido graso que est\u00e1 presente en todo el cuerpo y se produce de forma end\u00f3gena en respuesta a la lesi\u00f3n celular como respuesta protectora. Se identific\u00f3 por primera vez &hellip; <\/p>\n<p class=\"link-more\"><a href=\"https:\/\/www.naturclic.com\/?product=pea-60c-suravitasan\" class=\"more-link\">Continue reading<span class=\"screen-reader-text\"> &#8220;PEA 60c SuraVitasan&#8221;<\/span><\/a><\/p>\n","protected":false},"featured_media":7902,"comment_status":"open","ping_status":"closed","template":"","meta":{"_joinchat":[]},"product_brand":[],"product_cat":[127],"product_tag":[],"class_list":{"0":"post-7901","1":"product","2":"type-product","3":"status-publish","4":"has-post-thumbnail","6":"product_cat-nutricion-ortomolecular","8":"first","9":"instock","10":"taxable","11":"shipping-taxable","12":"purchasable","13":"product-type-simple"},"_links":{"self":[{"href":"https:\/\/www.naturclic.com\/index.php?rest_route=\/wp\/v2\/product\/7901","targetHints":{"allow":["GET"]}}],"collection":[{"href":"https:\/\/www.naturclic.com\/index.php?rest_route=\/wp\/v2\/product"}],"about":[{"href":"https:\/\/www.naturclic.com\/index.php?rest_route=\/wp\/v2\/types\/product"}],"replies":[{"embeddable":true,"href":"https:\/\/www.naturclic.com\/index.php?rest_route=%2Fwp%2Fv2%2Fcomments&post=7901"}],"wp:featuredmedia":[{"embeddable":true,"href":"https:\/\/www.naturclic.com\/index.php?rest_route=\/wp\/v2\/media\/7902"}],"wp:attachment":[{"href":"https:\/\/www.naturclic.com\/index.php?rest_route=%2Fwp%2Fv2%2Fmedia&parent=7901"}],"wp:term":[{"taxonomy":"product_brand","embeddable":true,"href":"https:\/\/www.naturclic.com\/index.php?rest_route=%2Fwp%2Fv2%2Fproduct_brand&post=7901"},{"taxonomy":"product_cat","embeddable":true,"href":"https:\/\/www.naturclic.com\/index.php?rest_route=%2Fwp%2Fv2%2Fproduct_cat&post=7901"},{"taxonomy":"product_tag","embeddable":true,"href":"https:\/\/www.naturclic.com\/index.php?rest_route=%2Fwp%2Fv2%2Fproduct_tag&post=7901"}],"curies":[{"name":"wp","href":"https:\/\/api.w.org\/{rel}","templated":true}]}}