{"id":7903,"date":"2024-02-21T23:26:10","date_gmt":"2024-02-21T22:26:10","guid":{"rendered":"https:\/\/www.naturclic.com\/?post_type=product&#038;p=7903"},"modified":"2024-08-12T15:48:14","modified_gmt":"2024-08-12T13:48:14","slug":"vinagre-de-sidra-de-manzana-150g-suravitasan","status":"publish","type":"product","link":"https:\/\/www.naturclic.com\/?product=vinagre-de-sidra-de-manzana-150g-suravitasan","title":{"rendered":"Vinagre de Sidra de Manzana 150g SuraVitasan"},"content":{"rendered":"<div class=\"product-name\">\n<h1>Vinagre de Sidra de Manzana<\/h1>\n<\/div>\n<div class=\"short-description\">\n<div class=\"std justified\">\n<p>El Vinagre de Sidra de Manzana en Polvo de SuraVitasan se obtiene por fermentaci\u00f3n a partir de zumo de manzana. Este proceso consta de dos partes, una fermentaci\u00f3n anaer\u00f3bica por la que se genera etanol (sidra) a partir de los az\u00facares del zumo de manzana; y una segunda fase en la que se da una fermentaci\u00f3n aer\u00f3bica, donde las bacterias convierten el etanol de la sidra en \u00e1cido ac\u00e9tico.<\/p>\n<\/div>\n<\/div>\n","protected":false},"excerpt":{"rendered":"<p>Vinagre de Sidra de Manzana El Vinagre de Sidra de Manzana en Polvo de SuraVitasan se obtiene por fermentaci\u00f3n a partir de zumo de manzana. Este proceso consta de dos partes, una fermentaci\u00f3n anaer\u00f3bica por la que se genera etanol (sidra) a partir de los az\u00facares del zumo de manzana; y una segunda fase en &hellip; <\/p>\n<p class=\"link-more\"><a href=\"https:\/\/www.naturclic.com\/?product=vinagre-de-sidra-de-manzana-150g-suravitasan\" class=\"more-link\">Continue reading<span class=\"screen-reader-text\"> &#8220;Vinagre de Sidra de Manzana 150g SuraVitasan&#8221;<\/span><\/a><\/p>\n","protected":false},"featured_media":7904,"comment_status":"open","ping_status":"closed","template":"","meta":{"_joinchat":[]},"product_brand":[],"product_cat":[15],"product_tag":[],"class_list":{"0":"post-7903","1":"product","2":"type-product","3":"status-publish","4":"has-post-thumbnail","6":"product_cat-sin-categorizar","8":"first","9":"instock","10":"taxable","11":"shipping-taxable","12":"purchasable","13":"product-type-simple"},"_links":{"self":[{"href":"https:\/\/www.naturclic.com\/index.php?rest_route=\/wp\/v2\/product\/7903","targetHints":{"allow":["GET"]}}],"collection":[{"href":"https:\/\/www.naturclic.com\/index.php?rest_route=\/wp\/v2\/product"}],"about":[{"href":"https:\/\/www.naturclic.com\/index.php?rest_route=\/wp\/v2\/types\/product"}],"replies":[{"embeddable":true,"href":"https:\/\/www.naturclic.com\/index.php?rest_route=%2Fwp%2Fv2%2Fcomments&post=7903"}],"wp:featuredmedia":[{"embeddable":true,"href":"https:\/\/www.naturclic.com\/index.php?rest_route=\/wp\/v2\/media\/7904"}],"wp:attachment":[{"href":"https:\/\/www.naturclic.com\/index.php?rest_route=%2Fwp%2Fv2%2Fmedia&parent=7903"}],"wp:term":[{"taxonomy":"product_brand","embeddable":true,"href":"https:\/\/www.naturclic.com\/index.php?rest_route=%2Fwp%2Fv2%2Fproduct_brand&post=7903"},{"taxonomy":"product_cat","embeddable":true,"href":"https:\/\/www.naturclic.com\/index.php?rest_route=%2Fwp%2Fv2%2Fproduct_cat&post=7903"},{"taxonomy":"product_tag","embeddable":true,"href":"https:\/\/www.naturclic.com\/index.php?rest_route=%2Fwp%2Fv2%2Fproduct_tag&post=7903"}],"curies":[{"name":"wp","href":"https:\/\/api.w.org\/{rel}","templated":true}]}}