{"id":7974,"date":"2024-08-12T16:00:41","date_gmt":"2024-08-12T14:00:41","guid":{"rendered":"https:\/\/www.naturclic.com\/?post_type=product&#038;p=7974"},"modified":"2024-08-12T16:23:19","modified_gmt":"2024-08-12T14:23:19","slug":"ultra-zinc-50-mg-30cap","status":"publish","type":"product","link":"https:\/\/www.naturclic.com\/?product=ultra-zinc-50-mg-30cap","title":{"rendered":"Ultra Zinc 50 mg 30cap SuraVitasan"},"content":{"rendered":"<p><strong>Ultra Zinc 50<\/strong>\u00a0es un complemento alimenticio que aporta al organismo una forma de zinc (<strong>citrato<\/strong>) de excelente absorci\u00f3n reforzado con taurina, t\u00e9 verde,\u00a0<strong>vitamina B6, B2, B3 y B1<\/strong>, \u00e1cido m\u00e1lico, extracto de semillas de calabaza y molibdeno. Esta f\u00f3rmula aporta\u00a0<strong>50 mg de zinc elemental por c\u00e1psula<\/strong>.<\/p>\n<p>&nbsp;<\/p>\n<p><em><strong>DECLARACIONES SALUDABLES (Reglamento UE N\u00ba 432\/2012):<\/strong><\/em><\/p>\n<p><em>El zinc contribuye al funcionamiento normal del sistema inmunitario y a la protecci\u00f3n de las c\u00e9lulas frente al\u00a0<strong>da\u00f1o oxidativo<\/strong>; a la\u00a0<strong>fertilidad<\/strong>\u00a0y\u00a0<strong>reproducci\u00f3n<\/strong>\u00a0normal y al mantenimiento de niveles normales de testosterona; y al mantenimiento del cabello. La vitamina B6 participa en la s\u00edntesis normal de la ciste\u00edna, un amino\u00e1cido azufrado de ayuda para la\u00a0<strong>salud capilar<\/strong>. El molibdeno contribuye al metabolismo normal de los amino\u00e1cidos azufrados.<\/em><\/p>\n","protected":false},"excerpt":{"rendered":"<p><strong>Ultra Zinc 50<\/strong>\u00a0es un complemento alimenticio que aporta al organismo una forma de zinc (<strong>citrato<\/strong>) de excelente absorci\u00f3n reforzado con taurina, t\u00e9 verde,\u00a0<strong>vitamina B6, B2, B3 y B1<\/strong>, \u00e1cido m\u00e1lico, extracto de semillas de calabaza y molibdeno. Esta f\u00f3rmula aporta\u00a0<strong>50 mg de zinc elemental por c\u00e1psula<\/strong>.<\/p>\n<p>&nbsp;<\/p>\n<p><em><strong>DECLARACIONES SALUDABLES (Reglamento UE N\u00ba 432\/2012):<\/strong><\/em><\/p>\n<p><em>El zinc contribuye al funcionamiento normal del sistema inmunitario y a la protecci\u00f3n de las c\u00e9lulas frente al\u00a0<strong>da\u00f1o oxidativo<\/strong>; a la\u00a0<strong>fertilidad<\/strong>\u00a0y\u00a0<strong>reproducci\u00f3n<\/strong>\u00a0normal y al mantenimiento de niveles normales de testosterona; y al mantenimiento del cabello. La vitamina B6 participa en la s\u00edntesis normal de la ciste\u00edna, un amino\u00e1cido azufrado de ayuda para la\u00a0<strong>salud capilar<\/strong>. El molibdeno contribuye al metabolismo normal de los amino\u00e1cidos azufrados.<\/em><\/p>\n","protected":false},"featured_media":7975,"comment_status":"open","ping_status":"closed","template":"","meta":{"_joinchat":[]},"product_brand":[],"product_cat":[126],"product_tag":[],"class_list":{"0":"post-7974","1":"product","2":"type-product","3":"status-publish","4":"has-post-thumbnail","6":"product_cat-suplementos-naturales","8":"first","9":"instock","10":"taxable","11":"shipping-taxable","12":"purchasable","13":"product-type-simple"},"_links":{"self":[{"href":"https:\/\/www.naturclic.com\/index.php?rest_route=\/wp\/v2\/product\/7974","targetHints":{"allow":["GET"]}}],"collection":[{"href":"https:\/\/www.naturclic.com\/index.php?rest_route=\/wp\/v2\/product"}],"about":[{"href":"https:\/\/www.naturclic.com\/index.php?rest_route=\/wp\/v2\/types\/product"}],"replies":[{"embeddable":true,"href":"https:\/\/www.naturclic.com\/index.php?rest_route=%2Fwp%2Fv2%2Fcomments&post=7974"}],"wp:featuredmedia":[{"embeddable":true,"href":"https:\/\/www.naturclic.com\/index.php?rest_route=\/wp\/v2\/media\/7975"}],"wp:attachment":[{"href":"https:\/\/www.naturclic.com\/index.php?rest_route=%2Fwp%2Fv2%2Fmedia&parent=7974"}],"wp:term":[{"taxonomy":"product_brand","embeddable":true,"href":"https:\/\/www.naturclic.com\/index.php?rest_route=%2Fwp%2Fv2%2Fproduct_brand&post=7974"},{"taxonomy":"product_cat","embeddable":true,"href":"https:\/\/www.naturclic.com\/index.php?rest_route=%2Fwp%2Fv2%2Fproduct_cat&post=7974"},{"taxonomy":"product_tag","embeddable":true,"href":"https:\/\/www.naturclic.com\/index.php?rest_route=%2Fwp%2Fv2%2Fproduct_tag&post=7974"}],"curies":[{"name":"wp","href":"https:\/\/api.w.org\/{rel}","templated":true}]}}