{"id":8001,"date":"2024-08-14T13:53:56","date_gmt":"2024-08-14T11:53:56","guid":{"rendered":"https:\/\/www.naturclic.com\/?post_type=product&#038;p=8001"},"modified":"2024-08-14T13:53:56","modified_gmt":"2024-08-14T11:53:56","slug":"calcio-magnesio-d-k-zinc-boro-100cap-suravitasan","status":"publish","type":"product","link":"https:\/\/www.naturclic.com\/?product=calcio-magnesio-d-k-zinc-boro-100cap-suravitasan","title":{"rendered":"Calcio &#038; Magnesio + D + K + Zinc + Boro 100cap SuraVitasan"},"content":{"rendered":"<p>Una f\u00f3rmula que combina una adecuada proporci\u00f3n de calcio y magnesio presentada en su forma citrato para una mejor absorci\u00f3n. Estas formas altamente biodisponibles se combinan con vitamina D, vitamina K, Zinc, Boro y otros nutrientes.<\/p>\n<p>&nbsp;<\/p>\n<p><em><strong>DECLARACIONES SALUDABLES (Reglamento UE N\u00ba 432\/2012):<\/strong><\/em><\/p>\n<p><em>El calcio, el magnesio y la vit. D son necesarios para el mantenimiento de los huesos y dientes en condiciones normales. La vit. D contribuye a la absorci\u00f3n y utilizaci\u00f3n normal del calcio. El zinc adem\u00e1s de contribuir al normal funcionamiento de los huesos, participa en el mantenimiento adecuado del cabello, u\u00f1as y piel. La vit. K ayuda a conservar los huesos en su estado normal.<\/em><\/p>\n<p>&nbsp;<\/p>\n<hr \/>\n<p><strong>Ovolactovegetariano, Sin gluten, Sin l\u00e1cteos<\/strong><\/p>\n<p><strong>Origen animal: Vitamina D3 (lanolina de oveja)<\/strong><\/p>\n","protected":false},"excerpt":{"rendered":"<p>Una f\u00f3rmula que combina una adecuada proporci\u00f3n de calcio y magnesio presentada en su forma citrato para una mejor absorci\u00f3n. Estas formas altamente biodisponibles se combinan con vitamina D, vitamina K, Zinc, Boro y otros nutrientes.<\/p>\n<p>&nbsp;<\/p>\n<p><em><strong>DECLARACIONES SALUDABLES (Reglamento UE N\u00ba 432\/2012):<\/strong><\/em><\/p>\n<p><em>El calcio, el magnesio y la vit. D son necesarios para el mantenimiento de los huesos y dientes en condiciones normales. La vit. D contribuye a la absorci\u00f3n y utilizaci\u00f3n normal del calcio. El zinc adem\u00e1s de contribuir al normal funcionamiento de los huesos, participa en el mantenimiento adecuado del cabello, u\u00f1as y piel. La vit. K ayuda a conservar los huesos en su estado normal.<\/em><\/p>\n<p>&nbsp;<\/p>\n<hr \/>\n<p><strong>Ovolactovegetariano, Sin gluten, Sin l\u00e1cteos<\/strong><\/p>\n<p><strong>Origen animal: Vitamina D3 (lanolina de oveja)<\/strong><\/p>\n","protected":false},"featured_media":8002,"comment_status":"open","ping_status":"closed","template":"","meta":{"_joinchat":[]},"product_brand":[],"product_cat":[126],"product_tag":[],"class_list":{"0":"post-8001","1":"product","2":"type-product","3":"status-publish","4":"has-post-thumbnail","6":"product_cat-suplementos-naturales","8":"first","9":"instock","10":"taxable","11":"shipping-taxable","12":"purchasable","13":"product-type-simple"},"_links":{"self":[{"href":"https:\/\/www.naturclic.com\/index.php?rest_route=\/wp\/v2\/product\/8001","targetHints":{"allow":["GET"]}}],"collection":[{"href":"https:\/\/www.naturclic.com\/index.php?rest_route=\/wp\/v2\/product"}],"about":[{"href":"https:\/\/www.naturclic.com\/index.php?rest_route=\/wp\/v2\/types\/product"}],"replies":[{"embeddable":true,"href":"https:\/\/www.naturclic.com\/index.php?rest_route=%2Fwp%2Fv2%2Fcomments&post=8001"}],"wp:featuredmedia":[{"embeddable":true,"href":"https:\/\/www.naturclic.com\/index.php?rest_route=\/wp\/v2\/media\/8002"}],"wp:attachment":[{"href":"https:\/\/www.naturclic.com\/index.php?rest_route=%2Fwp%2Fv2%2Fmedia&parent=8001"}],"wp:term":[{"taxonomy":"product_brand","embeddable":true,"href":"https:\/\/www.naturclic.com\/index.php?rest_route=%2Fwp%2Fv2%2Fproduct_brand&post=8001"},{"taxonomy":"product_cat","embeddable":true,"href":"https:\/\/www.naturclic.com\/index.php?rest_route=%2Fwp%2Fv2%2Fproduct_cat&post=8001"},{"taxonomy":"product_tag","embeddable":true,"href":"https:\/\/www.naturclic.com\/index.php?rest_route=%2Fwp%2Fv2%2Fproduct_tag&post=8001"}],"curies":[{"name":"wp","href":"https:\/\/api.w.org\/{rel}","templated":true}]}}