{"id":8079,"date":"2024-08-17T17:15:53","date_gmt":"2024-08-17T15:15:53","guid":{"rendered":"https:\/\/www.naturclic.com\/?post_type=product&#038;p=8079"},"modified":"2024-08-17T17:15:53","modified_gmt":"2024-08-17T15:15:53","slug":"maca-120cap-suravitasan","status":"publish","type":"product","link":"https:\/\/www.naturclic.com\/?product=maca-120cap-suravitasan","title":{"rendered":"Maca 120cap SuraVitasan"},"content":{"rendered":"<p><strong>Maca<\/strong>\u00a0contiene\u00a0<strong>750 mg de ra\u00edz de maca<\/strong>\u00a0<strong>por c\u00e1psula<\/strong>. La Maca (<em>Lepidium meyenii<\/em>) es una planta cultivada desde hace m\u00e1s de 2000 a\u00f1os, que crece sobre los 4000 metros de altitud en los Andes Centrales del Per\u00fa. Esta planta se caracteriza por la parte subterr\u00e1nea, el hipoc\u00f3lito y la ra\u00edz, que constituye el \u00f3rgano de almacenamiento de metabolitos primarios y secundarios. Los primarios corresponden al contenido nutricional de la planta, aportando una gran cantidad de\u00a0<strong>prote\u00ednas<\/strong>,\u00a0<strong>fibra<\/strong>,\u00a0<strong>minerales<\/strong>\u00a0(calcio, hierro, cobre y zinc, entre otros),\u00a0<strong>vitaminas B1, B2 y B3<\/strong>\u00a0y\u00a0<strong>20 amino\u00e1cidos<\/strong>\u00a0grasos libres. Los metabolitos secundarios incluyen esteroles y un alto contenido de alcaloides \u00fanicos (glucosinolatos) llamados macaenes y macamidas.<\/p>\n<hr \/>\n<p>&nbsp;<\/p>\n<p>&nbsp;<\/p>\n<p><strong>Vegano, Ovolactovegetariano, Sin gluten, Sin l\u00e1cteos<\/strong><\/p>\n","protected":false},"excerpt":{"rendered":"<p><strong>Maca<\/strong>\u00a0contiene\u00a0<strong>750 mg de ra\u00edz de maca<\/strong>\u00a0<strong>por c\u00e1psula<\/strong>. La Maca (<em>Lepidium meyenii<\/em>) es una planta cultivada desde hace m\u00e1s de 2000 a\u00f1os, que crece sobre los 4000 metros de altitud en los Andes Centrales del Per\u00fa. Esta planta se caracteriza por la parte subterr\u00e1nea, el hipoc\u00f3lito y la ra\u00edz, que constituye el \u00f3rgano de almacenamiento de metabolitos primarios y secundarios. Los primarios corresponden al contenido nutricional de la planta, aportando una gran cantidad de\u00a0<strong>prote\u00ednas<\/strong>,\u00a0<strong>fibra<\/strong>,\u00a0<strong>minerales<\/strong>\u00a0(calcio, hierro, cobre y zinc, entre otros),\u00a0<strong>vitaminas B1, B2 y B3<\/strong>\u00a0y\u00a0<strong>20 amino\u00e1cidos<\/strong>\u00a0grasos libres. Los metabolitos secundarios incluyen esteroles y un alto contenido de alcaloides \u00fanicos (glucosinolatos) llamados macaenes y macamidas.<\/p>\n<hr \/>\n<p>&nbsp;<\/p>\n<p>&nbsp;<\/p>\n<p><strong>Vegano, Ovolactovegetariano, Sin gluten, Sin l\u00e1cteos<\/strong><\/p>\n","protected":false},"featured_media":8080,"comment_status":"open","ping_status":"closed","template":"","meta":{"_joinchat":[]},"product_brand":[],"product_cat":[126],"product_tag":[],"class_list":{"0":"post-8079","1":"product","2":"type-product","3":"status-publish","4":"has-post-thumbnail","6":"product_cat-suplementos-naturales","8":"first","9":"instock","10":"taxable","11":"shipping-taxable","12":"purchasable","13":"product-type-simple"},"_links":{"self":[{"href":"https:\/\/www.naturclic.com\/index.php?rest_route=\/wp\/v2\/product\/8079","targetHints":{"allow":["GET"]}}],"collection":[{"href":"https:\/\/www.naturclic.com\/index.php?rest_route=\/wp\/v2\/product"}],"about":[{"href":"https:\/\/www.naturclic.com\/index.php?rest_route=\/wp\/v2\/types\/product"}],"replies":[{"embeddable":true,"href":"https:\/\/www.naturclic.com\/index.php?rest_route=%2Fwp%2Fv2%2Fcomments&post=8079"}],"wp:featuredmedia":[{"embeddable":true,"href":"https:\/\/www.naturclic.com\/index.php?rest_route=\/wp\/v2\/media\/8080"}],"wp:attachment":[{"href":"https:\/\/www.naturclic.com\/index.php?rest_route=%2Fwp%2Fv2%2Fmedia&parent=8079"}],"wp:term":[{"taxonomy":"product_brand","embeddable":true,"href":"https:\/\/www.naturclic.com\/index.php?rest_route=%2Fwp%2Fv2%2Fproduct_brand&post=8079"},{"taxonomy":"product_cat","embeddable":true,"href":"https:\/\/www.naturclic.com\/index.php?rest_route=%2Fwp%2Fv2%2Fproduct_cat&post=8079"},{"taxonomy":"product_tag","embeddable":true,"href":"https:\/\/www.naturclic.com\/index.php?rest_route=%2Fwp%2Fv2%2Fproduct_tag&post=8079"}],"curies":[{"name":"wp","href":"https:\/\/api.w.org\/{rel}","templated":true}]}}