{"id":8085,"date":"2024-08-17T17:25:24","date_gmt":"2024-08-17T15:25:24","guid":{"rendered":"https:\/\/www.naturclic.com\/?post_type=product&#038;p=8085"},"modified":"2024-08-17T17:25:25","modified_gmt":"2024-08-17T15:25:25","slug":"mct-de-coco-en-polvo-150gramos-suravitasan","status":"publish","type":"product","link":"https:\/\/www.naturclic.com\/?product=mct-de-coco-en-polvo-150gramos-suravitasan","title":{"rendered":"MCT de Coco en Polvo 150gramos SuraVitasan"},"content":{"rendered":"<p>Nuestro MTC (triglic\u00e9ridos de cadena media) en polvo se obtiene exclusivamente de cocos cultivados de manera controlada. La acacia es una fuente premium de fibra soluble, que le aporta al producto una textura suave y agradable.<\/p>\n<p>70% de triglic\u00e9ridos de cadena media (MCT): 50% \u00e1cido capr\u00edlico (C8) y 35% \u00e1cido c\u00e1prico (C10).<br \/>\n30 % goma de acacia.<\/p>\n<p>F\u00e1cil de digerir y metabolizar<br \/>\nIdeal para una dieta ceto<\/p>\n<hr \/>\n<p><strong>Vegano, Ovolactovegetariano, Sin gluten, Sin l\u00e1cteos<\/strong><\/p>\n","protected":false},"excerpt":{"rendered":"<p>Nuestro MTC (triglic\u00e9ridos de cadena media) en polvo se obtiene exclusivamente de cocos cultivados de manera controlada. La acacia es una fuente premium de fibra soluble, que le aporta al producto una textura suave y agradable.<\/p>\n<p>70% de triglic\u00e9ridos de cadena media (MCT): 50% \u00e1cido capr\u00edlico (C8) y 35% \u00e1cido c\u00e1prico (C10).<br \/>\n30 % goma de acacia.<\/p>\n<p>F\u00e1cil de digerir y metabolizar<br \/>\nIdeal para una dieta ceto<\/p>\n<hr \/>\n<p><strong>Vegano, Ovolactovegetariano, Sin gluten, Sin l\u00e1cteos<\/strong><\/p>\n","protected":false},"featured_media":8086,"comment_status":"open","ping_status":"closed","template":"","meta":{"_joinchat":[]},"product_brand":[],"product_cat":[126],"product_tag":[],"class_list":{"0":"post-8085","1":"product","2":"type-product","3":"status-publish","4":"has-post-thumbnail","6":"product_cat-suplementos-naturales","8":"first","9":"instock","10":"taxable","11":"shipping-taxable","12":"purchasable","13":"product-type-simple"},"_links":{"self":[{"href":"https:\/\/www.naturclic.com\/index.php?rest_route=\/wp\/v2\/product\/8085","targetHints":{"allow":["GET"]}}],"collection":[{"href":"https:\/\/www.naturclic.com\/index.php?rest_route=\/wp\/v2\/product"}],"about":[{"href":"https:\/\/www.naturclic.com\/index.php?rest_route=\/wp\/v2\/types\/product"}],"replies":[{"embeddable":true,"href":"https:\/\/www.naturclic.com\/index.php?rest_route=%2Fwp%2Fv2%2Fcomments&post=8085"}],"wp:featuredmedia":[{"embeddable":true,"href":"https:\/\/www.naturclic.com\/index.php?rest_route=\/wp\/v2\/media\/8086"}],"wp:attachment":[{"href":"https:\/\/www.naturclic.com\/index.php?rest_route=%2Fwp%2Fv2%2Fmedia&parent=8085"}],"wp:term":[{"taxonomy":"product_brand","embeddable":true,"href":"https:\/\/www.naturclic.com\/index.php?rest_route=%2Fwp%2Fv2%2Fproduct_brand&post=8085"},{"taxonomy":"product_cat","embeddable":true,"href":"https:\/\/www.naturclic.com\/index.php?rest_route=%2Fwp%2Fv2%2Fproduct_cat&post=8085"},{"taxonomy":"product_tag","embeddable":true,"href":"https:\/\/www.naturclic.com\/index.php?rest_route=%2Fwp%2Fv2%2Fproduct_tag&post=8085"}],"curies":[{"name":"wp","href":"https:\/\/api.w.org\/{rel}","templated":true}]}}