{"id":8091,"date":"2024-08-17T17:32:21","date_gmt":"2024-08-17T15:32:21","guid":{"rendered":"https:\/\/www.naturclic.com\/?post_type=product&#038;p=8091"},"modified":"2024-08-17T17:32:21","modified_gmt":"2024-08-17T15:32:21","slug":"melatonina-spray-50ml-suravitasan","status":"publish","type":"product","link":"https:\/\/www.naturclic.com\/?product=melatonina-spray-50ml-suravitasan","title":{"rendered":"Melatonina Spray 50ml SuraVitasan"},"content":{"rendered":"<p>La melatonina es una\u00a0<strong>hormona sintetizada por nuestro organismo de forma natural<\/strong>\u00a0a partir del tript\u00f3fano y la serotonina cuya s\u00edntesis disminuye con la edad. Su liberaci\u00f3n sigue un ritmo circadiano (aumenta con la oscuridad y disminuye con la luz).<\/p>\n<p>Nuestra\u00a0<strong>Melatonina<\/strong>\u00a0en comprimidos proporciona 1,9 mg de melatonina. La\u00a0<strong>Melatonina L\u00edquida<\/strong>\u00a0es de f\u00e1cil administraci\u00f3n, f\u00e1cil dosificaci\u00f3n y r\u00e1pida absorci\u00f3n. 9 gotas aportan 1 mg de melatonina. Nuestra\u00a0<strong>Melatonina en Spray<\/strong>\u00a0aporta 0,88 mg por dos pulverizaciones.<\/p>\n<p><em><strong>DECLARACIONES SALUDABLES (Reglamento UE N\u00ba 432\/2012):\u00a0<\/strong><\/em><em>La melatonina contribuye a aliviar la sensaci\u00f3n subjetiva de desfase horario (jet lag), con una ingesta m\u00ednima de 0,5 mg de melatonina ingerida poco tiempo antes de acostarse durante el primer d\u00eda de viaje y unos cuantos d\u00edas tras la llegada al lugar de destino; y a disminuir el tiempo necesario para conciliar el sue\u00f1o con una ingesta de 1 mg de melatonina poco antes de acostarse.<\/em><\/p>\n<p>&nbsp;<\/p>\n<hr \/>\n<p>&nbsp;<\/p>\n<p><strong>Vegano, Ovolactovegetariano, Sin gluten, Sin l\u00e1cteos<\/strong><\/p>\n","protected":false},"excerpt":{"rendered":"<p>La melatonina es una\u00a0<strong>hormona sintetizada por nuestro organismo de forma natural<\/strong>\u00a0a partir del tript\u00f3fano y la serotonina cuya s\u00edntesis disminuye con la edad. Su liberaci\u00f3n sigue un ritmo circadiano (aumenta con la oscuridad y disminuye con la luz).<\/p>\n<p>Nuestra\u00a0<strong>Melatonina<\/strong>\u00a0en comprimidos proporciona 1,9 mg de melatonina. La\u00a0<strong>Melatonina L\u00edquida<\/strong>\u00a0es de f\u00e1cil administraci\u00f3n, f\u00e1cil dosificaci\u00f3n y r\u00e1pida absorci\u00f3n. 9 gotas aportan 1 mg de melatonina. Nuestra\u00a0<strong>Melatonina en Spray<\/strong>\u00a0aporta 0,88 mg por dos pulverizaciones.<\/p>\n<p><em><strong>DECLARACIONES SALUDABLES (Reglamento UE N\u00ba 432\/2012):\u00a0<\/strong><\/em><em>La melatonina contribuye a aliviar la sensaci\u00f3n subjetiva de desfase horario (jet lag), con una ingesta m\u00ednima de 0,5 mg de melatonina ingerida poco tiempo antes de acostarse durante el primer d\u00eda de viaje y unos cuantos d\u00edas tras la llegada al lugar de destino; y a disminuir el tiempo necesario para conciliar el sue\u00f1o con una ingesta de 1 mg de melatonina poco antes de acostarse.<\/em><\/p>\n<p>&nbsp;<\/p>\n<hr \/>\n<p>&nbsp;<\/p>\n<p><strong>Vegano, Ovolactovegetariano, Sin gluten, Sin l\u00e1cteos<\/strong><\/p>\n","protected":false},"featured_media":8092,"comment_status":"open","ping_status":"closed","template":"","meta":{"_joinchat":[]},"product_brand":[],"product_cat":[126],"product_tag":[],"class_list":{"0":"post-8091","1":"product","2":"type-product","3":"status-publish","4":"has-post-thumbnail","6":"product_cat-suplementos-naturales","8":"first","9":"instock","10":"taxable","11":"shipping-taxable","12":"purchasable","13":"product-type-simple"},"_links":{"self":[{"href":"https:\/\/www.naturclic.com\/index.php?rest_route=\/wp\/v2\/product\/8091","targetHints":{"allow":["GET"]}}],"collection":[{"href":"https:\/\/www.naturclic.com\/index.php?rest_route=\/wp\/v2\/product"}],"about":[{"href":"https:\/\/www.naturclic.com\/index.php?rest_route=\/wp\/v2\/types\/product"}],"replies":[{"embeddable":true,"href":"https:\/\/www.naturclic.com\/index.php?rest_route=%2Fwp%2Fv2%2Fcomments&post=8091"}],"wp:featuredmedia":[{"embeddable":true,"href":"https:\/\/www.naturclic.com\/index.php?rest_route=\/wp\/v2\/media\/8092"}],"wp:attachment":[{"href":"https:\/\/www.naturclic.com\/index.php?rest_route=%2Fwp%2Fv2%2Fmedia&parent=8091"}],"wp:term":[{"taxonomy":"product_brand","embeddable":true,"href":"https:\/\/www.naturclic.com\/index.php?rest_route=%2Fwp%2Fv2%2Fproduct_brand&post=8091"},{"taxonomy":"product_cat","embeddable":true,"href":"https:\/\/www.naturclic.com\/index.php?rest_route=%2Fwp%2Fv2%2Fproduct_cat&post=8091"},{"taxonomy":"product_tag","embeddable":true,"href":"https:\/\/www.naturclic.com\/index.php?rest_route=%2Fwp%2Fv2%2Fproduct_tag&post=8091"}],"curies":[{"name":"wp","href":"https:\/\/api.w.org\/{rel}","templated":true}]}}