{"id":8102,"date":"2024-08-17T17:45:28","date_gmt":"2024-08-17T15:45:28","guid":{"rendered":"https:\/\/www.naturclic.com\/?post_type=product&#038;p=8102"},"modified":"2024-08-17T17:45:28","modified_gmt":"2024-08-17T15:45:28","slug":"n-acetil-cisteina-60cap-suravitasan","status":"publish","type":"product","link":"https:\/\/www.naturclic.com\/?product=n-acetil-cisteina-60cap-suravitasan","title":{"rendered":"N-Acetil-Ciste\u00edna 60cap SuraVitasan"},"content":{"rendered":"<p>La N-acetil ciste\u00edna (NAC) es una forma acetilada del amino\u00e1cido ciste\u00edna. La ciste\u00edna es parte de la ruta bioqu\u00edmica para sintetizar glutati\u00f3n, un importante antioxidante.\u00a0<strong>N-Acetil Ciste\u00edna<\/strong>\u00a0de SuraVitasan aporta\u00a0<strong>600 mg por c\u00e1psula<\/strong>\u00a0de NAC.<\/p>\n<hr \/>\n<p><strong>Sin gluten, Sin l\u00e1cteos<\/strong><\/p>\n<p><strong>Origen animal: N-acetilciste\u00edna (hidr\u00f3lisis queratina de plumas de aves)<\/strong><\/p>\n","protected":false},"excerpt":{"rendered":"<p>La N-acetil ciste\u00edna (NAC) es una forma acetilada del amino\u00e1cido ciste\u00edna. La ciste\u00edna es parte de la ruta bioqu\u00edmica para sintetizar glutati\u00f3n, un importante antioxidante.\u00a0<strong>N-Acetil Ciste\u00edna<\/strong>\u00a0de SuraVitasan aporta\u00a0<strong>600 mg por c\u00e1psula<\/strong>\u00a0de NAC.<\/p>\n<hr \/>\n<p><strong>Sin gluten, Sin l\u00e1cteos<\/strong><\/p>\n<p><strong>Origen animal: N-acetilciste\u00edna (hidr\u00f3lisis queratina de plumas de aves)<\/strong><\/p>\n","protected":false},"featured_media":8103,"comment_status":"open","ping_status":"closed","template":"","meta":{"_joinchat":[]},"product_brand":[],"product_cat":[126],"product_tag":[],"class_list":{"0":"post-8102","1":"product","2":"type-product","3":"status-publish","4":"has-post-thumbnail","6":"product_cat-suplementos-naturales","8":"first","9":"instock","10":"taxable","11":"shipping-taxable","12":"purchasable","13":"product-type-simple"},"_links":{"self":[{"href":"https:\/\/www.naturclic.com\/index.php?rest_route=\/wp\/v2\/product\/8102","targetHints":{"allow":["GET"]}}],"collection":[{"href":"https:\/\/www.naturclic.com\/index.php?rest_route=\/wp\/v2\/product"}],"about":[{"href":"https:\/\/www.naturclic.com\/index.php?rest_route=\/wp\/v2\/types\/product"}],"replies":[{"embeddable":true,"href":"https:\/\/www.naturclic.com\/index.php?rest_route=%2Fwp%2Fv2%2Fcomments&post=8102"}],"wp:featuredmedia":[{"embeddable":true,"href":"https:\/\/www.naturclic.com\/index.php?rest_route=\/wp\/v2\/media\/8103"}],"wp:attachment":[{"href":"https:\/\/www.naturclic.com\/index.php?rest_route=%2Fwp%2Fv2%2Fmedia&parent=8102"}],"wp:term":[{"taxonomy":"product_brand","embeddable":true,"href":"https:\/\/www.naturclic.com\/index.php?rest_route=%2Fwp%2Fv2%2Fproduct_brand&post=8102"},{"taxonomy":"product_cat","embeddable":true,"href":"https:\/\/www.naturclic.com\/index.php?rest_route=%2Fwp%2Fv2%2Fproduct_cat&post=8102"},{"taxonomy":"product_tag","embeddable":true,"href":"https:\/\/www.naturclic.com\/index.php?rest_route=%2Fwp%2Fv2%2Fproduct_tag&post=8102"}],"curies":[{"name":"wp","href":"https:\/\/api.w.org\/{rel}","templated":true}]}}