{"id":8115,"date":"2024-08-17T18:00:42","date_gmt":"2024-08-17T16:00:42","guid":{"rendered":"https:\/\/www.naturclic.com\/?post_type=product&#038;p=8115"},"modified":"2024-08-17T18:00:42","modified_gmt":"2024-08-17T16:00:42","slug":"pre-b-300gramos-suravitasan","status":"publish","type":"product","link":"https:\/\/www.naturclic.com\/?product=pre-b-300gramos-suravitasan","title":{"rendered":"Pre-B 300gramos SuraVitasan"},"content":{"rendered":"<div>\n<p><strong>Pre-B\u00a0<\/strong>Fibra de SuraVitasan es una f\u00f3rmula con 5 prebi\u00f3ticos: almid\u00f3n resistente, xilooligosac\u00e1ridos, fructooligosac\u00e1ridos, arabinogalactano y galactooligosac\u00e1ridos. Los prebi\u00f3ticos han sido ampliamente estudiados por sus efectos beneficiosos sobre el microbioma intestinal. Varios estudios cl\u00ednicos han demostrado que los prebi\u00f3ticos aumentan selectivamente los niveles de especies probi\u00f3ticas de\u00a0<em>Bifidobacterium<\/em>\u00a0e incluso de\u00a0<em>Lactobacillus<\/em>\u00a0en el intestino. Los adultos que consumen prebi\u00f3ticos muestran aumentos significativos en los niveles de\u00a0<em>Bifidobacterium<\/em>\u00a0en su microbiota intestinal, adem\u00e1s de otras bacterias productoras de butirato como\u00a0<em>Ruminococcus<\/em>,\u00a0<em>Oscillospira<\/em>\u00a0y\u00a0<em>Faecalibacterium<\/em>.<\/p>\n<\/div>\n<p>&nbsp;<\/p>\n<p><strong>Ovolactovegetariano, Sin gluten<\/strong><\/p>\n<p><strong>Origen animal: galactooligosac\u00e1ridos (de fermentaci\u00f3n microbiana de la lactosa)<\/strong><\/p>\n<p><strong>Al\u00e9rgenos comunes: leche<\/strong><\/p>\n","protected":false},"excerpt":{"rendered":"<div>\n<p><strong>Pre-B\u00a0<\/strong>Fibra de SuraVitasan es una f\u00f3rmula con 5 prebi\u00f3ticos: almid\u00f3n resistente, xilooligosac\u00e1ridos, fructooligosac\u00e1ridos, arabinogalactano y galactooligosac\u00e1ridos. Los prebi\u00f3ticos han sido ampliamente estudiados por sus efectos beneficiosos sobre el microbioma intestinal. Varios estudios cl\u00ednicos han demostrado que los prebi\u00f3ticos aumentan selectivamente los niveles de especies probi\u00f3ticas de\u00a0<em>Bifidobacterium<\/em>\u00a0e incluso de\u00a0<em>Lactobacillus<\/em>\u00a0en el intestino. Los adultos que consumen prebi\u00f3ticos muestran aumentos significativos en los niveles de\u00a0<em>Bifidobacterium<\/em>\u00a0en su microbiota intestinal, adem\u00e1s de otras bacterias productoras de butirato como\u00a0<em>Ruminococcus<\/em>,\u00a0<em>Oscillospira<\/em>\u00a0y\u00a0<em>Faecalibacterium<\/em>.<\/p>\n<\/div>\n<p>&nbsp;<\/p>\n<p><strong>Ovolactovegetariano, Sin gluten<\/strong><\/p>\n<p><strong>Origen animal: galactooligosac\u00e1ridos (de fermentaci\u00f3n microbiana de la lactosa)<\/strong><\/p>\n<p><strong>Al\u00e9rgenos comunes: leche<\/strong><\/p>\n","protected":false},"featured_media":8116,"comment_status":"open","ping_status":"closed","template":"","meta":{"_joinchat":[]},"product_brand":[],"product_cat":[126],"product_tag":[],"class_list":{"0":"post-8115","1":"product","2":"type-product","3":"status-publish","4":"has-post-thumbnail","6":"product_cat-suplementos-naturales","8":"first","9":"instock","10":"taxable","11":"shipping-taxable","12":"purchasable","13":"product-type-simple"},"_links":{"self":[{"href":"https:\/\/www.naturclic.com\/index.php?rest_route=\/wp\/v2\/product\/8115","targetHints":{"allow":["GET"]}}],"collection":[{"href":"https:\/\/www.naturclic.com\/index.php?rest_route=\/wp\/v2\/product"}],"about":[{"href":"https:\/\/www.naturclic.com\/index.php?rest_route=\/wp\/v2\/types\/product"}],"replies":[{"embeddable":true,"href":"https:\/\/www.naturclic.com\/index.php?rest_route=%2Fwp%2Fv2%2Fcomments&post=8115"}],"wp:featuredmedia":[{"embeddable":true,"href":"https:\/\/www.naturclic.com\/index.php?rest_route=\/wp\/v2\/media\/8116"}],"wp:attachment":[{"href":"https:\/\/www.naturclic.com\/index.php?rest_route=%2Fwp%2Fv2%2Fmedia&parent=8115"}],"wp:term":[{"taxonomy":"product_brand","embeddable":true,"href":"https:\/\/www.naturclic.com\/index.php?rest_route=%2Fwp%2Fv2%2Fproduct_brand&post=8115"},{"taxonomy":"product_cat","embeddable":true,"href":"https:\/\/www.naturclic.com\/index.php?rest_route=%2Fwp%2Fv2%2Fproduct_cat&post=8115"},{"taxonomy":"product_tag","embeddable":true,"href":"https:\/\/www.naturclic.com\/index.php?rest_route=%2Fwp%2Fv2%2Fproduct_tag&post=8115"}],"curies":[{"name":"wp","href":"https:\/\/api.w.org\/{rel}","templated":true}]}}