{"id":8155,"date":"2024-08-20T16:54:52","date_gmt":"2024-08-20T14:54:52","guid":{"rendered":"https:\/\/www.naturclic.com\/?post_type=product&#038;p=8155"},"modified":"2024-08-20T16:54:52","modified_gmt":"2024-08-20T14:54:52","slug":"vitamina-b12-15-ml-suravitasan","status":"publish","type":"product","link":"https:\/\/www.naturclic.com\/?product=vitamina-b12-15-ml-suravitasan","title":{"rendered":"Vitamina B12 15 ml SuraVitasan"},"content":{"rendered":"<p>La\u00a0<strong>Vitamina B12 L\u00edquida<\/strong>\u00a0de SuraVitasan, se compone de\u00a0<strong>metilcobalamina<\/strong>, la<strong>\u00a0forma activa de vitamina B12<\/strong>, en una matriz de dosificaci\u00f3n l\u00edquida para una acci\u00f3n r\u00e1pida y una f\u00e1cil absorci\u00f3n. La carne, el pescado y los productos l\u00e1cteos son excelentes fuentes de vitamina B12; por lo que las personas que optan por estilos de vida vegetarianos o veganos, o las que padecen malabsorci\u00f3n intestinal, pueden necesitar otras fuentes de esta vitamina.<\/p>\n<p><em><strong>DECLARACIONES SALUDABLES (Reglamento UE N\u00ba 432\/2012):<\/strong><\/em><\/p>\n<p><em>La vitamina B12 contribuye al metabolismo energ\u00e9tico normal, al funcionamiento adecuado del\u00a0<strong>sistema inmunitario<\/strong>, del\u00a0<strong>sistema nervioso<\/strong>\u00a0y la correcta funci\u00f3n psicol\u00f3gica. Favorece la formaci\u00f3n normal de gl\u00f3bulos rojos, ayuda a disminuir el\u00a0<strong>cansancio<\/strong>\u00a0y la\u00a0<strong>fatiga<\/strong>\u00a0y participa en el proceso de divisi\u00f3n celular. Contribuye al metabolismo normal de\u00a0<strong>homociste\u00edna<\/strong>, un amino\u00e1cido relacionado con el bienestar\u00a0<strong>cardiovascular<\/strong>.<\/em><\/p>\n<hr \/>\n<p><strong>Vegano, Ovolactovegetariano, Sin gluten, Sin l\u00e1cteos<\/strong><\/p>\n","protected":false},"excerpt":{"rendered":"<p>La\u00a0<strong>Vitamina B12 L\u00edquida<\/strong>\u00a0de SuraVitasan, se compone de\u00a0<strong>metilcobalamina<\/strong>, la<strong>\u00a0forma activa de vitamina B12<\/strong>, en una matriz de dosificaci\u00f3n l\u00edquida para una acci\u00f3n r\u00e1pida y una f\u00e1cil absorci\u00f3n. La carne, el pescado y los productos l\u00e1cteos son excelentes fuentes de vitamina B12; por lo que las personas que optan por estilos de vida vegetarianos o veganos, o las que padecen malabsorci\u00f3n intestinal, pueden necesitar otras fuentes de esta vitamina.<\/p>\n<p><em><strong>DECLARACIONES SALUDABLES (Reglamento UE N\u00ba 432\/2012):<\/strong><\/em><\/p>\n<p><em>La vitamina B12 contribuye al metabolismo energ\u00e9tico normal, al funcionamiento adecuado del\u00a0<strong>sistema inmunitario<\/strong>, del\u00a0<strong>sistema nervioso<\/strong>\u00a0y la correcta funci\u00f3n psicol\u00f3gica. Favorece la formaci\u00f3n normal de gl\u00f3bulos rojos, ayuda a disminuir el\u00a0<strong>cansancio<\/strong>\u00a0y la\u00a0<strong>fatiga<\/strong>\u00a0y participa en el proceso de divisi\u00f3n celular. Contribuye al metabolismo normal de\u00a0<strong>homociste\u00edna<\/strong>, un amino\u00e1cido relacionado con el bienestar\u00a0<strong>cardiovascular<\/strong>.<\/em><\/p>\n<hr \/>\n<p><strong>Vegano, Ovolactovegetariano, Sin gluten, Sin l\u00e1cteos<\/strong><\/p>\n","protected":false},"featured_media":8156,"comment_status":"open","ping_status":"closed","template":"","meta":{"_joinchat":[]},"product_brand":[],"product_cat":[126],"product_tag":[],"class_list":{"0":"post-8155","1":"product","2":"type-product","3":"status-publish","4":"has-post-thumbnail","6":"product_cat-suplementos-naturales","8":"first","9":"instock","10":"taxable","11":"shipping-taxable","12":"purchasable","13":"product-type-simple"},"_links":{"self":[{"href":"https:\/\/www.naturclic.com\/index.php?rest_route=\/wp\/v2\/product\/8155","targetHints":{"allow":["GET"]}}],"collection":[{"href":"https:\/\/www.naturclic.com\/index.php?rest_route=\/wp\/v2\/product"}],"about":[{"href":"https:\/\/www.naturclic.com\/index.php?rest_route=\/wp\/v2\/types\/product"}],"replies":[{"embeddable":true,"href":"https:\/\/www.naturclic.com\/index.php?rest_route=%2Fwp%2Fv2%2Fcomments&post=8155"}],"wp:featuredmedia":[{"embeddable":true,"href":"https:\/\/www.naturclic.com\/index.php?rest_route=\/wp\/v2\/media\/8156"}],"wp:attachment":[{"href":"https:\/\/www.naturclic.com\/index.php?rest_route=%2Fwp%2Fv2%2Fmedia&parent=8155"}],"wp:term":[{"taxonomy":"product_brand","embeddable":true,"href":"https:\/\/www.naturclic.com\/index.php?rest_route=%2Fwp%2Fv2%2Fproduct_brand&post=8155"},{"taxonomy":"product_cat","embeddable":true,"href":"https:\/\/www.naturclic.com\/index.php?rest_route=%2Fwp%2Fv2%2Fproduct_cat&post=8155"},{"taxonomy":"product_tag","embeddable":true,"href":"https:\/\/www.naturclic.com\/index.php?rest_route=%2Fwp%2Fv2%2Fproduct_tag&post=8155"}],"curies":[{"name":"wp","href":"https:\/\/api.w.org\/{rel}","templated":true}]}}