{"id":8216,"date":"2024-09-16T13:37:50","date_gmt":"2024-09-16T11:37:50","guid":{"rendered":"https:\/\/www.naturclic.com\/?post_type=product&#038;p=8216"},"modified":"2024-09-16T13:37:50","modified_gmt":"2024-09-16T11:37:50","slug":"diuretic-burner-fitness-formula-250ml-spai-salut","status":"publish","type":"product","link":"https:\/\/www.naturclic.com\/?product=diuretic-burner-fitness-formula-250ml-spai-salut","title":{"rendered":"Diuretic Burner Fitness formula 250ml Spai Salut"},"content":{"rendered":"<p>INGREDIENTES:<\/p>\n<p>Agua desmineralizada, Cola de caballo E.F, Abedul E.F, Rompepie-dras E.F, Ortosif\u00f3n E.F, Vellosilla E.F, acidulante (\u00e1cido c\u00edtrico), colorante (caramelina l\u00edquida), conservador (benzoato s\u00f3dico), Fucus E.s, conservador (sorbato pot\u00e1sico), Vitamina C, Vitamina E acetato, Vitamina BI, Vitamina B2 y Vitamina B6<\/p>\n<p>MODO DE EMPLEO:<\/p>\n<p>Diluir de 20 a 30 ml en 1,5 litros de agua y beberlo durante todo el dia.<br \/>\nIdeal para acompa\u00f1ar a dietas de control de peso.<\/p>\n<p>CONTENIDO:<\/p>\n<p>250 mi.<\/p>\n","protected":false},"excerpt":{"rendered":"<p>INGREDIENTES:<\/p>\n<p>Agua desmineralizada, Cola de caballo E.F, Abedul E.F, Rompepie-dras E.F, Ortosif\u00f3n E.F, Vellosilla E.F, acidulante (\u00e1cido c\u00edtrico), colorante (caramelina l\u00edquida), conservador (benzoato s\u00f3dico), Fucus E.s, conservador (sorbato pot\u00e1sico), Vitamina C, Vitamina E acetato, Vitamina BI, Vitamina B2 y Vitamina B6<\/p>\n<p>MODO DE EMPLEO:<\/p>\n<p>Diluir de 20 a 30 ml en 1,5 litros de agua y beberlo durante todo el dia.<br \/>\nIdeal para acompa\u00f1ar a dietas de control de peso.<\/p>\n<p>CONTENIDO:<\/p>\n<p>250 mi.<\/p>\n","protected":false},"featured_media":8217,"comment_status":"open","ping_status":"closed","template":"","meta":{"_joinchat":[]},"product_brand":[],"product_cat":[126],"product_tag":[],"class_list":{"0":"post-8216","1":"product","2":"type-product","3":"status-publish","4":"has-post-thumbnail","6":"product_cat-suplementos-naturales","8":"first","9":"instock","10":"taxable","11":"shipping-taxable","12":"purchasable","13":"product-type-simple"},"_links":{"self":[{"href":"https:\/\/www.naturclic.com\/index.php?rest_route=\/wp\/v2\/product\/8216","targetHints":{"allow":["GET"]}}],"collection":[{"href":"https:\/\/www.naturclic.com\/index.php?rest_route=\/wp\/v2\/product"}],"about":[{"href":"https:\/\/www.naturclic.com\/index.php?rest_route=\/wp\/v2\/types\/product"}],"replies":[{"embeddable":true,"href":"https:\/\/www.naturclic.com\/index.php?rest_route=%2Fwp%2Fv2%2Fcomments&post=8216"}],"wp:featuredmedia":[{"embeddable":true,"href":"https:\/\/www.naturclic.com\/index.php?rest_route=\/wp\/v2\/media\/8217"}],"wp:attachment":[{"href":"https:\/\/www.naturclic.com\/index.php?rest_route=%2Fwp%2Fv2%2Fmedia&parent=8216"}],"wp:term":[{"taxonomy":"product_brand","embeddable":true,"href":"https:\/\/www.naturclic.com\/index.php?rest_route=%2Fwp%2Fv2%2Fproduct_brand&post=8216"},{"taxonomy":"product_cat","embeddable":true,"href":"https:\/\/www.naturclic.com\/index.php?rest_route=%2Fwp%2Fv2%2Fproduct_cat&post=8216"},{"taxonomy":"product_tag","embeddable":true,"href":"https:\/\/www.naturclic.com\/index.php?rest_route=%2Fwp%2Fv2%2Fproduct_tag&post=8216"}],"curies":[{"name":"wp","href":"https:\/\/api.w.org\/{rel}","templated":true}]}}