{"id":8250,"date":"2024-09-23T13:17:48","date_gmt":"2024-09-23T11:17:48","guid":{"rendered":"https:\/\/www.naturclic.com\/?post_type=product&#038;p=8250"},"modified":"2025-11-19T22:40:39","modified_gmt":"2025-11-19T21:40:39","slug":"bronch-throat-healthy-attack-prevention-250-ml-spai-salut","status":"publish","type":"product","link":"https:\/\/www.naturclic.com\/?product=bronch-throat-healthy-attack-prevention-250-ml-spai-salut","title":{"rendered":"Bronch &amp; Throat Healthy Attack &amp; Prevention 250 ml Spai Salut"},"content":{"rendered":"<p>INGREDIENTES POR DOSIS DIARIA<\/p>\n<p>(20 ml): Agua desmineralizada csp 20 ml, Fructosa, Vitamina C 80 mg (IOO%VRN), Llant\u00e9n e.s. 66 mg, B\u00e1lsamo Tol\u00fa 32 mg, Pine Bark e.s. 24 mg, Malvavisco e.s. 24 mg, Drosera e.s. 24 mg, Tomillo e.s. 24 mg, Sa\u00faco e.s. 24 mg, Eucalipto e.s. 24 mg, Desmodium e.s. 20 mg, aroma pectoral, conservante (antifermento) y Pr\u00f3polis e.s. 12 mg.<\/p>\n<p>&nbsp;<\/p>\n<p>MODO DE EMPLEO:<\/p>\n<p>Tomar de 10 a 20 ml, despu\u00e9s de las comidas. Agitar antes de usar.<br \/>\nUna vez abierto cons\u00e9rvese en el frigor\u00edfico.<\/p>\n<p>CONTENIDO: 250 mi.<\/p>\n","protected":false},"excerpt":{"rendered":"<p>INGREDIENTES POR DOSIS DIARIA<\/p>\n<p>(20 ml): Agua desmineralizada csp 20 ml, Fructosa, Vitamina C 80 mg (IOO%VRN), Llant\u00e9n e.s. 66 mg, B\u00e1lsamo Tol\u00fa 32 mg, Pine Bark e.s. 24 mg, Malvavisco e.s. 24 mg, Drosera e.s. 24 mg, Tomillo e.s. 24 mg, Sa\u00faco e.s. 24 mg, Eucalipto e.s. 24 mg, Desmodium e.s. 20 mg, aroma pectoral, conservante (antifermento) y Pr\u00f3polis e.s. 12 mg.<\/p>\n<p>&nbsp;<\/p>\n<p>MODO DE EMPLEO:<\/p>\n<p>Tomar de 10 a 20 ml, despu\u00e9s de las comidas. Agitar antes de usar.<br \/>\nUna vez abierto cons\u00e9rvese en el frigor\u00edfico.<\/p>\n<p>CONTENIDO: 250 mi.<\/p>\n","protected":false},"featured_media":8251,"comment_status":"open","ping_status":"closed","template":"","meta":{"_joinchat":[]},"product_brand":[],"product_cat":[126],"product_tag":[],"class_list":{"0":"post-8250","1":"product","2":"type-product","3":"status-publish","4":"has-post-thumbnail","6":"product_cat-suplementos-naturales","8":"first","9":"instock","10":"taxable","11":"shipping-taxable","12":"product-type-simple"},"_links":{"self":[{"href":"https:\/\/www.naturclic.com\/index.php?rest_route=\/wp\/v2\/product\/8250","targetHints":{"allow":["GET"]}}],"collection":[{"href":"https:\/\/www.naturclic.com\/index.php?rest_route=\/wp\/v2\/product"}],"about":[{"href":"https:\/\/www.naturclic.com\/index.php?rest_route=\/wp\/v2\/types\/product"}],"replies":[{"embeddable":true,"href":"https:\/\/www.naturclic.com\/index.php?rest_route=%2Fwp%2Fv2%2Fcomments&post=8250"}],"wp:featuredmedia":[{"embeddable":true,"href":"https:\/\/www.naturclic.com\/index.php?rest_route=\/wp\/v2\/media\/8251"}],"wp:attachment":[{"href":"https:\/\/www.naturclic.com\/index.php?rest_route=%2Fwp%2Fv2%2Fmedia&parent=8250"}],"wp:term":[{"taxonomy":"product_brand","embeddable":true,"href":"https:\/\/www.naturclic.com\/index.php?rest_route=%2Fwp%2Fv2%2Fproduct_brand&post=8250"},{"taxonomy":"product_cat","embeddable":true,"href":"https:\/\/www.naturclic.com\/index.php?rest_route=%2Fwp%2Fv2%2Fproduct_cat&post=8250"},{"taxonomy":"product_tag","embeddable":true,"href":"https:\/\/www.naturclic.com\/index.php?rest_route=%2Fwp%2Fv2%2Fproduct_tag&post=8250"}],"curies":[{"name":"wp","href":"https:\/\/api.w.org\/{rel}","templated":true}]}}